{"id":23681,"date":"2026-03-18T11:20:13","date_gmt":"2026-03-18T11:20:13","guid":{"rendered":"https:\/\/soydeaqui.ddns.net\/pachuca\/index.php\/producto\/junta-de-transmision-de-motor-axo\/"},"modified":"2026-03-18T11:20:14","modified_gmt":"2026-03-18T11:20:14","slug":"junta-de-transmision-de-motor-axo","status":"publish","type":"product","link":"https:\/\/soydeaqui.ddns.net\/pachuca\/index.php\/producto\/junta-de-transmision-de-motor-axo\/","title":{"rendered":"JUNTA DE TRANSMISION DE MOTOR AXO"},"content":{"rendered":"<div style='width: 100%; max-width: 1200px; margin: 0 auto; font-family: sans-serif; line-height: 1.6; color: inherit; background-color: transparent;'>\n<div style='display: flex; flex-wrap: wrap; gap: 30px; margin-bottom: 30px;'>\n<div style='flex: 1 1 300px; min-width: 280px;'>\n<h3 style='font-size: 22px; border-bottom: 2px solid currentColor; padding-bottom: 5px; margin-top: 0; color: inherit; opacity: 0.8;'>Caracter\u00edsticas principales<\/h3>\n<ul style='padding-left: 20px; font-size: 15px; color: inherit;'>\n<li style='margin-bottom: 5px;'>C\u00f3digo de referencia: <strong>880010152<\/strong><\/li>\n<li style='margin-bottom: 5px;'>Descripci\u00f3n: <strong>GIUNTO TRASMISSIONE MOTORE SERIE AXO<\/strong><\/li>\n<li style='margin-bottom: 5px;'>Serie: <strong>AXO<\/strong><\/li>\n<\/ul><\/div>\n<div style='flex: 1 1 300px; min-width: 280px;'>\n<h3 style='font-size: 22px; border-bottom: 2px solid currentColor; padding-bottom: 5px; margin-top: 0; color: inherit; opacity: 0.8;'>Compatibilidad<\/h3>\n<ul style='padding-left: 20px; font-size: 15px; color: inherit;'>\n<li style='margin-bottom: 5px;'>Motor: <strong>AXO 24V<\/strong><\/li>\n<li style='margin-bottom: 5px;'>Serie compatible: <strong>AXO 3\/4<\/strong><\/li>\n<\/ul><\/div>\n<\/p><\/div>\n<div style='display: flex; flex-wrap: wrap; gap: 20px; margin-bottom: 30px;'>\n<div style='flex: 1 1 250px; border: 1px solid rgba(150&comma; 150&comma; 150&comma; 0.4); border-radius: 8px; overflow: hidden; display: flex; flex-direction: column;'>\n<div style='padding: 15px; border-bottom: 1px solid rgba(150&comma; 150&comma; 150&comma; 0.2); font-weight: bold; font-size: 18px; color: inherit;'>Componentes incluidos<\/div>\n<div style='padding: 15px; color: inherit;'>\n<ul style='padding-left: 20px; margin: 0; font-size: 14px; list-style-type: disc;'>\n<li style='margin-bottom: 5px;'>GRUPPO RIDUZIONE SERIE AXO 3\/4<\/li>\n<li style='margin-bottom: 5px;'>BOCCOLA MADREVITE+STAFFA SERIE AXO 3\/4<\/li>\n<li style='margin-bottom: 5px;'>GRUPPO STELI INF.\/SUP. SERIE AXO 3\/4<\/li>\n<li style='margin-bottom: 5px;'>SCATOLA ACCESSORI serie AXO 3\/4<\/li>\n<\/ul><\/div>\n<\/p><\/div>\n<div style='flex: 1 1 250px; border: 1px solid rgba(150&comma; 150&comma; 150&comma; 0.4); border-radius: 8px; overflow: hidden; display: flex; flex-direction: column;'>\n<div style='padding: 15px; border-bottom: 1px solid rgba(150&comma; 150&comma; 150&comma; 0.2); font-weight: bold; font-size: 18px; color: inherit;'>Componentes del motor<\/div>\n<div style='padding: 15px; color: inherit;'>\n<ul style='padding-left: 20px; margin: 0; font-size: 14px; list-style-type: disc;'>\n<li style='margin-bottom: 5px;'>GRUPPO MOTORE+FRENO SERIE AXO 24V<\/li>\n<li style='margin-bottom: 5px;'>ELECTROBRAKE AXO 24V<\/li>\n<li style='margin-bottom: 5px;'>ENCODER PC BOARD WITH COATING<\/li>\n<\/ul><\/div>\n<\/p><\/div>\n<div style='flex: 1 1 250px; border: 1px solid rgba(150&comma; 150&comma; 150&comma; 0.4); border-radius: 8px; overflow: hidden; display: flex; flex-direction: column;'>\n<div style='padding: 15px; border-bottom: 1px solid rgba(150&comma; 150&comma; 150&comma; 0.2); font-weight: bold; font-size: 18px; color: inherit;'>Componentes adicionales<\/div>\n<div style='padding: 15px; color: inherit;'>\n<ul style='padding-left: 20px; margin: 0; font-size: 14px; list-style-type: disc;'>\n<li style='margin-bottom: 5px;'>BACK JOINT &#8211; ATI AXO KRONO<\/li>\n<li style='margin-bottom: 5px;'>LOCK CYLINDER &#8211; A180 AXO<\/li>\n<li style='margin-bottom: 5px;'>MECHANICAL STOPS &#8211; AMICO AXO<\/li>\n<li style='margin-bottom: 5px;'>PACKAGE OF 10 TRIANGULAR KEYS<\/li>\n<li style='margin-bottom: 5px;'>GRUPPO GUSCI INF.\/SUP. SERIE AXO<\/li>\n<\/ul><\/div>\n<\/p><\/div>\n<\/p><\/div>\n<div style='margin-bottom: 30px;'>\n<h3 style='font-size: 22px; border-bottom: 2px solid currentColor; padding-bottom: 5px; margin-top: 0; margin-bottom: 15px; color: inherit; opacity: 0.8;'>Informaci\u00f3n t\u00e9cnica<\/h3>\n<p style='font-size: 14px; color: inherit; margin-bottom: 15px;'>Este componente forma parte del grupo de transmisi\u00f3n del motor AXO&comma; dise\u00f1ado para sistemas de automatizaci\u00f3n de puertas y portones. La junta de transmisi\u00f3n permite la conexi\u00f3n mec\u00e1nica entre el motor y el sistema de engranajes&comma; asegurando una transmisi\u00f3n eficiente de la fuerza motriz.<\/p>\n<p style='font-size: 14px; color: inherit; margin-bottom: 15px;'>La serie AXO est\u00e1 dise\u00f1ada para operar a 24V&comma; ofreciendo una soluci\u00f3n compacta y eficiente para instalaciones residenciales y comerciales de mediana demanda.<\/p>\n<\/p><\/div>\n<hr style='border: 0; border-top: 1px solid rgba(150&comma; 150&comma; 150&comma; 0.3); margin: 30px 0;'>\n<div style='margin-bottom: 30px;'>\n<h3 style='font-size: 22px; border-bottom: 2px solid currentColor; padding-bottom: 5px; margin-top: 0; margin-bottom: 15px; color: inherit; opacity: 0.8;'>Aviso legal<\/h3>\n<p style='font-size: 14px; color: inherit; margin-bottom: 15px;'>Los resultados obtenidos por este sistema de simulaci\u00f3n son solo para su referencia y no representan de ninguna manera un compromiso de oferta o venta por parte de CAME S.p.A y\/o CAME UK. El propietario del contenido es CAME S.p.A&comma; a menos que se indique lo contrario&comma; y el contenido est\u00e1 protegido por derechos de autor y cubierto por la legislaci\u00f3n sobre propiedad industrial. El usuario no tiene ninguna licencia o derecho para usarlo y&comma; por lo tanto&comma; no puede registrar el contenido&comma; en todo o en parte&comma; en cualquier tipo de medio&comma; ni copiarlo&comma; publicarlo&comma; retransmitirlo o utilizarlo con fines comerciales sin el permiso previo por escrito de CAME S.p.A. No obstante&comma; es posible hacer una copia para uso personal solamente. En cualquier caso&comma; CAME S.p.A. y CAME UK no asumen y rechazan expresamente cualquier responsabilidad por cualquier error&comma; inexactitud&comma; omisi\u00f3n y deficiencia encontrada en el contenido.<\/p>\n<\/p><\/div>\n<\/p><\/div>\n","protected":false},"excerpt":{"rendered":"<p>JUNTA DE TRANSMISION DE MOTOR AXO<\/p>\n","protected":false},"featured_media":32,"comment_status":"open","ping_status":"closed","template":"","meta":[],"product_brand":[],"product_cat":[750],"product_tag":[401,779,751],"class_list":{"0":"post-23681","1":"product","2":"type-product","3":"status-publish","4":"has-post-thumbnail","6":"product_cat-refacciones","7":"product_tag-acceso-vehicular","8":"product_tag-came","9":"product_tag-refacciones","11":"first","12":"outofstock","13":"sale","14":"shipping-taxable","15":"purchasable","16":"product-type-simple"},"_links":{"self":[{"href":"https:\/\/soydeaqui.ddns.net\/pachuca\/index.php\/wp-json\/wp\/v2\/product\/23681","targetHints":{"allow":["GET"]}}],"collection":[{"href":"https:\/\/soydeaqui.ddns.net\/pachuca\/index.php\/wp-json\/wp\/v2\/product"}],"about":[{"href":"https:\/\/soydeaqui.ddns.net\/pachuca\/index.php\/wp-json\/wp\/v2\/types\/product"}],"replies":[{"embeddable":true,"href":"https:\/\/soydeaqui.ddns.net\/pachuca\/index.php\/wp-json\/wp\/v2\/comments?post=23681"}],"wp:featuredmedia":[{"embeddable":true,"href":"https:\/\/soydeaqui.ddns.net\/pachuca\/index.php\/wp-json\/wp\/v2\/media\/32"}],"wp:attachment":[{"href":"https:\/\/soydeaqui.ddns.net\/pachuca\/index.php\/wp-json\/wp\/v2\/media?parent=23681"}],"wp:term":[{"taxonomy":"product_brand","embeddable":true,"href":"https:\/\/soydeaqui.ddns.net\/pachuca\/index.php\/wp-json\/wp\/v2\/product_brand?post=23681"},{"taxonomy":"product_cat","embeddable":true,"href":"https:\/\/soydeaqui.ddns.net\/pachuca\/index.php\/wp-json\/wp\/v2\/product_cat?post=23681"},{"taxonomy":"product_tag","embeddable":true,"href":"https:\/\/soydeaqui.ddns.net\/pachuca\/index.php\/wp-json\/wp\/v2\/product_tag?post=23681"}],"curies":[{"name":"wp","href":"https:\/\/api.w.org\/{rel}","templated":true}]}}