{"id":23541,"date":"2026-03-18T11:17:44","date_gmt":"2026-03-18T11:17:44","guid":{"rendered":"https:\/\/soydeaqui.ddns.net\/pachuca\/index.php\/producto\/impresora-doble-cara-dtc5500lmx\/"},"modified":"2026-03-18T11:17:45","modified_gmt":"2026-03-18T11:17:45","slug":"impresora-doble-cara-dtc5500lmx","status":"publish","type":"product","link":"https:\/\/soydeaqui.ddns.net\/pachuca\/index.php\/producto\/impresora-doble-cara-dtc5500lmx\/","title":{"rendered":"Impresora Doble Cara \/ DTC5500LMX"},"content":{"rendered":"<div style='width: 100%; max-width: 1200px; margin: 0 auto; font-family: sans-serif; line-height: 1.6; color: inherit; background-color: transparent;'>\n<div style='display: flex; flex-wrap: wrap; gap: 30px; margin-bottom: 30px;'>\n<div style='flex: 1 1 300px; min-width: 280px;'>\n<h3 style='font-size: 22px; border-bottom: 2px solid currentColor; padding-bottom: 5px; margin-top: 0; color: inherit; opacity: 0.8;'>Cualidades destacables<\/h3>\n<ul style='padding-left: 20px; font-size: 15px; color: inherit;'>\n<li style='margin-bottom: 5px; margin-top: 10px;'>Rendimiento confiable y de alto volumen \u2013 Fabricada para organizaciones que requieren impresi\u00f3n y laminado robustos de alto volumen todos los d\u00edas&comma; permitiendo a los usuarios imprimir y manejar grandes vol\u00famenes de m\u00faltiples tipos de tarjetas a la vez.<\/li>\n<li style='margin-bottom: 5px;'>Laminado de bajo costo sin desperdicios \u2013 Tecnolog\u00eda de laminado innovadora que permite ahorrar hasta 50% en consumibles&comma; reduciendo el costo total de propiedad.<\/li>\n<li style='margin-bottom: 5px;'>La velocidad de laminado m\u00e1s r\u00e1pida \u2013 La impresora \/ laminadora alcanzan su temperatura \u00f3ptima y est\u00e1n listas para iniciar el laminado en solo 45 segundos&comma; ahorrando a los usuarios tiempo en grandes proyectos de laminado.<\/li>\n<li style='margin-bottom: 5px;'>Resistente&comma; robusta&comma; durable \u2013 La soluci\u00f3n de impresi\u00f3n y laminado todo en uno puede soportar los ambientes m\u00e1s dif\u00edciles&comma; ofreciendo la mayor protecci\u00f3n de tarjetas de la industria.<\/li>\n<\/ul><\/div>\n<\/p><\/div>\n<div style='display: flex; flex-wrap: wrap; gap: 30px; margin-bottom: 30px;'>\n<div style='flex: 1 1 250px; border: 1px solid rgba(150&comma; 150&comma; 150&comma; 0.4); border-radius: 8px; overflow: hidden; display: flex; flex-direction: column;'>\n<div style='padding: 15px; border-bottom: 1px solid rgba(150&comma; 150&comma; 150&comma; 0.2); font-weight: bold; font-size: 18px; color: inherit;'>Caracter\u00edsticas<\/div>\n<div style='padding: 15px; color: inherit;'>\n<ul style='padding-left: 20px; margin: 0; font-size: 14px; list-style-type: disc;'>\n<li style='margin-bottom: 5px;'><strong>M\u00e9todo de impresi\u00f3n:<\/strong> Sublimaci\u00f3n de tinta y transferencia t\u00e9rmica de resina.<\/li>\n<li style='margin-bottom: 5px;'><strong>Resoluci\u00f3n:<\/strong> Tono continuo de 300 dpi (11&comma;8 puntos\/mm)<\/li>\n<li style='margin-bottom: 5px;'><strong>Colores:<\/strong> Hasta 16.7 millones \/ 256 tonos por p\u00edxel<\/li>\n<li style='margin-bottom: 5px;'><strong>Opciones de cinta de impresi\u00f3n y laminado:<\/strong> Amplia gama de cintas de impresi\u00f3n ecol\u00f3gicas de K a YMCKOKO. HID pone a su disposici\u00f3n todas las opciones de parches de laminado desde sobrelaminados de tarjetas con cobertura completa y sobrelaminados de poli\u00e9ster de medio panel hasta sobrelaminados hologr\u00e1ficos totalmente personalizados listos para usar.<\/li>\n<li style='margin-bottom: 5px;'><strong>Velocidad de impresi\u00f3n:<\/strong> 6 segundos por tarjeta (K*); 16 segundos por tarjeta (YMCKO*); 24 segundos por tarjeta (YMCKOK*)<\/li>\n<li style='margin-bottom: 5px;'><strong>Tama\u00f1os de tarjeta est\u00e1ndar aceptados:<\/strong> CR-80 (3.375&#8242; largo x 2.125&#8242; ancho \/ 85.6 mm largo x 54 mm ancho)<\/li>\n<li style='margin-bottom: 5px;'><strong>\u00c1rea de impresi\u00f3n:<\/strong> CR-80 edge-to-edge (de extremo a extremo) (3&comma;370&#8242; largo x 2.125&#8242; ancho \/ 85&comma;6 mm largo x 54 mm ancho)<\/li>\n<li style='margin-bottom: 5px;'><strong>Grosores de tarjeta aceptados:<\/strong> Impresi\u00f3n \/ laminado: .030&#8242; (30 mil) &#8211; .040&#8242; (40 mil) \/ .762 mm &#8211; 1.02 mm<\/li>\n<li style='margin-bottom: 5px;'><strong>Tipos de tarjeta aceptados:<\/strong> PVC&comma; PET o compuesto con acabado de PVC pulido; se requiere resina monocrom\u00e1tica para las tarjetas 100% poli\u00e9ster; tarjetas de memoria \u00f3ptica con acabado de PVC; reescritura<\/li>\n<li style='margin-bottom: 5px;'><strong>Capacidad de tarjetas de la bandeja de entrada:<\/strong> Bandeja para tarjetas de entrada doble (200 tarjetas)<\/li>\n<li style='margin-bottom: 5px;'><strong>Capacidad de tarjetas de la bandeja de salida:<\/strong> Hasta 100 tarjetas (.030&#8242; \/ .762 mm)<\/li>\n<li style='margin-bottom: 5px;'><strong>Memoria:<\/strong> 128 MB de RAM<\/li>\n<li style='margin-bottom: 5px;'><strong>Controladores de software Windows\u00ae:<\/strong> 7&comma; 8 y 10 (32 bits y 64 bits) \/ Windows Server 2003\/2008\/2012 MAC OS X 10.5\/10.6\/10.7\/10.8\/10.9\/10.10\/10.11 \/ Linux*** (Disponible pronto)<\/li>\n<li style='margin-bottom: 5px;'><strong>Interfaz:<\/strong> USB 2.0 y Ethernet con servidor de impresi\u00f3n interno<\/li>\n<li style='margin-bottom: 5px;'><strong>Temperatura de operaci\u00f3n:<\/strong> 65\u00b0 a 90\u00b0 F \/ 18\u00b0 a 32\u00b0 C<\/li>\n<li style='margin-bottom: 5px;'><strong>Humedad:<\/strong> 20\u201380% sin condensaci\u00f3n<\/li>\n<li style='margin-bottom: 5px;'><strong>Dimensiones Impresora + laminadora:<\/strong> 12.9&#8242; alto x 34.9&#8242; ancho x 9.3&#8242; profundidad \/ 327.7 mm alto x 866.5 mm ancho x 236.2 mm profundidad<\/li>\n<li style='margin-bottom: 5px;'><strong>Peso Impresora + laminadora:<\/strong> 39 libras \/ 17.7 Kg.<\/li>\n<li style='margin-bottom: 5px;'><strong>Listado de agencias Seguridad:<\/strong> UL 60950-2&comma; CSA C22.2 (60950-07)&comma; y CE; EMC: FCC Clase A&comma; CE (EN 55022 Clase A&comma; EN 55024)&comma; CCC&comma; BSMI&comma; KCC<\/li>\n<li style='margin-bottom: 5px;'><strong>Tensi\u00f3n de alimentaci\u00f3n:<\/strong> 120-240 Vca&comma; 50-60 Hz&comma; 1&comma;6 amperios m\u00e1ximo<\/li>\n<li style='margin-bottom: 5px;'><strong>Frecuencia de alimentaci\u00f3n:<\/strong> 50 Hz \/ 60 Hz<\/li>\n<li style='margin-bottom: 5px;'><strong>Garant\u00eda Impresora:<\/strong> tres a\u00f1os; Cabezal de impresi\u00f3n: 3 a\u00f1os&comma; ilimitada con UltraCard\u00ae<\/li>\n<li style='margin-bottom: 5px;'><strong>Compatibilidad:<\/strong> Soporta programaci\u00f3n de credenciales para control de acceso iCLASS\u00ae Std\/SE\/SR\/Seos&comma; MIFARE Classic\u2122&comma; MIFARE DESFire\u00ae EV1&comma; HID Prox<\/li>\n<li style='margin-bottom: 5px;'><strong>Software:<\/strong> Utilitario de diagn\u00f3stico FARGO Workbench\u2122 con igualaci\u00f3n de colores directos Color Assist\u2122<\/li>\n<li style='margin-bottom: 5px;'><strong>Pantalla:<\/strong> Pantalla gr\u00e1fica SmartScreen\u2122 amigable con el usuario<\/li>\n<\/ul><\/div>\n<\/p><\/div>\n<\/p><\/div>\n<hr style='border: 0; border-top: 1px solid rgba(150&comma; 150&comma; 150&comma; 0.3); margin: 30px 0;'> <\/div>\n","protected":false},"excerpt":{"rendered":"<p>Impresora Doble Cara \/ DTC5500LMX<\/p>\n","protected":false},"featured_media":23540,"comment_status":"open","ping_status":"closed","template":"","meta":[],"product_brand":[],"product_cat":[823],"product_tag":[814,812,62],"class_list":{"0":"post-23541","1":"product","2":"type-product","3":"status-publish","4":"has-post-thumbnail","6":"product_cat-todos-identificacion-y-credencializacion","7":"product_tag-hid","8":"product_tag-identificacion-y-credencializacion","9":"product_tag-todos","11":"first","12":"outofstock","13":"sale","14":"shipping-taxable","15":"purchasable","16":"product-type-simple"},"_links":{"self":[{"href":"https:\/\/soydeaqui.ddns.net\/pachuca\/index.php\/wp-json\/wp\/v2\/product\/23541","targetHints":{"allow":["GET"]}}],"collection":[{"href":"https:\/\/soydeaqui.ddns.net\/pachuca\/index.php\/wp-json\/wp\/v2\/product"}],"about":[{"href":"https:\/\/soydeaqui.ddns.net\/pachuca\/index.php\/wp-json\/wp\/v2\/types\/product"}],"replies":[{"embeddable":true,"href":"https:\/\/soydeaqui.ddns.net\/pachuca\/index.php\/wp-json\/wp\/v2\/comments?post=23541"}],"wp:featuredmedia":[{"embeddable":true,"href":"https:\/\/soydeaqui.ddns.net\/pachuca\/index.php\/wp-json\/wp\/v2\/media\/23540"}],"wp:attachment":[{"href":"https:\/\/soydeaqui.ddns.net\/pachuca\/index.php\/wp-json\/wp\/v2\/media?parent=23541"}],"wp:term":[{"taxonomy":"product_brand","embeddable":true,"href":"https:\/\/soydeaqui.ddns.net\/pachuca\/index.php\/wp-json\/wp\/v2\/product_brand?post=23541"},{"taxonomy":"product_cat","embeddable":true,"href":"https:\/\/soydeaqui.ddns.net\/pachuca\/index.php\/wp-json\/wp\/v2\/product_cat?post=23541"},{"taxonomy":"product_tag","embeddable":true,"href":"https:\/\/soydeaqui.ddns.net\/pachuca\/index.php\/wp-json\/wp\/v2\/product_tag?post=23541"}],"curies":[{"name":"wp","href":"https:\/\/api.w.org\/{rel}","templated":true}]}}