{"id":23438,"date":"2026-03-18T11:15:55","date_gmt":"2026-03-18T11:15:55","guid":{"rendered":"https:\/\/soydeaqui.ddns.net\/pachuca\/index.php\/producto\/licencia-de-32-lectoras-para-uso-con-software-axtraxpro\/"},"modified":"2026-03-18T11:15:56","modified_gmt":"2026-03-18T11:15:56","slug":"licencia-de-32-lectoras-para-uso-con-software-axtraxpro","status":"publish","type":"product","link":"https:\/\/soydeaqui.ddns.net\/pachuca\/index.php\/producto\/licencia-de-32-lectoras-para-uso-con-software-axtraxpro\/","title":{"rendered":"Licencia de 32 lectoras  para uso con Software AXTRAXPRO"},"content":{"rendered":"<div style='width: 100%; max-width: 1200px; margin: 0 auto; font-family: sans-serif; line-height: 1.6; color: inherit; background-color: transparent;'>\n<div style='display: flex; flex-wrap: wrap; gap: 30px; margin-bottom: 30px;'>\n<div style='flex: 1 1 300px; min-width: 280px;'>\n<h3 style='font-size: 22px; border-bottom: 2px solid currentColor; padding-bottom: 5px; margin-top: 0; color: inherit; opacity: 0.8;'>Descripci\u00f3n<\/h3>\n<ul style='padding-left: 20px; font-size: 15px; color: inherit;'>\n<li style='margin-bottom: 5px;'>AXTRAX PRO de Rosslare es un sistema completo de gesti\u00f3n de cliente-servidor via WEB-SERVER&comma; que permite la administraci\u00f3n de paneles de Control de Acceso de la familia AC de Rosslare. El software de gesti\u00f3n de AXTRAXPRO es f\u00e1cil de usar&comma; intuitivo&comma; fiable y rico en funcionalidad. Es la plataforma m\u00e1s moderna y desarrollada para integrar m\u00faltiples aplicaciones de seguridad con gran facilidad.<\/li>\n<li style='margin-bottom: 5px;'>WEB-SERVER&comma; Cliente\/Servidor<\/li>\n<\/ul><\/div>\n<\/p><\/div>\n<div style='display: flex; flex-wrap: wrap; gap: 30px; margin-bottom: 30px;'>\n<div style='flex: 1 1 300px; min-width: 280px;'>\n<h3 style='font-size: 22px; border-bottom: 2px solid currentColor; padding-bottom: 5px; margin-top: 0; color: inherit; opacity: 0.8;'>Caracter\u00edsticas<\/h3>\n<ul style='padding-left: 20px; font-size: 15px; color: inherit;'>\n<li style='margin-bottom: 5px;'>Interfaz de cliente web que permite la mayor\u00eda de las funciones para la gesti\u00f3n de los inicios de sesi\u00f3n de los clientes web.<\/li>\n<li style='margin-bottom: 5px;'>Actividades cotidianas sin ninguna limitaci\u00f3n del sistema operativo.<\/li>\n<li style='margin-bottom: 5px;'>No se requiere ninguna instalaci\u00f3n.<\/li>\n<li style='margin-bottom: 5px;'>El cliente web AxTraxPro utiliza la tecnolog\u00eda HTML 5 y puede ser utilizado por casi cualquier navegador.<\/li>\n<\/ul><\/div>\n<\/p><\/div>\n<div style='display: flex; flex-wrap: wrap; gap: 30px; margin-bottom: 30px;'>\n<div style='flex: 1 1 300px; min-width: 280px;'>\n<h3 style='font-size: 22px; border-bottom: 2px solid currentColor; padding-bottom: 5px; margin-top: 0; color: inherit; opacity: 0.8;'>\u00bfPor qu\u00e9 AxTraxPro?<\/h3>\n<\/p><\/div>\n<\/p><\/div>\n<div style='display: flex; flex-wrap: wrap; gap: 30px; margin-bottom: 30px;'>\n<div style='flex: 1 1 300px; min-width: 280px;'> <img style='width: 100%; height: auto; border: 1px solid rgba(150&comma;150&comma;150&comma;0.3); border-radius: 8px;' src='data:image\/png;base64&comma;iVBORw0KGgoAAAANSUhEUgAAA4QAAAB+CAYAAAB8r9\/ZAAAAAXNSR0IArs4c6QAAIABJREFUeF7tnXmcHVWZ989zqpeQFkjiRrqDOzAyiogioqAGEUVEQCUqo2hI36rbCcQVdNGoI6PiDEhIuuvU7RDBd67jMC7oiIogvLiMj4u4aEgiS7oDJHRu33ue93PyVufs27dTp\/t8z\/k8n69OnTpnzj333HPPVd9999137927d28499xzn3D11Vf73\/\/+9+53v\/vd784444z3\/\/KXv3QXX3zxx9797ne\/6z\/\/+c\/3v\/e973330EMP\/f397ne\/+\/03v\/nNf7v88ss7v+8999zT+93vfnf3z3\/+8563v\/3t77322mt7999\/\/z+uu+66D7z4xS9+8JprrvHf\/\/73v3vXu9717m984xv9P\/7xj73f\/OY373\/JS17y4F133dV74IEH3v+Rj3zkn\/\/85z\/971\/96ld3vP3tb3\/H1772tZ7\/\/e9\/73\/7299+96233tr75z\/\/2f36179+96WXXtr717\/+1f3jH\/\/494UXXviQ\/3v33Xf33vWud73761\/\/ev+BBx74z4c+9KGPfOtb33r4\/vvv7\/72t7+97+1vf\/t7rrvuuv4DDzzQ\/853vvO9733ve+968MEHe3\/84x8f8L8\/\/elP3\/\/ud7\/73X\/605+6v\/3tb+9705ve9O6rr766969\/\/av705\/+9L43v\/nN777mmmt6\/\/3vf3u33377+970pje986qrrur9+9\/\/7v785z+\/7y1vecu7v\/3tb\/cfeuih7je\/+c33v+1tb3v397\/\/\/e5f\/\/rXe97ylre8+8orr+z997\/\/7d1yyy3v8\/898MAD3Z\/\/\/OcPvO1tb3v31Vdf3Xv44Yd73\/72t9\/\/tre97d1XX31179FHH+398Ic\/fP9b3vKWd19zzTW9hx9+uHv11Vd\/4K1vfet7rrnmmu6jjz7a+9a3vvX\/t99++733+uuv7z366KO9K6+88gPve9\/73vP973+\/+9hjj3W\/9KUvfeC9733vO7\/73e92H3vssd43v\/nND3zgAx945zXXXNP9z3\/+07v88ss\/8P73v\/+d3\/ve97qPP\/5495JLLvnA+9\/\/\/nd+\/\/vfd5944onuF7\/4xQ+8\/\/3vP+q73\/1u94knnuh+7nOf+8AHPvCBd1577bXe73\/\/+94Xv\/jFD3zgAx9453e+853uE0880f3Upz71gQ9+8IPHfO973+u537\/85S8f+OAHv99zv3\/3u9\/1PvCBD7zzQx\/60LHf\/\/73u08++WT3E5\/4xAfe9773HfW9732v537\/9Kc\/\/cAHP\/jBd37ve9\/rPvHEE91PfOIT7\/\/ABz7wzu9973u9J598svvRj370Ax\/84AeP+d73vtd98sknu3\/6058+8MEPfvAd3\/\/+93tPPfVU96Mf\/egHPvShD73zBz\/4Qe+pp57qfuiDH\/zAhz70oXdef\/31vWeeeab74Q9\/2H8H773++ut7zz77bPfDH\/7wBz784Q8f84Mf\/MD97n74wx9+4MMf\/vA7f\/jDH\/aeffbZ7gUXXPAB9\/uHP\/xh77nnnuv+53\/+5wMf+chH3vWjH\/2o99xzz3U\/\/OEPf+DDH\/7wO3\/84x\/3nvvv\/\/7vD3z0ox99109+8pPe888\/373wwgs\/8NGPfvRdP\/nJT3ovvPBC90Mf+tAH4G984xvfe+utt3b9v3\/84x93fOQjH3nXz372s97LL7\/cveCCCz7w8Y9\/\/F0\/\/elPe6+88kr3Ax\/4wAeOP\/74d91www29V199tXv++ed\/4JhjjnnXz3\/+896rr77aPf\/88z\/w8Y9\/\/F0\/\/elPe6+99lr3vPPO+8Bxxx33rp\/97Ge9119\/vXvuued+4Pjjj3\/Xz3\/+897rr7\/ePffccz\/wiU984l0333xz74033uieddZZH\/jkJz\/5rptvvrl34403ds8666wPfOYzn3nXzTff3Pv973\/ffcc73vGBOI7f9ctf\/rL3xhtvdM8888wPfPazn33Xr371q96NN97Yfetb3\/qBz372s+\/69a9\/3Xv99de7Z5555gdi473f+973em+88Ub3jDPO+ECc895f\/\/rX3htvvNE9\/fTTD5yY895f\/\/rX3htvvNE97bTTPvC5z33uXb\/5zW96b775Zve00077wOc\/\/\/l3\/fKXv+y99dZb3VNPPfUDn\/\/859\/1q1\/9qvf22293Tz755A984Qtf+MDNN9\/c+89\/\/tM96aSTPvCF\/\/zPd9188829d955p3vSSSd94Itf\/OIHbr755t7bb7\/dPfHEEz9w4oknvvO3v\/1t79133+2eeOKJH\/jiF7\/4gV\/96le9d999t3vCCSd84Etf+tIHNm\/e3Hv33Xe7x5944gknnHDCO3\/3u9\/13nvvve4JJ5zwwJe+9KUP3HLLLe73O44\/\/vjjjz\/++N\/85je9999\/v3v88cd\/4Mtf\/vIHN2\/evPv999\/vHn\/88R\/48pe\/\/MH\/\/ve\/3gc+8IET3vve977z9ttv733wwQe944477gNf\/vKXP7h58+Y9H\/zgBye8973vPeb222\/vfeADH5jw3ve+95jvf\/\/7vQ996EMnvO997zvmBz\/4Qe+444474f3vf\/8xP\/jBD3qf+MQnTnC\/v+997zvG\/f7BD37Q+9CHPnTCBz7wgeP+8Ic\/9D784Q+fcMIJJ7zr17\/+de+EE0444YQTTvz1r3\/d+8hHPnLCBz\/4wXf99re\/7X3kIx854YMf\/OA7f\/\/73\/c+8pGPPB7H8Tt+85vfeP7000\/\/wE9+8pPeRz7ykSd833\/84x\/3PvKRjzzhfv\/4xz\/2PvKRjzzhfn\/3u9\/tfeQjH3nC\/f7Wt77V+8hHPvKE+\/31r3+995GPfOQJ9\/urX\/1q7yMf+cgT7veXv\/zl3kc+8pEn3O8vfvGLvY985CNPuN8XXHBB7yMf+cgT7ve5557b+8hHPvKE+\/35z3++95GPfOQJ9\/vss8\/ufeQjH3nC\/T799NN7H\/nIR55wv0855ZTeRz7ykSfc75NPPrn3kY985An3+6STTup95CMfecL9Pv7443sf+chHnnC\/jzvuuN5HPvKRJ9zvY489tveRj3zkCff7qKOO6n3kIx95wv0+8sgjex\/5yEeemPjv44477v8B7V69j46Ojv8AAAAASUVORK5CYII=' alt=''><\/div>\n<\/p><\/div>\n<hr style='border: 0; border-top: 1px solid rgba(150&comma; 150&comma; 150&comma; 0.3); margin: 30px 0;'> <\/div>\n","protected":false},"excerpt":{"rendered":"<p>Licencia de 32 lectoras  para uso con Software AXTRAXPRO<\/p>\n","protected":false},"featured_media":23437,"comment_status":"open","ping_status":"closed","template":"","meta":[],"product_brand":[],"product_cat":[791],"product_tag":[793,563,792],"class_list":{"0":"post-23438","1":"product","2":"type-product","3":"status-publish","4":"has-post-thumbnail","6":"product_cat-control-de-acceso-software-de-asistencia","7":"product_tag-control-de-acceso","8":"product_tag-rosslare-security-products","9":"product_tag-software-de-asistencia","11":"first","12":"outofstock","13":"sale","14":"shipping-taxable","15":"purchasable","16":"product-type-simple"},"_links":{"self":[{"href":"https:\/\/soydeaqui.ddns.net\/pachuca\/index.php\/wp-json\/wp\/v2\/product\/23438","targetHints":{"allow":["GET"]}}],"collection":[{"href":"https:\/\/soydeaqui.ddns.net\/pachuca\/index.php\/wp-json\/wp\/v2\/product"}],"about":[{"href":"https:\/\/soydeaqui.ddns.net\/pachuca\/index.php\/wp-json\/wp\/v2\/types\/product"}],"replies":[{"embeddable":true,"href":"https:\/\/soydeaqui.ddns.net\/pachuca\/index.php\/wp-json\/wp\/v2\/comments?post=23438"}],"wp:featuredmedia":[{"embeddable":true,"href":"https:\/\/soydeaqui.ddns.net\/pachuca\/index.php\/wp-json\/wp\/v2\/media\/23437"}],"wp:attachment":[{"href":"https:\/\/soydeaqui.ddns.net\/pachuca\/index.php\/wp-json\/wp\/v2\/media?parent=23438"}],"wp:term":[{"taxonomy":"product_brand","embeddable":true,"href":"https:\/\/soydeaqui.ddns.net\/pachuca\/index.php\/wp-json\/wp\/v2\/product_brand?post=23438"},{"taxonomy":"product_cat","embeddable":true,"href":"https:\/\/soydeaqui.ddns.net\/pachuca\/index.php\/wp-json\/wp\/v2\/product_cat?post=23438"},{"taxonomy":"product_tag","embeddable":true,"href":"https:\/\/soydeaqui.ddns.net\/pachuca\/index.php\/wp-json\/wp\/v2\/product_tag?post=23438"}],"curies":[{"name":"wp","href":"https:\/\/api.w.org\/{rel}","templated":true}]}}