{"id":23389,"date":"2026-03-18T11:14:58","date_gmt":"2026-03-18T11:14:58","guid":{"rendered":"https:\/\/soydeaqui.ddns.net\/pachuca\/index.php\/producto\/door-holder-magnetico-con-montaje-superficial-33-lbs-uso-interior-sin-magnetismo-residual-3-voltajes-de-operacion\/"},"modified":"2026-03-18T11:14:59","modified_gmt":"2026-03-18T11:14:59","slug":"door-holder-magnetico-con-montaje-superficial-33-lbs-uso-interior-sin-magnetismo-residual-3-voltajes-de-operacion","status":"publish","type":"product","link":"https:\/\/soydeaqui.ddns.net\/pachuca\/index.php\/producto\/door-holder-magnetico-con-montaje-superficial-33-lbs-uso-interior-sin-magnetismo-residual-3-voltajes-de-operacion\/","title":{"rendered":"Door Holder \/ Magn\u00e9tico \/  Con Montaje Superficial \/ 33 LBS \/ Uso Interior \/ Sin Magnetismo Residual \/ 3 Voltajes de Operacion"},"content":{"rendered":"<div style='width: 100%; max-width: 1200px; margin: 0 auto; font-family: sans-serif; line-height: 1.6; color: inherit; background-color: transparent;'>\n<div style='display: flex; flex-wrap: wrap; gap: 30px; margin-bottom: 30px;'>\n<div style='flex: 1 1 300px; min-width: 280px;'>\n<h3 style='font-size: 22px; border-bottom: 2px solid currentColor; padding-bottom: 5px; margin-top: 0; color: inherit; opacity: 0.8;'>Caracter\u00edsticas Principales<\/h3>\n<ul style='padding-left: 20px; font-size: 15px; color: inherit;'>\n<li style='margin-bottom: 5px;'>La placa de armadura ajustable reduce el tiempo de instalaci\u00f3n y se ajusta a los cambios de alineaci\u00f3n de la puerta<\/li>\n<li style='margin-bottom: 5px;'>Fuerza de sujeci\u00f3n: 33 lbs (15 kg)<\/li>\n<li style='margin-bottom: 5px;'>Placa frontal de aluminio fundido<\/li>\n<\/ul><\/div>\n<div style='flex: 1 1 300px; min-width: 280px;'>\n<h3 style='font-size: 22px; border-bottom: 2px solid currentColor; padding-bottom: 5px; margin-top: 0; color: inherit; opacity: 0.8;'>Caracter\u00edsticas F\u00edsicas y El\u00e9ctricas<\/h3>\n<ul style='padding-left: 20px; font-size: 15px; color: inherit;'>\n<li style='margin-bottom: 5px;'>3 voltajes: 12\/24 VAC\/VDC y 120VAC<\/li>\n<li style='margin-bottom: 5px;'>Consumo de corriente: 52mA@12VCA &comma; 60mA@12VCC &comma; 27mA@24VCA &comma; 31mA@24VCC &comma;24mA 120Vca<\/li>\n<li style='margin-bottom: 5px;'>Montaje superficial<\/li>\n<\/ul><\/div>\n<div style='flex: 1 1 300px; min-width: 280px;'>\n<h3 style='font-size: 22px; border-bottom: 2px solid currentColor; padding-bottom: 5px; margin-top: 0; color: inherit; opacity: 0.8;'>Caracter\u00edsticas Destacadas<\/h3>\n<ul style='padding-left: 20px; font-size: 15px; color: inherit;'>\n<li style='margin-bottom: 5px;'>Supresor de picos de voltaje incorporado<\/li>\n<li style='margin-bottom: 5px;'>Sin magnetismo residual<\/li>\n<li style='margin-bottom: 5px;'>Usar con cierrapuertas SECO-LARM<\/li>\n<li style='margin-bottom: 5px;'>Dimensiones: Im\u00e1n 2-3\/4\u2033 x 4-9\/16\u2033 x 3\u2033 (70 x 116&comma;5 x 76 mm)<\/li>\n<li style='margin-bottom: 5px;'>Dimensiones armadura: 2-9\/16\u2033 x 2-9\/16\u2033 x 1-9\/16\u2033 (65 x 65 x 40 mm)<\/li>\n<\/ul><\/div>\n<\/p><\/div>\n<div style='margin-bottom: 30px; text-align: center;'>\n<p style='margin: 10px 0; font-size: 14px; color: inherit;'>Para usar con cierrapuertas para controlar la liberaci\u00f3n y el cierre de puertas residenciales&comma; comerciales y de \u00e1reas p\u00fablicas<\/p>\n<p style='margin: 10px 0; font-size: 14px; color: inherit;'>Barras de extensi\u00f3n opcionales disponibles: 3\/4\u2033&comma; 1\u2033&comma; 4\u2033&comma; 7\u2033 (19 mm&comma; 25 mm&comma; 102 mm&comma; 178 mm)<\/p>\n<p style='margin: 10px 0; font-size: 14px; color: inherit;'>Usar con cierrapuertas SECO-LARM SD-C121-S&comma; SD-C131-SQ&comma; SD-C101-SGQ o SD-C101-SBA<\/p>\n<\/p><\/div>\n<hr style='border: 0; border-top: 1px solid rgba(150&comma; 150&comma; 150&comma; 0.3); margin: 30px 0;'> <\/div>\n","protected":false},"excerpt":{"rendered":"<p>Door Holder \/ Magn\u00e9tico \/  Con Montaje Superficial \/ 33 LBS \/ Uso Interior \/ Sin Magnetismo Residual \/ 3 Voltajes de Operacion<\/p>\n","protected":false},"featured_media":23388,"comment_status":"open","ping_status":"closed","template":"","meta":[],"product_brand":[],"product_cat":[761],"product_tag":[87,762,116],"class_list":{"0":"post-23389","1":"product","2":"type-product","3":"status-publish","4":"has-post-thumbnail","6":"product_cat-chapas-magneticas","7":"product_tag-cerraduras","8":"product_tag-chapas-magneticas","9":"product_tag-enforcer-secolarm","11":"first","12":"outofstock","13":"sale","14":"shipping-taxable","15":"purchasable","16":"product-type-simple"},"_links":{"self":[{"href":"https:\/\/soydeaqui.ddns.net\/pachuca\/index.php\/wp-json\/wp\/v2\/product\/23389","targetHints":{"allow":["GET"]}}],"collection":[{"href":"https:\/\/soydeaqui.ddns.net\/pachuca\/index.php\/wp-json\/wp\/v2\/product"}],"about":[{"href":"https:\/\/soydeaqui.ddns.net\/pachuca\/index.php\/wp-json\/wp\/v2\/types\/product"}],"replies":[{"embeddable":true,"href":"https:\/\/soydeaqui.ddns.net\/pachuca\/index.php\/wp-json\/wp\/v2\/comments?post=23389"}],"wp:featuredmedia":[{"embeddable":true,"href":"https:\/\/soydeaqui.ddns.net\/pachuca\/index.php\/wp-json\/wp\/v2\/media\/23388"}],"wp:attachment":[{"href":"https:\/\/soydeaqui.ddns.net\/pachuca\/index.php\/wp-json\/wp\/v2\/media?parent=23389"}],"wp:term":[{"taxonomy":"product_brand","embeddable":true,"href":"https:\/\/soydeaqui.ddns.net\/pachuca\/index.php\/wp-json\/wp\/v2\/product_brand?post=23389"},{"taxonomy":"product_cat","embeddable":true,"href":"https:\/\/soydeaqui.ddns.net\/pachuca\/index.php\/wp-json\/wp\/v2\/product_cat?post=23389"},{"taxonomy":"product_tag","embeddable":true,"href":"https:\/\/soydeaqui.ddns.net\/pachuca\/index.php\/wp-json\/wp\/v2\/product_tag?post=23389"}],"curies":[{"name":"wp","href":"https:\/\/api.w.org\/{rel}","templated":true}]}}