{"id":23047,"date":"2026-03-18T11:08:45","date_gmt":"2026-03-18T11:08:45","guid":{"rendered":"https:\/\/soydeaqui.ddns.net\/pachuca\/index.php\/producto\/licencia-de-tiempo-y-asistencia-enterprice-para-biostar-x-empleados-ilimitados\/"},"modified":"2026-03-18T11:08:45","modified_gmt":"2026-03-18T11:08:45","slug":"licencia-de-tiempo-y-asistencia-enterprice-para-biostar-x-empleados-ilimitados","status":"publish","type":"product","link":"https:\/\/soydeaqui.ddns.net\/pachuca\/index.php\/producto\/licencia-de-tiempo-y-asistencia-enterprice-para-biostar-x-empleados-ilimitados\/","title":{"rendered":"Licencia de  tiempo y Asistencia Enterprice para BioStar X, Empleados Ilimitados"},"content":{"rendered":"<div style='width: 100%; max-width: 1200px; margin: 0 auto; font-family: sans-serif; line-height: 1.6; color: inherit; background-color: transparent;'> <!-- Secci\u00f3n principal --> <\/p>\n<div style='margin-bottom: 30px;'>\n<h1 style='font-size: 48px; margin: 20px 0 30px; padding: 0; color: inherit; border-bottom: 2px solid rgba(150&comma;150&comma;150&comma;0.3); padding-bottom: 10px;'> <span style='background: linear-gradient(70deg&comma; #00a0e9 0%&comma; #8f71f5 50%&comma; #e62e8b 100%); -webkit-background-clip: text; -webkit-text-fill-color: transparent; background-clip: text;'> BIOSTAR X <\/span> <\/h1>\n<h2 style='font-size: 24px; margin: 15px 0; color: #e62e8b;'> M\u00e1xima Seguridad&comma; sin Complicaciones <\/h2>\n<p style='margin: 15px 0; color: inherit; opacity: 0.8;'> BioStar X es la plataforma de seguridad unificada de Suprema&comma; que cuenta con el mejor acceso biom\u00e9trico de su clase&comma; monitoreo integrado y una infraestructura empresarial dise\u00f1ada para la escalabilidad&comma; garantizar el tiempo de actividad y el cumplimiento. <\/p>\n<\/p><\/div>\n<p> <!-- Secci\u00f3n de caracter\u00edsticas --> <\/p>\n<div style='margin-bottom: 30px;'>\n<h3 style='font-size: 22px; border-bottom: 2px solid currentColor; padding-bottom: 5px; margin-top: 0; color: inherit; opacity: 0.8;'> Control total sobre qui\u00e9n&comma; d\u00f3nde y cu\u00e1ndo <\/h3>\n<p style='margin: 15px 0; color: inherit; opacity: 0.8;'> Desde el vest\u00edbulo hasta la azotea&comma; BioStar X le permite controlar cada punto de acceso con la precisi\u00f3n de un cirujano. Horarios&comma; zonas&comma; alarmas de incendio&comma; pisos&#8230; No solo est\u00e1 gestionando puertas. Est\u00e1 orquestando el movimiento. <\/p>\n<p> <!-- Imagen --> <\/p>\n<div style='margin: 20px 0;'> <img style='width: 100%; height: auto; border: 1px solid rgba(150&comma;150&comma;150&comma;0.3); border-radius: 8px;' src='https:\/\/supremainc.com\/en\/asset\/images\/01_product\/biostarx_sec2_1.webp' alt='BioStar X Estructura de acceso central a escala'> <\/div>\n<p> <!-- Caracter\u00edsticas --> <\/p>\n<div style='display: flex; flex-wrap: wrap; gap: 10px; margin-top: 15px;'> <span style='padding: 4px 16px; background: rgba(255&comma;255&comma;255&comma;0.5); border-radius: 24px; font-size: 0.85em; color: inherit;'> Grupos de acceso <\/span> <span style='padding: 4px 16px; background: rgba(255&comma;255&comma;255&comma;0.5); border-radius: 24px; font-size: 0.85em; color: inherit;'> Acceso de niveles <\/span> <span style='padding: 4px 16px; background: rgba(255&comma;255&comma;255&comma;0.5); border-radius: 24px; font-size: 0.85em; color: inherit;'> Niveles de planta <\/span> <span style='padding: 4px 16px; background: rgba(255&comma;255&comma;255&comma;0.5); border-radius: 24px; font-size: 0.85em; color: inherit;'> Horarios <\/span> <span style='padding: 4px 16px; background: rgba(255&comma;255&comma;255&comma;0.5); border-radius: 24px; font-size: 0.85em; color: inherit;'> Vacaciones <\/span> <span style='padding: 4px 16px; background: rgba(255&comma;255&comma;255&comma;0.5); border-radius: 24px; font-size: 0.85em; color: inherit;'> Plantillas de acceso <\/span> <span style='padding: 4px 16px; background: rgba(255&comma;255&comma;255&comma;0.5); border-radius: 24px; font-size: 0.85em; color: inherit;'> Auditor\u00edas de acceso <\/span> <\/div>\n<\/p><\/div>\n<p> <!-- Zonas inteligentes --> <\/p>\n<div style='margin-bottom: 30px; padding: 20px; border: 1px solid rgba(150&comma;150&comma;150&comma;0.3); border-radius: 8px; background-color: #17172a; color: #ffffff;'>\n<h3 style='font-size: 22px; margin: 0 0 15px; color: inherit;'> Zonas inteligentes avanzadas <\/h3>\n<p style='margin: 0 0 15px; color: inherit; opacity: 0.8;'> Aplique pol\u00edticas de comportamiento&comma; est\u00e1ndares de seguridad y protocolos de emergencia con una potente l\u00f3gica de zonas. <\/p>\n<p> <!-- Caracter\u00edsticas de zonas --> <\/p>\n<div style='display: flex; flex-wrap: wrap; gap: 10px;'> <span style='padding: 4px 16px; background: rgba(255&comma;255&comma;255&comma;0.5); border-radius: 24px; font-size: 0.85em; color: inherit;'> Anti-retornos <\/span> <span style='padding: 4px 16px; background: rgba(255&comma;255&comma;255&comma;0.5); border-radius: 24px; font-size: 0.85em; color: inherit;'> Enclavamiento <\/span> <span style='padding: 4px 16px; background: rgba(255&comma;255&comma;255&comma;0.5); border-radius: 24px; font-size: 0.85em; color: inherit;'> Programaci\u00f3n de bloqueo y desbloqueo <\/span> <span style='padding: 4px 16px; background: rgba(255&comma;255&comma;255&comma;0.5); border-radius: 24px; font-size: 0.85em; color: inherit;'> Ocupaci\u00f3n <\/span> <span style='padding: 4px 16px; background: rgba(255&comma;255&comma;255&comma;0.5); border-radius: 24px; font-size: 0.85em; color: inherit;'> Punto de encuentro <\/span> <span style='padding: 4px 16px; background: rgba(255&comma;255&comma;255&comma;0.5); border-radius: 24px; font-size: 0.85em; color: inherit;'> Alarma de intrusi\u00f3n <\/span> <\/div>\n<\/p><\/div>\n<p> <!-- Gesti\u00f3n de emergencias --> <\/p>\n<div style='margin-bottom: 30px; padding: 20px; border: 1px solid rgba(150&comma;150&comma;150&comma;0.3); border-radius: 8px; background-color: #44447d; color: #ffffff;'>\n<h3 style='font-size: 22px; margin: 0 0 15px; color: inherit;'> Gesti\u00f3n de emergencias <\/h3>\n<p style='margin: 0 0 15px; color: inherit; opacity: 0.8;'> Cuando cada segundo cuenta&comma; BioStar X facilita una respuesta r\u00e1pida con automatizaci\u00f3n incorporada. <\/p>\n<p> <!-- Caracter\u00edsticas de emergencia --> <\/p>\n<div style='display: flex; flex-wrap: wrap; gap: 10px;'> <span style='padding: 4px 16px; background: rgba(255&comma;255&comma;255&comma;0.5); border-radius: 24px; font-size: 0.85em; color: inherit;'> Bloqueo de emergencia con un clic <\/span> <span style='padding: 4px 16px; background: rgba(255&comma;255&comma;255&comma;0.5); border-radius: 24px; font-size: 0.85em; color: inherit;'> Reglas de desbloqueo de emergencia <\/span> <span style='padding: 4px 16px; background: rgba(255&comma;255&comma;255&comma;0.5); border-radius: 24px; font-size: 0.85em; color: inherit;'> Herramientas de anulaci\u00f3n de acceso <\/span> <span style='padding: 4px 16px; background: rgba(255&comma;255&comma;255&comma;0.5); border-radius: 24px; font-size: 0.85em; color: inherit;'> Alarmas de incendio <\/span> <\/div>\n<\/p><\/div>\n<p> <!-- Seguridad y estabilidad --> <\/p>\n<div style='margin-bottom: 30px;'>\n<h3 style='font-size: 20px; color: #666; margin: 0 0 10px;'> SEGURIDAD Y ESTABILIDAD DEL SISTEMA <\/h3>\n<h2 style='font-size: 36px; margin: 10px 0 20px; color: inherit;'> Seguridad s\u00f3lida como una roca&comma; dise\u00f1ada para <span style='background: linear-gradient(70deg&comma; #00a0e9 0%&comma; #8f71f5 50%&comma; #e62e8b 100%); -webkit-background-clip: text; -webkit-text-fill-color: transparent; background-clip: text;'> empresas. <\/span> <\/h2>\n<p style='margin: 0 0 20px; color: inherit; opacity: 0.8;'> Con cifrado AES-256&comma; permisos basados en roles y m\u00e1s de 50 disparadores de eventos de seguridad&comma; BioStar X garantiza una seguridad estricta de principio a fin. Construido para el mundo real&comma; donde la seguridad de la mente y el cumplimiento son innegociables. <\/p>\n<\/p><\/div>\n<p> <!-- Tabla de planes --> <\/p>\n<div style='margin-bottom: 30px;'>\n<h3 style='font-size: 22px; margin: 0 0 20px; color: inherit;'> Elija su plan <\/h3>\n<p> <!-- Tabla responsiva --> <\/p>\n<div style='overflow-x: auto;'>\n<table style='width: 100%; border-collapse: collapse; color: inherit;'>\n<thead>\n<tr style='background-color: #f5f5f7;'>\n<th style='padding: 16px; text-align: left; border-bottom: 2px solid #e3e3ec; font-weight: 600; min-width: 150px;'> Caracter\u00edstica <\/th>\n<th style='padding: 16px; text-align: left; border-bottom: 2px solid #e3e3ec; font-weight: 600; min-width: 120px;'> BIOSTARXSTR <\/th>\n<th style='padding: 16px; text-align: left; border-bottom: 2px solid #e3e3ec; font-weight: 600; min-width: 120px;'> BIOSTARXESS <\/th>\n<th style='padding: 16px; text-align: left; border-bottom: 2px solid #e3e3ec; font-weight: 600; min-width: 120px;'> BIOSTARXADV <\/th>\n<th style='padding: 16px; text-align: left; border-bottom: 2px solid #e3e3ec; font-weight: 600; min-width: 120px; background-color: #f5f5f7;'> BIOSTARXENT <\/th>\n<\/tr>\n<\/thead>\n<tbody>\n<tr>\n<td style='padding: 16px; border-bottom: 1px solid #e3e3ec; font-weight: 500;'> M\u00e1x. puertas <\/td>\n<td style='padding: 16px; border-bottom: 1px solid #e3e3ec;'> 5 <\/td>\n<td style='padding: 16px; border-bottom: 1px solid #e3e3ec;'> 32 <\/td>\n<td style='padding: 16px; border-bottom: 1px solid #e3e3ec;'> 128 <\/td>\n<td style='padding: 16px; border-bottom: 1px solid #e3e3ec; background-color: #f5f5f7;'> 500 <\/td>\n<\/tr>\n<tr>\n<td style='padding: 16px; border-bottom: 1px solid #e3e3ec; font-weight: 500;'> M\u00e1x. usuarios <\/td>\n<td style='padding: 16px; border-bottom: 1px solid #e3e3ec;'> 100 <\/td>\n<td style='padding: 16px; border-bottom: 1px solid #e3e3ec;'> 1&comma;000 <\/td>\n<td style='padding: 16px; border-bottom: 1px solid #e3e3ec;'> 50&comma;000 <\/td>\n<td style='padding: 16px; border-bottom: 1px solid #e3e3ec; background-color: #f5f5f7;'> 100&comma;000 <\/td>\n<\/tr>\n<tr>\n<td style='padding: 16px; border-bottom: 1px solid #e3e3ec; font-weight: 500;'> M\u00e1x. operadores <\/td>\n<td style='padding: 16px; border-bottom: 1px solid #e3e3ec;'> 1 <\/td>\n<td style='padding: 16px; border-bottom: 1px solid #e3e3ec;'> 10 <\/td>\n<td style='padding: 16px; border-bottom: 1px solid #e3e3ec;'> 20 <\/td>\n<td style='padding: 16px; border-bottom: 1px solid #e3e3ec; background-color: #f5f5f7;'> 40 <\/td>\n<\/tr>\n<tr>\n<td style='padding: 16px; border-bottom: 1px solid #e3e3ec; font-weight: 500;'> Actualizaciones<span style='color: #e62e8b;'>*<\/span> <\/td>\n<td style='padding: 16px; border-bottom: 1px solid #e3e3ec;'> <\/td>\n<td style='padding: 16px; border-bottom: 1px solid #e3e3ec;'> <span style='font-family: 'Material Icons'; color: #00bb5d;'>check<\/span> <\/td>\n<td style='padding: 16px; border-bottom: 1px solid #e3e3ec;'> <span style='font-family: 'Material Icons'; color: #00bb5d;'>check<\/span> <\/td>\n<td style='padding: 16px; border-bottom: 1px solid #e3e3ec; background-color: #f5f5f7;'> <span style='font-family: 'Material Icons'; color: #00bb5d;'>check<\/span> <\/td>\n<\/tr>\n<tr>\n<td style='padding: 16px; border-bottom: 2px solid #d9d9de; font-weight: 500;'> Mapas <\/td>\n<td style='padding: 16px; border-bottom: 2px solid #d9d9de;'> <\/td>\n<td style='padding: 16px; border-bottom: 2px solid #d9d9de;'> <\/td>\n<td style='padding: 16px; border-bottom: 2px solid #d9d9de;'> <span style='font-family: 'Material Icons'; color: #00bb5d;'>check<\/span> <\/td>\n<td style='padding: 16px; border-bottom: 2px solid #d9d9de; background-color: #f5f5f7;'> <span style='font-family: 'Material Icons'; color: #00bb5d;'>check<\/span> <\/td>\n<\/tr>\n<tr>\n<td style='padding: 16px; border-bottom: 1px solid #e3e3ec; font-weight: 500;'> Video <\/td>\n<td style='padding: 16px; border-bottom: 1px solid #e3e3ec;'> Add-on <\/td>\n<td style='padding: 16px; border-bottom: 1px solid #e3e3ec;'> Add-on <\/td>\n<td style='padding: 16px; border-bottom: 1px solid #e3e3ec;'> Add-on <\/td>\n<td style='padding: 16px; border-bottom: 1px solid #e3e3ec; background-color: #f5f5f7;'> Add-on <\/td>\n<\/tr>\n<tr>\n<td style='padding: 16px; border-bottom: 1px solid #e3e3ec; font-weight: 500;'> AC Avanzado<span style='color: #e62e8b;'>**<\/span> <\/td>\n<td style='padding: 16px; border-bottom: 1px solid #e3e3ec;'> Add-on <\/td>\n<td style='padding: 16px; border-bottom: 1px solid #e3e3ec;'> Add-on <\/td>\n<td style='padding: 16px; border-bottom: 1px solid #e3e3ec;'> Add-on <\/td>\n<td style='padding: 16px; border-bottom: 1px solid #e3e3ec; background-color: #f5f5f7;'> Add-on <\/td>\n<\/tr>\n<tr>\n<td style='padding: 16px; border-bottom: 1px solid #e3e3ec; font-weight: 500;'> Servidores de M\u00faltiples Comunicaciones <\/td>\n<td style='padding: 16px; border-bottom: 1px solid #e3e3ec;'> Add-on <\/td>\n<td style='padding: 16px; border-bottom: 1px solid #e3e3ec;'> Add-on <\/td>\n<td style='padding: 16px; border-bottom: 1px solid #e3e3ec;'> Add-on <\/td>\n<td style='padding: 16px; border-bottom: 1px solid #e3e3ec; background-color: #f5f5f7;'> Add-on <\/td>\n<\/tr>\n<tr>\n<td style='padding: 16px; border-bottom: 1px solid #e3e3ec; font-weight: 500;'> Mapa GIS <\/td>\n<td style='padding: 16px; border-bottom: 1px solid #e3e3ec;'> Add-on <\/td>\n<td style='padding: 16px; border-bottom: 1px solid #e3e3ec;'> Add-on <\/td>\n<td style='padding: 16px; border-bottom: 1px solid #e3e3ec;'> Add-on <\/td>\n<td style='padding: 16px; border-bottom: 1px solid #e3e3ec; background-color: #f5f5f7;'> Add-on <\/td>\n<\/tr>\n<tr>\n<td style='padding: 16px; border-bottom: 1px solid #e3e3ec; font-weight: 500;'> Coincidencia de Servidores <\/td>\n<td style='padding: 16px; border-bottom: 1px solid #e3e3ec;'> Add-on <\/td>\n<td style='padding: 16px; border-bottom: 1px solid #e3e3ec;'> Add-on <\/td>\n<td style='padding: 16px; border-bottom: 1px solid #e3e3ec;'> Add-on <\/td>\n<td style='padding: 16px; border-bottom: 1px solid #e3e3ec; background-color: #f5f5f7;'> Add-on <\/td>\n<\/tr>\n<tr>\n<td style='padding: 16px; border-bottom: 1px solid #e3e3ec; font-weight: 500;'> Tiempo y Asistencia <\/td>\n<td style='padding: 16px; border-bottom: 1px solid #e3e3ec;'> Add-on <\/td>\n<td style='padding: 16px; border-bottom: 1px solid #e3e3ec;'> Add-on <\/td>\n<td style='padding: 16px; border-bottom: 1px solid #e3e3ec;'> Add-on <\/td>\n<td style='padding: 16px; border-bottom: 1px solid #e3e3ec; background-color: #f5f5f7;'> Add-on <\/td>\n<\/tr>\n<tr>\n<td style='padding: 16px; border-bottom: 1px solid #e3e3ec; font-weight: 500;'> Directorio Activo <\/td>\n<td style='padding: 16px; border-bottom: 1px solid #e3e3ec;'> Add-on <\/td>\n<td style='padding: 16px; border-bottom: 1px solid #e3e3ec;'> Add-on <\/td>\n<td style='padding: 16px; border-bottom: 1px solid #e3e3ec;'> Add-on <\/td>\n<td style='padding: 16px; border-bottom: 1px solid #e3e3ec; background-color: #f5f5f7;'> Add-on <\/td>\n<\/tr>\n<tr>\n<td style='padding: 16px; border-bottom: 1px solid #e3e3ec; font-weight: 500;'> Recuento de personal <\/td>\n<td style='padding: 16px; border-bottom: 1px solid #e3e3ec;'> Add-on <\/td>\n<td style='padding: 16px; border-bottom: 1px solid #e3e3ec;'> Add-on <\/td>\n<td style='padding: 16px; border-bottom: 1px solid #e3e3ec;'> Add-on <\/td>\n<td style='padding: 16px; border-bottom: 1px solid #e3e3ec; background-color: #f5f5f7;'> Add-on <\/td>\n<\/tr>\n<tr>\n<td style='padding: 16px; border-bottom: 1px solid #e3e3ec; font-weight: 500;'> Aplicaci\u00f3n m\u00f3vil <\/td>\n<td style='padding: 16px; border-bottom: 1px solid #e3e3ec;'> Add-on <\/td>\n<td style='padding: 16px; border-bottom: 1px solid #e3e3ec;'> Add-on <\/td>\n<td style='padding: 16px; border-bottom: 1px solid #e3e3ec;'> Add-on <\/td>\n<td style='padding: 16px; border-bottom: 1px solid #e3e3ec; background-color: #f5f5f7;'> Add-on <\/td>\n<\/tr>\n<tr>\n<td style='padding: 16px; border-bottom: 1px solid #e3e3ec; font-weight: 500;'> Acceso remoto <\/td>\n<td style='padding: 16px; border-bottom: 1px solid #e3e3ec;'> Add-on <\/td>\n<td style='padding: 16px; border-bottom: 1px solid #e3e3ec;'> Add-on <\/td>\n<td style='padding: 16px; border-bottom: 1px solid #e3e3ec;'> Add-on <\/td>\n<td style='padding: 16px; border-bottom: 1px solid #e3e3ec; background-color: #f5f5f7;'> Add-on <\/td>\n<\/tr>\n<\/tbody>\n<\/table><\/div>\n<\/p><\/div>\n<p> <!-- Notas --> <\/p>\n<div style='margin-top: 20px; padding: 15px; border-left: 4px solid #e62e8b; background-color: #f8f8fa; color: #666;'>\n<p style='margin: 0; font-size: 14px;'> * Actualizaciones incluidas <\/p>\n<p style='margin: 8px 0 0; font-size: 14px;'> ** AC Avanzado: Control de acceso avanzado <\/p>\n<\/p><\/div>\n<\/p><\/div>\n","protected":false},"excerpt":{"rendered":"<p>Licencia de  tiempo y Asistencia Enterprice para BioStar X, Empleados Ilimitados<\/p>\n","protected":false},"featured_media":23046,"comment_status":"open","ping_status":"closed","template":"","meta":[],"product_brand":[],"product_cat":[743],"product_tag":[744,745,798],"class_list":{"0":"post-23047","1":"product","2":"type-product","3":"status-publish","4":"has-post-thumbnail","6":"product_cat-para-tiempo-y-asistencia-checadores","7":"product_tag-biometricos","8":"product_tag-para-tiempo-y-asistencia-checadores","9":"product_tag-suprema","11":"first","12":"outofstock","13":"sale","14":"shipping-taxable","15":"purchasable","16":"product-type-simple"},"_links":{"self":[{"href":"https:\/\/soydeaqui.ddns.net\/pachuca\/index.php\/wp-json\/wp\/v2\/product\/23047","targetHints":{"allow":["GET"]}}],"collection":[{"href":"https:\/\/soydeaqui.ddns.net\/pachuca\/index.php\/wp-json\/wp\/v2\/product"}],"about":[{"href":"https:\/\/soydeaqui.ddns.net\/pachuca\/index.php\/wp-json\/wp\/v2\/types\/product"}],"replies":[{"embeddable":true,"href":"https:\/\/soydeaqui.ddns.net\/pachuca\/index.php\/wp-json\/wp\/v2\/comments?post=23047"}],"wp:featuredmedia":[{"embeddable":true,"href":"https:\/\/soydeaqui.ddns.net\/pachuca\/index.php\/wp-json\/wp\/v2\/media\/23046"}],"wp:attachment":[{"href":"https:\/\/soydeaqui.ddns.net\/pachuca\/index.php\/wp-json\/wp\/v2\/media?parent=23047"}],"wp:term":[{"taxonomy":"product_brand","embeddable":true,"href":"https:\/\/soydeaqui.ddns.net\/pachuca\/index.php\/wp-json\/wp\/v2\/product_brand?post=23047"},{"taxonomy":"product_cat","embeddable":true,"href":"https:\/\/soydeaqui.ddns.net\/pachuca\/index.php\/wp-json\/wp\/v2\/product_cat?post=23047"},{"taxonomy":"product_tag","embeddable":true,"href":"https:\/\/soydeaqui.ddns.net\/pachuca\/index.php\/wp-json\/wp\/v2\/product_tag?post=23047"}],"curies":[{"name":"wp","href":"https:\/\/api.w.org\/{rel}","templated":true}]}}