{"id":23045,"date":"2026-03-18T11:08:43","date_gmt":"2026-03-18T11:08:43","guid":{"rendered":"https:\/\/soydeaqui.ddns.net\/pachuca\/index.php\/producto\/licencia-para-app-de-biostar-x-mobil\/"},"modified":"2026-03-18T11:08:44","modified_gmt":"2026-03-18T11:08:44","slug":"licencia-para-app-de-biostar-x-mobil","status":"publish","type":"product","link":"https:\/\/soydeaqui.ddns.net\/pachuca\/index.php\/producto\/licencia-para-app-de-biostar-x-mobil\/","title":{"rendered":"Licencia Para APP de BioStar X mobil"},"content":{"rendered":"<div style='width: 100%; max-width: 1200px; margin: 0 auto; font-family: sans-serif; line-height: 1.6; color: inherit; background-color: transparent;'>\n<h1 style='font-size: 48px; margin: 20px 0 30px; border-bottom: 2px solid currentColor; padding-bottom: 10px; color: inherit; opacity: 0.9;'> <span style='background: linear-gradient(70deg&comma; #00a0e9 0%&comma; #8f71f5 50%&comma; #e62e8b 100%); -webkit-text-fill-color: transparent; background-clip: text;'> BioStar X <\/span> <\/h1>\n<h2 style='color: #c0392b; font-size: 24px; margin: 0 0 20px;'> M\u00e1xima seguridad&comma; sin complicaciones <\/h2>\n<p style='margin-bottom: 30px; color: inherit; opacity: 0.85; font-size: 16px; line-height: 1.5;'> BioStar X es la plataforma de seguridad unificada de Suprema&comma; que cuenta con el mejor acceso biom\u00e9trico de su clase&comma; monitoreo integrado y una infraestructura empresarial dise\u00f1ada para la escalabilidad&comma; garantizar el tiempo de actividad y el cumplimiento. <\/p>\n<p> <!-- Secci\u00f3n de caracter\u00edsticas --> <\/p>\n<div style='display: flex; flex-wrap: wrap; gap: 30px; margin-bottom: 40px;'>\n<div style='flex: 1 1 300px; min-width: 280px;'>\n<h3 style='font-size: 22px; border-bottom: 2px solid currentColor; padding-bottom: 5px; margin-top: 0; color: inherit; opacity: 0.8;'> Control total sobre qui\u00e9n&comma; d\u00f3nde y cu\u00e1ndo <\/h3>\n<p style='color: inherit; opacity: 0.85; font-size: 15px; margin-top: 15px;'> Desde el vest\u00edbulo hasta la azotea&comma; BioStar X le permite controlar cada punto de acceso con la precisi\u00f3n de un cirujano. Horarios&comma; zonas&comma; alarmas de incendio&comma; pisos&#8230; No solo est\u00e1 gestionando puertas. Est\u00e1 orquestando el movimiento. <\/p>\n<div style='margin-top: 20px;'>\n<div style='display: flex; flex-wrap: wrap; gap: 10px;'> <span style='padding: 4px 16px; border-radius: 24px; background: rgba(255&comma;255&comma;255&comma;0.5); font-size: 14px; color: inherit;'> Grupos de acceso <\/span> <span style='padding: 4px 16px; border-radius: 24px; background: rgba(255&comma;255&comma;255&comma;0.5); font-size: 14px; color: inherit;'> Acceso de niveles <\/span> <span style='padding: 4px 16px; border-radius: 24px; background: rgba(255&comma;255&comma;255&comma;0.5); font-size: 14px; color: inherit;'> Niveles de planta <\/span> <span style='padding: 4px 16px; border-radius: 24px; background: rgba(255&comma;255&comma;255&comma;0.5); font-size: 14px; color: inherit;'> Horarios <\/span> <span style='padding: 4px 16px; border-radius: 24px; background: rgba(255&comma;255&comma;255&comma;0.5); font-size: 14px; color: inherit;'> Vacaciones <\/span> <span style='padding: 4px 16px; border-radius: 24px; background: rgba(255&comma;255&comma;255&comma;0.5); font-size: 14px; color: inherit;'> Plantillas de acceso <\/span> <span style='padding: 4px 16px; border-radius: 24px; background: rgba(255&comma;255&comma;255&comma;0.5); font-size: 14px; color: inherit;'> Auditor\u00edas de acceso <\/span> <\/div>\n<\/p><\/div>\n<\/p><\/div>\n<div style='flex: 1 1 300px; min-width: 280px;'> <img style='width: 100%; height: auto; border: 1px solid rgba(150&comma;150&comma;150&comma;0.3); border-radius: 8px;' src='https:\/\/supremainc.com\/en\/asset\/images\/01_product\/biostarx_sec2_1.webp' alt='BioStar X Estructura de acceso central a escala'> <\/div>\n<\/p><\/div>\n<p> <!-- Secci\u00f3n de Zonas inteligentes --> <\/p>\n<div style='display: flex; flex-wrap: wrap; gap: 30px; margin-bottom: 40px;'>\n<div style='flex: 1 1 300px; min-width: 280px;'>\n<div style='padding: 24px; border: 1px solid rgba(150&comma;150&comma;150&comma;0.3); border-radius: 12px; background: #17172a;'>\n<h3 style='color: inherit; font-size: 20px; margin-top: 0; margin-bottom: 15px;'> Zonas inteligentes avanzadas <\/h3>\n<p style='color: inherit; opacity: 0.85; font-size: 15px; margin-bottom: 20px;'> Aplique pol\u00edticas de comportamiento&comma; est\u00e1ndares de seguridad y protocolos de emergencia con una potente l\u00f3gica de zonas. <\/p>\n<div style='display: flex; flex-wrap: wrap; gap: 10px;'> <span style='padding: 4px 16px; border-radius: 24px; background: rgba(255&comma;255&comma;255&comma;0.5); font-size: 14px; color: inherit;'> Anti-retornos <\/span> <span style='padding: 4px 16px; border-radius: 24px; background: rgba(255&comma;255&comma;255&comma;0.5); font-size: 14px; color: inherit;'> Enclavamiento <\/span> <span style='padding: 4px 16px; border-radius: 24px; background: rgba(255&comma;255&comma;255&comma;0.5); font-size: 14px; color: inherit;'> Programaci\u00f3n de bloqueo y desbloqueo <\/span> <span style='padding: 4px 16px; border-radius: 24px; background: rgba(255&comma;255&comma;255&comma;0.5); font-size: 14px; color: inherit;'> Ocupaci\u00f3n <\/span> <span style='padding: 4px 16px; border-radius: 24px; background: rgba(255&comma;255&comma;255&comma;0.5); font-size: 14px; color: inherit;'> Punto de encuentro <\/span> <span style='padding: 4px 16px; border-radius: 24px; background: rgba(255&comma;255&comma;255&comma;0.5); font-size: 14px; color: inherit;'> Alarma de intrusi\u00f3n <\/span> <\/div>\n<\/p><\/div>\n<\/p><\/div>\n<div style='flex: 1 1 300px; min-width: 280px;'>\n<div style='padding: 24px; border: 1px solid rgba(150&comma;150&comma;150&comma;0.3); border-radius: 12px; background: #44447d;'>\n<h3 style='color: inherit; font-size: 20px; margin-top: 0; margin-bottom: 15px;'> Gesti\u00f3n de emergencias <\/h3>\n<p style='color: inherit; opacity: 0.85; font-size: 15px; margin-bottom: 20px;'> Cuando cada segundo cuenta&comma; BioStar X facilita una respuesta r\u00e1pida con automatizaci\u00f3n incorporada. <\/p>\n<div style='display: flex; flex-wrap: wrap; gap: 10px;'> <span style='padding: 4px 16px; border-radius: 24px; background: rgba(255&comma;255&comma;255&comma;0.5); font-size: 14px; color: inherit;'> Bloqueo de emergencia con un clic <\/span> <span style='padding: 4px 16px; border-radius: 24px; background: rgba(255&comma;255&comma;255&comma;0.5); font-size: 14px; color: inherit;'> Reglas de desbloqueo de emergencia <\/span> <span style='padding: 4px 16px; border-radius: 24px; background: rgba(255&comma;255&comma;255&comma;0.5); font-size: 14px; color: inherit;'> Herramientas de anulaci\u00f3n de acceso <\/span> <span style='padding: 4px 16px; border-radius: 24px; background: rgba(255&comma;255&comma;255&comma;0.5); font-size: 14px; color: inherit;'> Alarmas de incendio <\/span> <\/div>\n<\/p><\/div>\n<\/p><\/div>\n<\/p><\/div>\n<p> <!-- Secci\u00f3n de seguridad --> <\/p>\n<div style='margin-bottom: 40px;'>\n<h3 style='font-size: 22px; border-bottom: 2px solid currentColor; padding-bottom: 5px; margin-top: 0; color: inherit; opacity: 0.8;'> Seguridad s\u00f3lida como una roca&comma; dise\u00f1ada para empresas <\/h3>\n<p style='margin-top: 15px; color: inherit; opacity: 0.85; font-size: 15px; line-height: 1.6;'> Con cifrado AES-256&comma; permisos basados en roles y m\u00e1s de 50 disparadores de eventos de seguridad&comma; BioStar X garantiza una seguridad estricta de principio a fin. Construido para el mundo real&comma; donde la seguridad de la mente y el cumplimiento son innegociables. <\/p>\n<\/p><\/div>\n<p> <!-- Secci\u00f3n de planes --> <\/p>\n<div style='margin-top: 40px;'>\n<h3 style='font-size: 22px; margin-bottom: 20px; color: inherit;'> Elija su plan <\/h3>\n<div style='overflow-x: auto;'>\n<table style='width: 100%; border-collapse: collapse; min-width: 800px;'>\n<thead>\n<tr>\n<th style='padding: 12px; text-align: left; border-bottom: 2px solid rgba(150&comma;150&comma;150&comma;0.3); font-weight: 600; color: inherit; opacity: 0.8; font-size: 14px;'> Caracter\u00edstica <\/th>\n<th style='padding: 12px; text-align: center; border-bottom: 2px solid rgba(150&comma;150&comma;150&comma;0.3); font-weight: 600; color: inherit; opacity: 0.8; font-size: 14px;'> BIOSTARXSTR <\/th>\n<th style='padding: 12px; text-align: center; border-bottom: 2px solid rgba(150&comma;150&comma;150&comma;0.3); font-weight: 600; color: inherit; opacity: 0.8; font-size: 14px;'> BIOSTARXESS <\/th>\n<th style='padding: 12px; text-align: center; border-bottom: 2px solid rgba(150&comma;150&comma;150&comma;0.3); font-weight: 600; color: inherit; opacity: 0.8; font-size: 14px;'> BIOSTARXADV <\/th>\n<th style='padding: 12px; text-align: center; border-bottom: 2px solid rgba(150&comma;150&comma;150&comma;0.3); font-weight: 600; color: inherit; opacity: 0.8; font-size: 14px;'> BIOSTARXENT <\/th>\n<\/tr>\n<\/thead>\n<tbody>\n<tr>\n<td style='padding: 12px; border-bottom: 1px solid rgba(150&comma;150&comma;150&comma;0.3); color: inherit; opacity: 0.8; font-size: 14px;'> M\u00e1x. puertas <\/td>\n<td style='padding: 12px; border-bottom: 1px solid rgba(150&comma;150&comma;150&comma;0.3); text-align: center; font-size: 14px; color: inherit;'> 5 <\/td>\n<td style='padding: 12px; border-bottom: 1px solid rgba(150&comma;150&comma;150&comma;0.3); text-align: center; font-size: 14px; color: inherit;'> 32 <\/td>\n<td style='padding: 12px; border-bottom: 1px solid rgba(150&comma;150&comma;150&comma;0.3); text-align: center; font-size: 14px; color: inherit;'> 128 <\/td>\n<td style='padding: 12px; border-bottom: 1px solid rgba(150&comma;150&comma;150&comma;0.3); text-align: center; font-size: 14px; color: inherit;'> 500 <\/td>\n<\/tr>\n<tr>\n<td style='padding: 12px; border-bottom: 1px solid rgba(150&comma;150&comma;150&comma;0.3); color: inherit; opacity: 0.8; font-size: 14px;'> M\u00e1x. usuarios <\/td>\n<td style='padding: 12px; border-bottom: 1px solid rgba(150&comma;150&comma;150&comma;0.3); text-align: center; font-size: 14px; color: inherit;'> 100 <\/td>\n<td style='padding: 12px; border-bottom: 1px solid rgba(150&comma;150&comma;150&comma;0.3); text-align: center; font-size: 14px; color: inherit;'> 1&comma;000 <\/td>\n<td style='padding: 12px; border-bottom: 1px solid rgba(150&comma;150&comma;150&comma;0.3); text-align: center; font-size: 14px; color: inherit;'> 50&comma;000 <\/td>\n<td style='padding: 12px; border-bottom: 1px solid rgba(150&comma;150&comma;150&comma;0.3); text-align: center; font-size: 14px; color: inherit;'> 100&comma;000 <\/td>\n<\/tr>\n<tr>\n<td style='padding: 12px; border-bottom: 1px solid rgba(150&comma;150&comma;150&comma;0.3); color: inherit; opacity: 0.8; font-size: 14px;'> M\u00e1x. operadores <\/td>\n<td style='padding: 12px; border-bottom: 1px solid rgba(150&comma;150&comma;150&comma;0.3); text-align: center; font-size: 14px; color: inherit;'> 1 <\/td>\n<td style='padding: 12px; border-bottom: 1px solid rgba(150&comma;150&comma;150&comma;0.3); text-align: center; font-size: 14px; color: inherit;'> 10 <\/td>\n<td style='padding: 12px; border-bottom: 1px solid rgba(150&comma;150&comma;150&comma;0.3); text-align: center; font-size: 14px; color: inherit;'> 20 <\/td>\n<td style='padding: 12px; border-bottom: 1px solid rgba(150&comma;150&comma;150&comma;0.3); text-align: center; font-size: 14px; color: inherit;'> 40 <\/td>\n<\/tr>\n<tr>\n<td style='padding: 12px; border-bottom: 1px solid rgba(150&comma;150&comma;150&comma;0.3); color: inherit; opacity: 0.8; font-size: 14px;'> Actualizaciones <\/td>\n<td style='padding: 12px; border-bottom: 1px solid rgba(150&comma;150&comma;150&comma;0.3); text-align: center; font-size: 14px; color: inherit;'> &#8211; <\/td>\n<td style='padding: 12px; border-bottom: 1px solid rgba(150&comma;150&comma;150&comma;0.3); text-align: center; font-size: 14px; color: inherit;'> \u2713 <\/td>\n<td style='padding: 12px; border-bottom: 1px solid rgba(150&comma;150&comma;150&comma;0.3); text-align: center; font-size: 14px; color: inherit;'> \u2713 <\/td>\n<td style='padding: 12px; border-bottom: 1px solid rgba(150&comma;150&comma;150&comma;0.3); text-align: center; font-size: 14px; color: inherit;'> \u2713 <\/td>\n<\/tr>\n<tr>\n<td style='padding: 12px; border-bottom: 2px solid rgba(150&comma;150&comma;150&comma;0.3); color: inherit; opacity: 0.8; font-size: 14px;'> Mapas <\/td>\n<td style='padding: 12px; border-bottom: 2px solid rgba(150&comma;150&comma;150&comma;0.3); text-align: center; font-size: 14px; color: inherit;'> &#8211; <\/td>\n<td style='padding: 12px; border-bottom: 2px solid rgba(150&comma;150&comma;150&comma;0.3); text-align: center; font-size: 14px; color: inherit;'> &#8211; <\/td>\n<td style='padding: 12px; border-bottom: 2px solid rgba(150&comma;150&comma;150&comma;0.3); text-align: center; font-size: 14px; color: inherit;'> \u2713 <\/td>\n<td style='padding: 12px; border-bottom: 2px solid rgba(150&comma;150&comma;150&comma;0.3); text-align: center; font-size: 14px; color: inherit;'> \u2713 <\/td>\n<\/tr>\n<tr>\n<td style='padding: 12px; border-bottom: 1px solid rgba(150&comma;150&comma;150&comma;0.3); color: inherit; opacity: 0.8; font-size: 14px;'> Video <\/td>\n<td style='padding: 12px; border-bottom: 1px solid rgba(150&comma;150&comma;150&comma;0.3); text-align: center; font-size: 14px; color: inherit;'> &#8211; <\/td>\n<td style='padding: 12px; border-bottom: 1px solid rgba(150&comma;150&comma;150&comma;0.3); text-align: center; font-size: 14px; color: inherit;'> &#8211; <\/td>\n<td style='padding: 12px; border-bottom: 1px solid rgba(150&comma;150&comma;150&comma;0.3); text-align: center; font-size: 14px; color: inherit;'> Add-on <\/td>\n<td style='padding: 12px; border-bottom: 1px solid rgba(150&comma;150&comma;150&comma;0.3); text-align: center; font-size: 14px; color: inherit;'> Add-on <\/td>\n<\/tr>\n<tr>\n<td style='padding: 12px; border-bottom: 1px solid rgba(150&comma;150&comma;150&comma;0.3); color: inherit; opacity: 0.8; font-size: 14px;'> AC Avanzado <\/td>\n<td style='padding: 12px; border-bottom: 1px solid rgba(150&comma;150&comma;150&comma;0.3); text-align: center; font-size: 14px; color: inherit;'> &#8211; <\/td>\n<td style='padding: 12px; border-bottom: 1px solid rgba(150&comma;150&comma;150&comma;0.3); text-align: center; font-size: 14px; color: inherit;'> &#8211; <\/td>\n<td style='padding: 12px; border-bottom: 1px solid rgba(150&comma;150&comma;150&comma;0.3); text-align: center; font-size: 14px; color: inherit;'> Add-on <\/td>\n<td style='padding: 12px; border-bottom: 1px solid rgba(150&comma;150&comma;150&comma;0.3); text-align: center; font-size: 14px; color: inherit;'> \u2713 <\/td>\n<\/tr>\n<tr>\n<td style='padding: 12px; border-bottom: 1px solid rgba(150&comma;150&comma;150&comma;0.3); color: inherit; opacity: 0.8; font-size: 14px;'> Servidores de M\u00faltiples Comunicaciones <\/td>\n<td style='padding: 12px; border-bottom: 1px solid rgba(150&comma;150&comma;150&comma;0.3); text-align: center; font-size: 14px; color: inherit;'> &#8211; <\/td>\n<td style='padding: 12px; border-bottom: 1px solid rgba(150&comma;150&comma;150&comma;0.3); text-align: center; font-size: 14px; color: inherit;'> &#8211; <\/td>\n<td style='padding: 12px; border-bottom: 1px solid rgba(150&comma;150&comma;150&comma;0.3); text-align: center; font-size: 14px; color: inherit;'> &#8211; <\/td>\n<td style='padding: 12px; border-bottom: 1px solid rgba(150&comma;150&comma;150&comma;0.3); text-align: center; font-size: 14px; color: inherit;'> \u2713 <\/td>\n<\/tr>\n<tr>\n<td style='padding: 12px; border-bottom: 1px solid rgba(150&comma;150&comma;150&comma;0.3); color: inherit; opacity: 0.8; font-size: 14px;'> Mapa GIS <\/td>\n<td style='padding: 12px; border-bottom: 1px solid rgba(150&comma;150&comma;150&comma;0.3); text-align: center; font-size: 14px; color: inherit;'> &#8211; <\/td>\n<td style='padding: 12px; border-bottom: 1px solid rgba(150&comma;150&comma;150&comma;0.3); text-align: center; font-size: 14px; color: inherit;'> &#8211; <\/td>\n<td style='padding: 12px; border-bottom: 1px solid rgba(150&comma;150&comma;150&comma;0.3); text-align: center; font-size: 14px; color: inherit;'> &#8211; <\/td>\n<td style='padding: 12px; border-bottom: 1px solid rgba(150&comma;150&comma;150&comma;0.3); text-align: center; font-size: 14px; color: inherit;'> \u2713 <\/td>\n<\/tr>\n<tr>\n<td style='padding: 12px; border-bottom: 1px solid rgba(150&comma;150&comma;150&comma;0.3); color: inherit; opacity: 0.8; font-size: 14px;'> Coincidencia de Servidores <\/td>\n<td style='padding: 12px; border-bottom: 1px solid rgba(150&comma;150&comma;150&comma;0.3); text-align: center; font-size: 14px; color: inherit;'> &#8211; <\/td>\n<td style='padding: 12px; border-bottom: 1px solid rgba(150&comma;150&comma;150&comma;0.3); text-align: center; font-size: 14px; color: inherit;'> &#8211; <\/td>\n<td style='padding: 12px; border-bottom: 1px solid rgba(150&comma;150&comma;150&comma;0.3); text-align: center; font-size: 14px; color: inherit;'> &#8211; <\/td>\n<td style='padding: 12px; border-bottom: 1px solid rgba(150&comma;150&comma;150&comma;0.3); text-align: center; font-size: 14px; color: inherit;'> \u2713 <\/td>\n<\/tr>\n<tr>\n<td style='padding: 12px; border-bottom: 1px solid rgba(150&comma;150&comma;150&comma;0.3); color: inherit; opacity: 0.8; font-size: 14px;'> Tiempo y Asistencia <\/td>\n<td style='padding: 12px; border-bottom: 1px solid rgba(150&comma;150&comma;150&comma;0.3); text-align: center; font-size: 14px; color: inherit;'> &#8211; <\/td>\n<td style='padding: 12px; border-bottom: 1px solid rgba(150&comma;150&comma;150&comma;0.3); text-align: center; font-size: 14px; color: inherit;'> &#8211; <\/td>\n<td style='padding: 12px; border-bottom: 1px solid rgba(150&comma;150&comma;150&comma;0.3); text-align: center; font-size: 14px; color: inherit;'> &#8211; <\/td>\n<td style='padding: 12px; border-bottom: 1px solid rgba(150&comma;150&comma;150&comma;0.3); text-align: center; font-size: 14px; color: inherit;'> \u2713 <\/td>\n<\/tr>\n<tr>\n<td style='padding: 12px; border-bottom: 1px solid rgba(150&comma;150&comma;150&comma;0.3); color: inherit; opacity: 0.8; font-size: 14px;'> Directorio Activo <\/td>\n<td style='padding: 12px; border-bottom: 1px solid rgba(150&comma;150&comma;150&comma;0.3); text-align: center; font-size: 14px; color: inherit;'> &#8211; <\/td>\n<td style='padding: 12px; border-bottom: 1px solid rgba(150&comma;150&comma;150&comma;0.3); text-align: center; font-size: 14px; color: inherit;'> &#8211; <\/td>\n<td style='padding: 12px; border-bottom: 1px solid rgba(150&comma;150&comma;150&comma;0.3); text-align: center; font-size: 14px; color: inherit;'> &#8211; <\/td>\n<td style='padding: 12px; border-bottom: 1px solid rgba(150&comma;150&comma;150&comma;0.3); text-align: center; font-size: 14px; color: inherit;'> \u2713 <\/td>\n<\/tr>\n<tr>\n<td style='padding: 12px; border-bottom: 1px solid rgba(150&comma;150&comma;150&comma;0.3); color: inherit; opacity: 0.8; font-size: 14px;'> Recuento de personal <\/td>\n<td style='padding: 12px; border-bottom: 1px solid rgba(150&comma;150&comma;150&comma;0.3); text-align: center; font-size: 14px; color: inherit;'> &#8211; <\/td>\n<td style='padding: 12px; border-bottom: 1px solid rgba(150&comma;150&comma;150&comma;0.3); text-align: center; font-size: 14px; color: inherit;'> &#8211; <\/td>\n<td style='padding: 12px; border-bottom: 1px solid rgba(150&comma;150&comma;150&comma;0.3); text-align: center; font-size: 14px; color: inherit;'> &#8211; <\/td>\n<td style='padding: 12px; border-bottom: 1px solid rgba(150&comma;150&comma;150&comma;0.3); text-align: center; font-size: 14px; color: inherit;'> \u2713 <\/td>\n<\/tr>\n<tr>\n<td style='padding: 12px; border-bottom: 1px solid rgba(150&comma;150&comma;150&comma;0.3); color: inherit; opacity: 0.8; font-size: 14px;'> Aplicaci\u00f3n m\u00f3vil <\/td>\n<td style='padding: 12px; border-bottom: 1px solid rgba(150&comma;150&comma;150&comma;0.3); text-align: center; font-size: 14px; color: inherit;'> &#8211; <\/td>\n<td style='padding: 12px; border-bottom: 1px solid rgba(150&comma;150&comma;150&comma;0.3); text-align: center; font-size: 14px; color: inherit;'> &#8211; <\/td>\n<td style='padding: 12px; border-bottom: 1px solid rgba(150&comma;150&comma;150&comma;0.3); text-align: center; font-size: 14px; color: inherit;'> &#8211; <\/td>\n<td style='padding: 12px; border-bottom: 1px solid rgba(150&comma;150&comma;150&comma;0.3); text-align: center; font-size: 14px; color: inherit;'> \u2713 <\/td>\n<\/tr>\n<tr>\n<td style='padding: 12px; border-bottom: 1px solid rgba(150&comma;150&comma;150&comma;0.3); color: inherit; opacity: 0.8; font-size: 14px;'> Acceso remoto <\/td>\n<td style='padding: 12px; border-bottom: 1px solid rgba(150&comma;150&comma;150&comma;0.3); text-align: center; font-size: 14px; color: inherit;'> &#8211; <\/td>\n<td style='padding: 12px; border-bottom: 1px solid rgba(150&comma;150&comma;150&comma;0.3); text-align: center; font-size: 14px; color: inherit;'> &#8211; <\/td>\n<td style='padding: 12px; border-bottom: 1px solid rgba(150&comma;150&comma;150&comma;0.3); text-align: center; font-size: 14px; color: inherit;'> &#8211; <\/td>\n<td style='padding: 12px; border-bottom: 1px solid rgba(150&comma;150&comma;150&comma;0.3); text-align: center; font-size: 14px; color: inherit;'> \u2713 <\/td>\n<\/tr>\n<\/tbody>\n<\/table><\/div>\n<p style='margin-top: 20px; font-size: 14px; color: inherit; opacity: 0.7;'> * Actualizaciones incluidas <br \/> ** AC Avanzado disponible como add-on en plan BIOSTARXADV <\/p>\n<\/p><\/div>\n<p> <!-- Separador --> <\/p>\n<hr style='border: 0; border-top: 1px solid rgba(150&comma; 150&comma; 150&comma; 0.3); margin: 30px 0;'> <\/div>\n","protected":false},"excerpt":{"rendered":"<p>Licencia Para APP de BioStar X mobil<\/p>\n","protected":false},"featured_media":23044,"comment_status":"open","ping_status":"closed","template":"","meta":[],"product_brand":[],"product_cat":[743],"product_tag":[744,745,798],"class_list":{"0":"post-23045","1":"product","2":"type-product","3":"status-publish","4":"has-post-thumbnail","6":"product_cat-para-tiempo-y-asistencia-checadores","7":"product_tag-biometricos","8":"product_tag-para-tiempo-y-asistencia-checadores","9":"product_tag-suprema","11":"first","12":"outofstock","13":"sale","14":"shipping-taxable","15":"purchasable","16":"product-type-simple"},"_links":{"self":[{"href":"https:\/\/soydeaqui.ddns.net\/pachuca\/index.php\/wp-json\/wp\/v2\/product\/23045","targetHints":{"allow":["GET"]}}],"collection":[{"href":"https:\/\/soydeaqui.ddns.net\/pachuca\/index.php\/wp-json\/wp\/v2\/product"}],"about":[{"href":"https:\/\/soydeaqui.ddns.net\/pachuca\/index.php\/wp-json\/wp\/v2\/types\/product"}],"replies":[{"embeddable":true,"href":"https:\/\/soydeaqui.ddns.net\/pachuca\/index.php\/wp-json\/wp\/v2\/comments?post=23045"}],"wp:featuredmedia":[{"embeddable":true,"href":"https:\/\/soydeaqui.ddns.net\/pachuca\/index.php\/wp-json\/wp\/v2\/media\/23044"}],"wp:attachment":[{"href":"https:\/\/soydeaqui.ddns.net\/pachuca\/index.php\/wp-json\/wp\/v2\/media?parent=23045"}],"wp:term":[{"taxonomy":"product_brand","embeddable":true,"href":"https:\/\/soydeaqui.ddns.net\/pachuca\/index.php\/wp-json\/wp\/v2\/product_brand?post=23045"},{"taxonomy":"product_cat","embeddable":true,"href":"https:\/\/soydeaqui.ddns.net\/pachuca\/index.php\/wp-json\/wp\/v2\/product_cat?post=23045"},{"taxonomy":"product_tag","embeddable":true,"href":"https:\/\/soydeaqui.ddns.net\/pachuca\/index.php\/wp-json\/wp\/v2\/product_tag?post=23045"}],"curies":[{"name":"wp","href":"https:\/\/api.w.org\/{rel}","templated":true}]}}