{"id":23023,"date":"2026-03-18T11:08:22","date_gmt":"2026-03-18T11:08:22","guid":{"rendered":"https:\/\/soydeaqui.ddns.net\/pachuca\/index.php\/producto\/barrera-vehicular-con-brazo-abatible-por-colision-4-mts-incluido-derecha-alto-desempeno-brushless-semaforo-rojo-verde-en-gabinete-incluye-2-controles-remotos\/"},"modified":"2026-03-18T11:08:22","modified_gmt":"2026-03-18T11:08:22","slug":"barrera-vehicular-con-brazo-abatible-por-colision-4-mts-incluido-derecha-alto-desempeno-brushless-semaforo-rojo-verde-en-gabinete-incluye-2-controles-remotos","status":"publish","type":"product","link":"https:\/\/soydeaqui.ddns.net\/pachuca\/index.php\/producto\/barrera-vehicular-con-brazo-abatible-por-colision-4-mts-incluido-derecha-alto-desempeno-brushless-semaforo-rojo-verde-en-gabinete-incluye-2-controles-remotos\/","title":{"rendered":"Barrera Vehicular con Brazo Abatible por Colisi\u00f3n 4 mts INCLUIDO \/ Derecha \/ Alto Desempe\u00f1o \/ Brushless \/ Sem\u00e1foro Rojo-Verde en Gabinete \/ Incluye 2 Controles Remotos"},"content":{"rendered":"<div style='width: 100%; max-width: 1200px; margin: 0 auto; font-family: sans-serif; line-height: 1.6; color: inherit; background-color: transparent;'>\n<div style='display: flex; flex-wrap: wrap; gap: 30px; margin-bottom: 30px;'>\n<div style='flex: 1 1 300px; min-width: 280px;'>\n<h3 style='font-size: 22px; border-bottom: 2px solid currentColor; padding-bottom: 5px; margin-top: 0; color: inherit; opacity: 0.8;'>Este Kit Incluye:<\/h3>\n<ul style='padding-left: 20px; font-size: 15px; color: inherit;'>\n<li style='margin-bottom: 5px;'><strong>Barrera Derecha<\/strong> <span style='font-weight: 400;'>DS-TMG320-LR\/B con:<\/span><\/li>\n<li style='margin-bottom: 5px;'><strong>2 Resortes Blancos<\/strong> Modelo 190616532<\/li>\n<li style='margin-bottom: 5px;'><strong>Enganche<\/strong> Modelo 190420874<\/li>\n<li style='margin-bottom: 5px;'><strong>Brazo Abatible Redondo de 4 mts<\/strong> Modelo 366002208<\/li>\n<li style='margin-bottom: 5px;'>Es necesario cambiar el enganche instalado por el modelo 190428554 (tambi\u00e9n incluido).<\/li>\n<\/ul><\/div>\n<div style='flex: 1 1 300px; min-width: 280px;'>\n<h3 style='font-size: 22px; border-bottom: 2px solid currentColor; padding-bottom: 5px; margin-top: 0; color: inherit; opacity: 0.8;'>Caracter\u00edsticas F\u00edsicas y El\u00e9ctricas:<\/h3>\n<ul style='padding-left: 20px; font-size: 15px; color: inherit;'>\n<li style='margin-bottom: 5px;'>Alimentaci\u00f3n 110\/220 Vca Seleccionable<\/li>\n<li style='margin-bottom: 5px;'>Consumo: 152 W<\/li>\n<li style='margin-bottom: 5px;'>Temperatura de Operaci\u00f3n: -30 a 70\u00b0 C<\/li>\n<li style='margin-bottom: 5px;'>Dimensiones: 1040 x 340 x 298.3 mm<\/li>\n<li style='margin-bottom: 5px;'>Peso 37.79 Kg<\/li>\n<\/ul><\/div>\n<div style='flex: 1 1 300px; min-width: 280px;'>\n<h3 style='font-size: 22px; border-bottom: 2px solid currentColor; padding-bottom: 5px; margin-top: 0; color: inherit; opacity: 0.8;'>Caracter\u00edsticas Destacadas:<\/h3>\n<ul style='padding-left: 20px; font-size: 15px; color: inherit;'>\n<li style='margin-bottom: 5px;'>Configuraci\u00f3n por Bluetooth con App o de modo tradicional directo en el cuadro de mando.<\/li>\n<li style='margin-bottom: 5px;'>Velocidad de Apertura y Cierre variable desde 3 Seg dependiendo de la longitud y el tipo de brazo instalado.<\/li>\n<\/ul><\/div>\n<\/p><\/div>\n<hr style='border: 0; border-top: 1px solid rgba(150&comma; 150&comma; 150&comma; 0.3); margin: 30px 0;'>\n<div style='display: grid; grid-template-columns: 1fr 1fr; gap: 30px; margin-bottom: 30px;'>\n<div> <img style='width: 100%; height: auto; border: 1px solid rgba(150&comma;150&comma;150&comma;0.3); border-radius: 8px;' src='https:\/\/ftp3.syscom.mx\/usuarios\/fespinoza\/HIKVISION\/Dispositivos\/Barreras%20Vehiculares\/DSTMG320\/both.png' alt=''> <\/div>\n<div>\n<h2 style='font-size: 20px; margin-top: 0; color: inherit; opacity: 0.8;'>Caracter\u00edsticas de Ultima Generaci\u00f3n<\/h2>\n<ul style='padding-left: 20px; font-size: 14px; color: inherit;'>\n<li style='margin-bottom: 5px;'>Motor Brushless garantizado por <strong>2&comma;500&comma;000 de Ciclos antes de Cualquier Falla<\/strong><\/li>\n<li style='margin-bottom: 5px;'>Configuraci\u00f3n por App Bluetooth y\/o Cuadro de Mando<\/li>\n<li style='margin-bottom: 5px;'>Cierre Autom\u00e1tico configurable por Tiempo.<\/li>\n<li style='margin-bottom: 5px;'>Compatible con cualquier Sistema de Control de Acceso<\/li>\n<li style='margin-bottom: 5px;'>Compatible con fotoceldas&comma; radares y\/o lazos magn\u00e9ticos.<\/li>\n<li style='margin-bottom: 5px;'>Incluye 2 Controles Remotos<\/li>\n<li style='margin-bottom: 5px;'><strong>Operaci\u00f3n de hasta 360 ciclos aproximados por hora.<\/strong><\/li>\n<li style='margin-bottom: 5px;'><strong>5 A\u00f1os de garant\u00eda.<\/strong><\/li>\n<\/ul><\/div>\n<\/p><\/div>\n<hr style='border: 0; border-top: 1px solid rgba(150&comma; 150&comma; 150&comma; 0.3); margin: 30px 0;'>\n<h2 style='text-align: center; font-size: 20px; margin-bottom: 20px; color: inherit; opacity: 0.8;'>Barreras Serie DS-TMG320 Configurables por App Android<\/h2>\n<div style='position: relative; padding-bottom: 56.25%; height: 0; overflow: hidden; margin-bottom: 30px;'>   <\/div>\n<div style='margin-bottom: 30px;'>\n<div style='position: relative; padding-bottom: 56.25%; height: 0; overflow: hidden;'>   <\/div>\n<\/p><\/div>\n<\/p><\/div>\n","protected":false},"excerpt":{"rendered":"<p>Barrera Vehicular con Brazo Abatible por Colisi\u00f3n 4 mts INCLUIDO \/ Derecha \/ Alto Desempe\u00f1o \/ Brushless \/ Sem\u00e1foro Rojo-Verde en Gabinete \/ Incluye 2 Controles Remotos<\/p>\n","protected":false},"featured_media":23022,"comment_status":"open","ping_status":"closed","template":"","meta":[],"product_brand":[],"product_cat":[748],"product_tag":[401,749,54],"class_list":{"0":"post-23023","1":"product","2":"type-product","3":"status-publish","4":"has-post-thumbnail","6":"product_cat-barreras-vehiculares","7":"product_tag-acceso-vehicular","8":"product_tag-barreras-vehiculares","9":"product_tag-hikvision","11":"first","12":"instock","13":"sale","14":"shipping-taxable","15":"purchasable","16":"product-type-simple"},"_links":{"self":[{"href":"https:\/\/soydeaqui.ddns.net\/pachuca\/index.php\/wp-json\/wp\/v2\/product\/23023","targetHints":{"allow":["GET"]}}],"collection":[{"href":"https:\/\/soydeaqui.ddns.net\/pachuca\/index.php\/wp-json\/wp\/v2\/product"}],"about":[{"href":"https:\/\/soydeaqui.ddns.net\/pachuca\/index.php\/wp-json\/wp\/v2\/types\/product"}],"replies":[{"embeddable":true,"href":"https:\/\/soydeaqui.ddns.net\/pachuca\/index.php\/wp-json\/wp\/v2\/comments?post=23023"}],"wp:featuredmedia":[{"embeddable":true,"href":"https:\/\/soydeaqui.ddns.net\/pachuca\/index.php\/wp-json\/wp\/v2\/media\/23022"}],"wp:attachment":[{"href":"https:\/\/soydeaqui.ddns.net\/pachuca\/index.php\/wp-json\/wp\/v2\/media?parent=23023"}],"wp:term":[{"taxonomy":"product_brand","embeddable":true,"href":"https:\/\/soydeaqui.ddns.net\/pachuca\/index.php\/wp-json\/wp\/v2\/product_brand?post=23023"},{"taxonomy":"product_cat","embeddable":true,"href":"https:\/\/soydeaqui.ddns.net\/pachuca\/index.php\/wp-json\/wp\/v2\/product_cat?post=23023"},{"taxonomy":"product_tag","embeddable":true,"href":"https:\/\/soydeaqui.ddns.net\/pachuca\/index.php\/wp-json\/wp\/v2\/product_tag?post=23023"}],"curies":[{"name":"wp","href":"https:\/\/api.w.org\/{rel}","templated":true}]}}