{"id":23005,"date":"2026-03-18T11:08:01","date_gmt":"2026-03-18T11:08:01","guid":{"rendered":"https:\/\/soydeaqui.ddns.net\/pachuca\/index.php\/producto\/poe-2-relays-teclado-con-lector-fisico-de-qrs-para-exterior-antivandalico-ip65-ik09-con-funcion-de-videoportero-multiapartamento-tarjeta-codigo-qr-pin-o-app-hikconnect-camara-2-mp-compati\/"},"modified":"2026-03-18T11:08:04","modified_gmt":"2026-03-18T11:08:04","slug":"poe-2-relays-teclado-con-lector-fisico-de-qrs-para-exterior-antivandalico-ip65-ik09-con-funcion-de-videoportero-multiapartamento-tarjeta-codigo-qr-pin-o-app-hikconnect-camara-2-mp-compati","status":"publish","type":"product","link":"https:\/\/soydeaqui.ddns.net\/pachuca\/index.php\/producto\/poe-2-relays-teclado-con-lector-fisico-de-qrs-para-exterior-antivandalico-ip65-ik09-con-funcion-de-videoportero-multiapartamento-tarjeta-codigo-qr-pin-o-app-hikconnect-camara-2-mp-compati\/","title":{"rendered":"(PoE \/ 2 Relays) Teclado con Lector F\u00edsico de QRs para Exterior Antivand\u00e1lico IP65 &#038; IK09 con funci\u00f3n de Videoportero Multiapartamento \/ Tarjeta, C\u00f3digo QR, PIN o App HikConnect  \/ C\u00e1mara 2 MP compatible con NVRs \/"},"content":{"rendered":"<div style=\"width: 100%; max-width: 1200px; margin: 0 auto; font-family: sans-serif; line-height: 1.6; color: inherit; background-color: transparent;\"><!-- Secci\u00f3n de contenido con flex\/grid --><\/p>\n<div style=\"display: flex; flex-wrap: wrap; gap: 30px; margin-bottom: 30px;\">\n<div style=\"flex: 1 1 300px; min-width: 280px;\"><img decoding=\"async\" style=\"width: 100%; height: auto; border: 1px solid rgba(150&comma; 150&comma; 150&comma; 0.3); border-radius: 8px;\" src=\"https:\/\/ftp3.syscom.mx\/usuarios\/fespinoza\/HIKVISION\/banner_hikconnect_6.png\" alt=\"Banner HikConnect\" class=\"fr-fic fr-dii\"><\/div>\n<div style=\"flex: 1 1 300px; min-width: 280px;\">\n<h3 style=\"font-size: 22px; border-bottom: 2px solid currentColor; padding-bottom: 5px; margin-top: 0; color: inherit; opacity: 0.8;\">Administre este equipo en la Nube Aproveche Hik-Connect Teams<\/h3>\n<p><span style=\"color: #c0392b;\">* Gratis para 10 Dispositivos y 100 empleados (licenciamiento para expandir disponible).<\/span><\/p>\n<p>HikConnect Teams es una plataforma <strong>SaaS<\/strong> para la gesti&oacute;n unificada en la nube de la seguridad con mayor rentabilidad&comma; f&aacute;cil de implementar&comma; altamente escalable en todos sus niveles y extremadamente seguro.<\/p>\n<p><em><strong>*SaaS<\/strong> &#8211; Software as a Service \/ Software como servicio.<\/em><\/p>\n<ul style=\"padding-left: 20px; font-size: 15px; color: inherit;\">\n<li style=\"margin-bottom: 5px;\"><em>Administraci&oacute;n de usuarios&comma; roles&comma; y sucursales.<\/em><\/li>\n<li style=\"margin-bottom: 5px;\"><em>Sincronizaci&oacute;n autom&aacute;tica de usuarios por &aacute;reas.<\/em><\/li>\n<li style=\"margin-bottom: 5px;\"><em>Chequeo de Asistencia por App de Smartphone con ubicaci&oacute;n GPS.<\/em><\/li>\n<li style=\"margin-bottom: 5px;\"><em>Reportes de acceso y asistencia remotos.<\/em><\/li>\n<li style=\"margin-bottom: 5px;\"><em>Pases temporales para visitantes generados desde App.<\/em><\/li>\n<li style=\"margin-bottom: 5px;\"><em>Integrable con Videovigilancia&comma; Intercom&comma; Monitoreo de Veh&iacute;culos etc<\/em><\/li>\n<\/ul>\n<\/div>\n<\/div>\n<p><!-- Secci\u00f3n de cards con especificaciones --><\/p>\n<div style=\"display: flex; flex-wrap: wrap; gap: 20px; margin-bottom: 30px;\">\n<div style=\"flex: 1 1 250px; border: 1px solid rgba(150&comma; 150&comma; 150&comma; 0.4); border-radius: 8px; overflow: hidden; display: flex; flex-direction: column;\">\n<div style=\"padding: 15px; border-bottom: 1px solid rgba(150&comma; 150&comma; 150&comma; 0.2); font-weight: bold; font-size: 18px; color: inherit;\">Caracter&iacute;sticas Principales:<\/div>\n<div style=\"padding: 15px; color: inherit;\">\n<ul style=\"padding-left: 20px; margin: 0; font-size: 14px; list-style-type: disc;\">\n<li style=\"margin-bottom: 5px;\"><strong><span style=\"color: #c0392b;\">No soporta huellas.<\/span><\/strong><\/li>\n<li style=\"margin-bottom: 5px;\">Soporta 100&comma;000 Tarjetas Mifare<\/li>\n<li style=\"margin-bottom: 5px;\">300&comma;000 eventos<\/li>\n<li style=\"margin-bottom: 5px;\">C&aacute;mara de 2 MP.<\/li>\n<li style=\"margin-bottom: 5px;\">Comunicaci&oacute;n de 2 v&iacute;as<\/li>\n<li style=\"margin-bottom: 5px;\">Vista en vivo a trav&eacute;s de HikConnect<\/li>\n<li style=\"margin-bottom: 5px;\">Grabaci&oacute;n de video en NVR<\/li>\n<li style=\"margin-bottom: 5px;\"><span style=\"color: #000000;\">Control de acceso por Tarjeta&comma; C&oacute;digo QR&comma; Pin&comma; Tarjeta Virtual (Smartphone Bluetooth)&comma; o App.<\/span><\/li>\n<\/ul>\n<\/div>\n<\/div>\n<div style=\"flex: 1 1 250px; border: 1px solid rgba(150&comma; 150&comma; 150&comma; 0.4); border-radius: 8px; overflow: hidden; display: flex; flex-direction: column;\">\n<div style=\"padding: 15px; border-bottom: 1px solid rgba(150&comma; 150&comma; 150&comma; 0.2); font-weight: bold; font-size: 18px; color: inherit;\">Caracter&iacute;sticas F&iacute;sicas y El&eacute;ctricas<\/div>\n<div style=\"padding: 15px; color: inherit;\">\n<ul style=\"padding-left: 20px; margin: 0; font-size: 14px; list-style-type: disc;\">\n<li style=\"margin-bottom: 5px;\"><span style=\"color: #c0392b;\"><strong>Exterior IP65 &amp; IK08<\/strong><\/span><\/li>\n<li style=\"margin-bottom: 5px;\">Alimentaci&oacute;n <strong>PoE Estandar<\/strong> o 12 Vcc (No incluida)<\/li>\n<li style=\"margin-bottom: 5px;\">Dimensiones: 177 &times; 81 &times; 24.1 mm (W &times; D &times; H).<\/li>\n<li style=\"margin-bottom: 5px;\"><strong>TCP\/IP Cableado o WiFi.<\/strong><\/li>\n<li style=\"margin-bottom: 5px;\">1x Conexi&oacute;n RS485.<\/li>\n<li style=\"margin-bottom: 5px;\">1x Conexi&oacute;n Wiegand (solo salida).<\/li>\n<li style=\"margin-bottom: 5px;\"><strong>2x Salida de relevador para cerradura.<\/strong><\/li>\n<li style=\"margin-bottom: 5px;\">1x Bot&oacute;n REX.<\/li>\n<li style=\"margin-bottom: 5px;\">1x Sensor de puerta<\/li>\n<li style=\"margin-bottom: 5px;\">1x Entrada de Alarma<\/li>\n<li style=\"margin-bottom: 5px;\">1x Salida de Alarma<\/li>\n<\/ul>\n<\/div>\n<\/div>\n<div style=\"flex: 1 1 250px; border: 1px solid rgba(150&comma; 150&comma; 150&comma; 0.4); border-radius: 8px; overflow: hidden; display: flex; flex-direction: column;\">\n<div style=\"padding: 15px; border-bottom: 1px solid rgba(150&comma; 150&comma; 150&comma; 0.2); font-weight: bold; font-size: 18px; color: inherit;\">Caracter&iacute;sticas Destacadas:<\/div>\n<div style=\"padding: 15px; color: inherit;\">\n<ul style=\"padding-left: 20px; margin: 0; font-size: 14px; list-style-type: disc;\">\n<li style=\"margin-bottom: 5px;\">Alta de contrase&ntilde;as y c&oacute;digos QR remotamente con HikConnect Teams \/ App de Smartphone (requiere licencia).<\/li>\n<li style=\"margin-bottom: 5px;\">Acceso por horarios.<\/li>\n<li style=\"margin-bottom: 5px;\">Interfaz Web para programaci&oacute;n local con PC o Smartphone.<\/li>\n<li style=\"margin-bottom: 5px;\">Compatible con HikConnect Teams.<\/li>\n<li style=\"margin-bottom: 5px;\"><span style=\"color: #c0392b;\">Utiliza puerto 80 para agregarse a IVMS4200.<\/span><\/li>\n<li style=\"margin-bottom: 5px;\"><span style=\"color: #c0392b;\"><span style=\"color: #000000;\">Soporta lector esclavo<\/span> <span style=\"color: #000000;\">DS-K1201AMF.<\/span><\/span><\/li>\n<li style=\"margin-bottom: 5px;\"><span style=\"color: #c0392b;\">Llamada de Videoportero Multiapartamento Directo a la App Mediante HikConnect Teams<\/span><\/li>\n<\/ul>\n<\/div>\n<\/div>\n<\/div>\n<p><!-- Secci\u00f3n de consideraciones --><\/p>\n<div style=\"margin-bottom: 30px;\">\n<div style=\"border-left: 5px solid #3c57ea; border-radius: 8px; padding: 15px; border: 1px solid rgba(150&comma;150&comma;150&comma;0.3); background-color: rgba(200&comma;200&comma;200&comma;0.05);\"><strong style=\"font-size: 16px; display: block; margin-bottom: 10px; color: inherit;\">Consideraciones:<\/strong><\/p>\n<ul style=\"padding-left: 20px; margin: 0; font-size: 14px; color: inherit;\">\n<li style=\"margin-bottom: 5px;\">Los botones de llamada (timbre y tel&eacute;fono) son configurables para que puedan llamar a la App&comma; a un departamento fijo&comma; a la estaci&oacute;n de guardia\/IVMS&comma; o como funci&oacute;n Multiapartamento (digitar primero n&uacute;mero de departamento). Compatible con monitores de Videoportero IP Hikvision.<\/li>\n<\/ul>\n<\/div>\n<\/div>\n<p><!-- T\u00edtulo de funcionalidades clave --><\/p>\n<h2 style=\"text-align: center; font-size: 24px; margin-bottom: 20px; color: inherit;\">3 Funcionalidades Clave y sus Alcances<\/h2>\n<hr style=\"border: 0; border-top: 1px solid rgba(150&comma; 150&comma; 150&comma; 0.3); margin: 30px 0;\"><!-- Secci\u00f3n de videos --><\/p>\n<div style=\"display: flex; flex-wrap: wrap; gap: 30px; margin-bottom: 30px; justify-content: center;\">\n<div style=\"flex: 1 1 300px; min-width: 280px;\">\n<div style=\"position: relative; padding-bottom: 56.25%; height: 0; overflow: hidden; margin-bottom: 30px;\"> <\/div>\n<p style=\"text-align: center; font-size: 14px; color: inherit; margin-top: 10px;\"><strong>Funci&oacute;n Hot Spot Smartphone<\/strong><\/p>\n<\/div>\n<div style=\"flex: 1 1 300px; min-width: 280px;\">\n<div style=\"position: relative; padding-bottom: 56.25%; height: 0; overflow: hidden; margin-bottom: 30px;\"> <\/div>\n<p style=\"text-align: center; font-size: 14px; color: inherit; margin-top: 10px;\"><strong>Alcances con HikCentral Connect<\/strong><\/p>\n<\/div>\n<div style=\"flex: 1 1 300px; min-width: 280px;\">\n<div style=\"position: relative; padding-bottom: 56.25%; height: 0; overflow: hidden; margin-bottom: 30px;\"> <\/div>\n<p style=\"text-align: center; font-size: 14px; color: inherit; margin-top: 10px;\"><strong>Funci&oacute;n de Videoportero<\/strong><\/p>\n<\/div>\n<\/div>\n<p><!-- Secci\u00f3n de im\u00e1genes de interfaz web --><\/p>\n<div style=\"display: flex; flex-wrap: wrap; gap: 20px; margin-bottom: 30px; justify-content: center;\">\n<div style=\"flex: 1 1 250px; min-width: 280px;\">\n<div style=\"border-left: 5px solid #3c57ea; border-radius: 8px; padding: 10px; border: 1px solid rgba(150&comma;150&comma;150&comma;0.3);\"><span style=\"color: #c0392b; font-weight: bold; display: block; margin-bottom: 10px;\">INTERFAZ WEB<\/span> <img decoding=\"async\" style=\"width: 100%; height: auto; border: 1px solid rgba(150&comma; 150&comma; 150&comma; 0.3); border-radius: 8px;\" src=\"https:\/\/ftp3.syscom.mx\/usuarios\/fespinoza\/HIKVISION\/Dispositivos\/Biometricos\/DSK1T502DBFWXC\/1.jpg\" alt=\"Interfaz Web 1\" class=\"fr-fic fr-dii\"><\/div>\n<\/div>\n<div style=\"flex: 1 1 250px; min-width: 280px;\">\n<div style=\"border-left: 5px solid #3c57ea; border-radius: 8px; padding: 10px; border: 1px solid rgba(150&comma;150&comma;150&comma;0.3);\"><span style=\"color: #c0392b; font-weight: bold; display: block; margin-bottom: 10px;\">INTERFAZ WEB<\/span> <img decoding=\"async\" style=\"width: 100%; height: auto; border: 1px solid rgba(150&comma; 150&comma; 150&comma; 0.3); border-radius: 8px;\" src=\"https:\/\/ftp3.syscom.mx\/usuarios\/fespinoza\/HIKVISION\/Dispositivos\/Biometricos\/DSK1T502DBFWXC\/2.jpg\" alt=\"Interfaz Web 2\" class=\"fr-fic fr-dii\"><\/div>\n<\/div>\n<div style=\"flex: 1 1 250px; min-width: 280px;\">\n<div style=\"border-left: 5px solid #3c57ea; border-radius: 8px; padding: 10px; border: 1px solid rgba(150&comma;150&comma;150&comma;0.3);\"><span style=\"color: #c0392b; font-weight: bold; display: block; margin-bottom: 10px;\">INTERFAZ WEB<\/span> <img decoding=\"async\" style=\"width: 100%; height: auto; border: 1px solid rgba(150&comma; 150&comma; 150&comma; 0.3); border-radius: 8px;\" src=\"https:\/\/ftp3.syscom.mx\/usuarios\/fespinoza\/HIKVISION\/Dispositivos\/Biometricos\/DSK1T502DBFWXC\/3.jpg\" alt=\"Interfaz Web 3\" class=\"fr-fic fr-dii\"><\/div>\n<\/div>\n<div style=\"flex: 1 1 250px; min-width: 280px;\">\n<div style=\"border-left: 5px solid #3c57ea; border-radius: 8px; padding: 10px; border: 1px solid rgba(150&comma;150&comma;150&comma;0.3);\"><span style=\"color: #c0392b; font-weight: bold; display: block; margin-bottom: 10px;\">INTERFAZ WEB<\/span> <img decoding=\"async\" style=\"width: 100%; height: auto; border: 1px solid rgba(150&comma; 150&comma; 150&comma; 0.3); border-radius: 8px;\" src=\"https:\/\/ftp3.syscom.mx\/usuarios\/fespinoza\/HIKVISION\/Dispositivos\/Biometricos\/DSK1T502DBFWXC\/4.jpg\" alt=\"Interfaz Web 4\" class=\"fr-fic fr-dii\"><\/div>\n<\/div>\n<div style=\"flex: 1 1 250px; min-width: 280px;\">\n<div style=\"border-left: 5px solid #3c57ea; border-radius: 8px; padding: 10px; border: 1px solid rgba(150&comma;150&comma;150&comma;0.3);\"><span style=\"color: #2880b9; font-weight: bold; display: block; margin-bottom: 10px;\">HIKCENTRAL CONNECT<\/span> <img decoding=\"async\" style=\"width: 100%; height: auto; border: 1px solid rgba(150&comma; 150&comma; 150&comma; 0.3); border-radius: 8px;\" src=\"https:\/\/ftp3.syscom.mx\/usuarios\/xguereque\/hikvision\/hikcentralconnect\/imagenes\/escritorio1.png\" alt=\"HikCentral Connect 1\" class=\"fr-fic fr-dii\"><\/div>\n<\/div>\n<div style=\"flex: 1 1 250px; min-width: 280px;\">\n<div style=\"border-left: 5px solid #3c57ea; border-radius: 8px; padding: 10px; border: 1px solid rgba(150&comma;150&comma;150&comma;0.3);\"><span style=\"color: #2880b9; font-weight: bold; display: block; margin-bottom: 10px;\">HIKCENTRAL CONNECT<\/span> <img decoding=\"async\" style=\"width: 100%; height: auto; border: 1px solid rgba(150&comma; 150&comma; 150&comma; 0.3); border-radius: 8px;\" src=\"https:\/\/ftp3.syscom.mx\/usuarios\/xguereque\/hikvision\/hikcentralconnect\/imagenes\/v1.2\/video.png\" alt=\"HikCentral Connect 2\" class=\"fr-fic fr-dii\"><\/div>\n<\/div>\n<\/div>\n<\/div>\n","protected":false},"excerpt":{"rendered":"<p>(PoE \/ 2 Relays) Teclado con Lector F\u00edsico de QRs para Exterior Antivand\u00e1lico IP65 &#038; IK09 con funci\u00f3n de Videoportero Multiapartamento \/ Tarjeta, C\u00f3digo QR, PIN o App HikConnect  \/ C\u00e1mara 2 MP compatible con NVRs \/<\/p>\n","protected":false},"featured_media":23004,"comment_status":"open","ping_status":"closed","template":"","meta":[],"product_brand":[],"product_cat":[835],"product_tag":[54,836,62],"class_list":{"0":"post-23005","1":"product","2":"type-product","3":"status-publish","4":"has-post-thumbnail","6":"product_cat-todos-teclados-autonomos","7":"product_tag-hikvision","8":"product_tag-teclados-autonomos","9":"product_tag-todos","11":"first","12":"outofstock","13":"sale","14":"shipping-taxable","15":"purchasable","16":"product-type-simple"},"_links":{"self":[{"href":"https:\/\/soydeaqui.ddns.net\/pachuca\/index.php\/wp-json\/wp\/v2\/product\/23005","targetHints":{"allow":["GET"]}}],"collection":[{"href":"https:\/\/soydeaqui.ddns.net\/pachuca\/index.php\/wp-json\/wp\/v2\/product"}],"about":[{"href":"https:\/\/soydeaqui.ddns.net\/pachuca\/index.php\/wp-json\/wp\/v2\/types\/product"}],"replies":[{"embeddable":true,"href":"https:\/\/soydeaqui.ddns.net\/pachuca\/index.php\/wp-json\/wp\/v2\/comments?post=23005"}],"wp:featuredmedia":[{"embeddable":true,"href":"https:\/\/soydeaqui.ddns.net\/pachuca\/index.php\/wp-json\/wp\/v2\/media\/23004"}],"wp:attachment":[{"href":"https:\/\/soydeaqui.ddns.net\/pachuca\/index.php\/wp-json\/wp\/v2\/media?parent=23005"}],"wp:term":[{"taxonomy":"product_brand","embeddable":true,"href":"https:\/\/soydeaqui.ddns.net\/pachuca\/index.php\/wp-json\/wp\/v2\/product_brand?post=23005"},{"taxonomy":"product_cat","embeddable":true,"href":"https:\/\/soydeaqui.ddns.net\/pachuca\/index.php\/wp-json\/wp\/v2\/product_cat?post=23005"},{"taxonomy":"product_tag","embeddable":true,"href":"https:\/\/soydeaqui.ddns.net\/pachuca\/index.php\/wp-json\/wp\/v2\/product_tag?post=23005"}],"curies":[{"name":"wp","href":"https:\/\/api.w.org\/{rel}","templated":true}]}}