{"id":22851,"date":"2026-03-18T11:05:14","date_gmt":"2026-03-18T11:05:14","guid":{"rendered":"https:\/\/soydeaqui.ddns.net\/pachuca\/index.php\/producto\/unifi-protect-g6-entry-video-portero-para-acceso-con-audio-bidireccional-detecciones-inteligentes-y-reconocimiento-facial-con-vision-nocturna-ir-acceso-por-nfc\/"},"modified":"2026-03-18T11:05:21","modified_gmt":"2026-03-18T11:05:21","slug":"unifi-protect-g6-entry-video-portero-para-acceso-con-audio-bidireccional-detecciones-inteligentes-y-reconocimiento-facial-con-vision-nocturna-ir-acceso-por-nfc","status":"publish","type":"product","link":"https:\/\/soydeaqui.ddns.net\/pachuca\/index.php\/producto\/unifi-protect-g6-entry-video-portero-para-acceso-con-audio-bidireccional-detecciones-inteligentes-y-reconocimiento-facial-con-vision-nocturna-ir-acceso-por-nfc\/","title":{"rendered":"UniFi Protect G6 Entry \u2013 Video Portero para Acceso con Audio Bidireccional, Detecciones Inteligentes y Reconocimiento Facial, con Visi\u00f3n Nocturna IR, Acceso por NFC"},"content":{"rendered":"<div style='width: 100%; max-width: 1200px; margin: 0 auto; font-family: sans-serif; line-height: 1.6; color: inherit; background-color: transparent;'> <!-- Hero Section --> <\/p>\n<div style='display: flex; flex-wrap: wrap; gap: 30px; align-items: center; border: 1px solid rgba(150&comma;150&comma;150&comma;0.3); border-radius: 12px; padding: 20px; margin-bottom: 30px;'>\n<div style='flex: 1 1 320px; min-width: 280px;'> <!-- Video con fallback image --> <\/p>\n<div style='position: relative; width: 100%;'> <video src='https:\/\/ftp3.syscom.mx\/usuarios\/adiaz\/Ubiquiti\/Imagenes\/UVCG6ENTRY\/loop.mp4' autoplay muted loop playsinline preload='metadata' style='width: 100%; height: auto; border: 1px solid rgba(150&comma;150&comma;150&comma;0.3); border-radius: 12px; display: block; background-color: transparent;'> <img src='https:\/\/ftp3.syscom.mx\/usuarios\/adiaz\/Ubiquiti\/Imagenes\/UVCG6ENTRY\/vista1.png' alt='Ubiquiti UVC-G5-PTZ' style='width: 100%; height: auto; border: 1px solid rgba(150&comma;150&comma;150&comma;0.3); border-radius: 12px; display: block; background-color: transparent;'> <\/video> <\/div>\n<\/p><\/div>\n<div style='flex: 1 1 360px; min-width: 280px;'>\n<h2 style='font-size: 26px; margin: 0 0 10px; color: inherit;'>G6 Entry<\/h2>\n<div style='margin: 0 0 15px; font-weight: 600; opacity: 0.8; color: inherit;'>Modelo: <span style='font-weight: 700; opacity: 1; color: inherit;'>UVC-G6-Entry<\/span><\/div>\n<p style='margin: 0; color: inherit;'> Intercom\/doorbell para acceso con <strong style='color: inherit;'>audio bidireccional<\/strong>&comma; <strong style='color: inherit;'>detecciones inteligentes<\/strong> y <strong style='color: inherit;'>reconocimiento facial<\/strong>&comma; con <strong style='color: inherit;'>visi\u00f3n nocturna IR<\/strong>&comma; acceso por <strong style='color: inherit;'>NFC<\/strong>&comma; alimentado por <strong style='color: inherit;'>PoE+<\/strong>. <\/p>\n<\/p><\/div>\n<\/p><\/div>\n<p> <!-- Especificaciones Section --> <\/p>\n<div style='text-align: center; margin: 30px 0 20px;'> <span style='font-size: 22px; font-weight: 700; color: inherit; border-bottom: 2px solid currentColor; padding-bottom: 5px; display: inline-block;'>Especificaciones<\/span> <\/div>\n<p> <!-- Specifications Grid --> <\/p>\n<div style='display: flex; flex-wrap: wrap; gap: 20px; margin-bottom: 30px;'> <!-- Card: F\u00edsicas y montaje --> <\/p>\n<div style='flex: 1 1 250px; border: 1px solid rgba(150&comma; 150&comma; 150&comma; 0.4); border-radius: 8px; overflow: hidden; display: flex; flex-direction: column;'>\n<div style='padding: 15px; border-bottom: 1px solid rgba(150&comma; 150&comma; 150&comma; 0.2); font-weight: bold; font-size: 18px; color: inherit;'>F\u00edsicas&comma; montaje y protecci\u00f3n<\/div>\n<div style='padding: 15px; color: inherit;'>\n<ul style='padding-left: 20px; margin: 0; font-size: 14px; list-style-type: disc;'>\n<li style='margin-bottom: 5px;'><strong style='color: inherit;'>Dimensiones<\/strong>: 176 \u00d7 45 \u00d7 29.6 mm (6.9 \u00d7 1.8 \u00d7 1.2&#8242;)<\/li>\n<li style='margin-bottom: 5px;'><strong style='color: inherit;'>Peso<\/strong>: 275 g (9.7 oz)<\/li>\n<li style='margin-bottom: 5px;'><strong style='color: inherit;'>Material del gabinete<\/strong>: aluminio<\/li>\n<li style='margin-bottom: 5px;'><strong style='color: inherit;'>Resistencia a intemperie<\/strong>: IP55<\/li>\n<li style='margin-bottom: 5px;'><strong style='color: inherit;'>Resistencia a manipulaci\u00f3n<\/strong>: IK07<\/li>\n<li style='margin-bottom: 5px;'><strong style='color: inherit;'>Montaje<\/strong>: pared&comma; placa para gangbox y cu\u00f1a 20\u00b0 (incluidos); caja de conexiones (opcional)<\/li>\n<\/ul><\/div>\n<\/p><\/div>\n<p> <!-- Card: Video&comma; audio e IA --> <\/p>\n<div style='flex: 1 1 250px; border: 1px solid rgba(150&comma; 150&comma; 150&comma; 0.4); border-radius: 8px; overflow: hidden; display: flex; flex-direction: column;'>\n<div style='padding: 15px; border-bottom: 1px solid rgba(150&comma; 150&comma; 150&comma; 0.2); font-weight: bold; font-size: 18px; color: inherit;'>Video&comma; audio e inteligencia<\/div>\n<div style='padding: 15px; color: inherit;'>\n<ul style='padding-left: 20px; margin: 0; font-size: 14px; list-style-type: disc;'>\n<li style='margin-bottom: 5px;'><strong style='color: inherit;'>Resoluci\u00f3n<\/strong>: c\u00e1mara principal 5MP; c\u00e1mara de paquete 8MP<\/li>\n<li style='margin-bottom: 5px;'><strong style='color: inherit;'>FPS m\u00e1x.<\/strong>: principal 30 FPS; paquete 3 FPS<\/li>\n<li style='margin-bottom: 5px;'><strong style='color: inherit;'>Resoluci\u00f3n m\u00e1x.<\/strong>\n<div style='margin-top: 4px; font-size: 14px; opacity: 0.8; color: inherit;'>Principal: 5MP&comma; 1920 \u00d7 2560 (3:4)<br \/>Paquete: 8MP&comma; 3264 \u00d7 2448 (4:3)<\/div>\n<\/li>\n<li style='margin-bottom: 5px;'><strong style='color: inherit;'>Campo de visi\u00f3n<\/strong>\n<div style='margin-top: 4px; font-size: 14px; opacity: 0.8; color: inherit;'>Principal: H 100\u00b0&comma; V 135\u00b0&comma; D 180\u00b0<br \/>Paquete: H 66\u00b0&comma; V 51.7\u00b0&comma; D 78\u00b0<\/div>\n<\/li>\n<li style='margin-bottom: 5px;'><strong style='color: inherit;'>Visi\u00f3n nocturna IR<\/strong>: hasta 5 m (16 ft)<\/li>\n<li style='margin-bottom: 5px;'><strong style='color: inherit;'>Audio<\/strong>: bidireccional<\/li>\n<li style='margin-bottom: 5px;'><strong style='color: inherit;'>Detecciones inteligentes<\/strong> (personas&comma; veh\u00edculos&comma; animales): \u2713<\/li>\n<li style='margin-bottom: 5px;'><strong style='color: inherit;'>Reconocimiento facial<\/strong>: \u2713<\/li>\n<li style='margin-bottom: 5px;'><strong style='color: inherit;'>Ajustes de imagen<\/strong>: color&comma; brillo&comma; nitidez&comma; contraste&comma; balance de blancos&comma; control de exposici\u00f3n&comma; 2DNR&comma; 3DNR&comma; reducci\u00f3n de ruido por movimiento&comma; enmascaramiento&comma; texto en pantalla&comma; HDR<\/li>\n<\/ul><\/div>\n<\/p><\/div>\n<p> <!-- Card: Red&comma; energ\u00eda&comma; acceso y cumplimiento --> <\/p>\n<div style='flex: 1 1 250px; border: 1px solid rgba(150&comma; 150&comma; 150&comma; 0.4); border-radius: 8px; overflow: hidden; display: flex; flex-direction: column;'>\n<div style='padding: 15px; border-bottom: 1px solid rgba(150&comma; 150&comma; 150&comma; 0.2); font-weight: bold; font-size: 18px; color: inherit;'>Red&comma; energ\u00eda&comma; acceso y cumplimiento<\/div>\n<div style='padding: 15px; color: inherit;'>\n<ul style='padding-left: 20px; margin: 0; font-size: 14px; list-style-type: disc;'>\n<li style='margin-bottom: 5px;'><strong style='color: inherit;'>Interfaz de red<\/strong>: puerto GbE RJ45<\/li>\n<li style='margin-bottom: 5px;'><strong style='color: inherit;'>Conectividad<\/strong>: BLE 4.1&comma; NFC<\/li>\n<li style='margin-bottom: 5px;'><strong style='color: inherit;'>M\u00e9todo de alimentaci\u00f3n<\/strong>: PoE+<\/li>\n<li style='margin-bottom: 5px;'><strong style='color: inherit;'>Rango de voltaje soportado<\/strong>: 42\u201357 V CC<\/li>\n<li style='margin-bottom: 5px;'><strong style='color: inherit;'>Consumo m\u00e1ximo<\/strong>: 16 W<\/li>\n<li style='margin-bottom: 5px;'><strong style='color: inherit;'>Acceso<\/strong>: NFC (tarjetas\/llaveros)&comma; Apple\/Google Wallet&comma; desbloqueo m\u00f3vil&comma; intercom y doorbell: \u2713<\/li>\n<li style='margin-bottom: 5px;'><strong style='color: inherit;'>Botones<\/strong>: (1) timbre&comma; (1) reset de f\u00e1brica&comma; (1) switch antimanipulaci\u00f3n<\/li>\n<li style='margin-bottom: 5px;'><strong style='color: inherit;'>Indicadores LED<\/strong>: R\/G\/B\/W<\/li>\n<li style='margin-bottom: 5px;'><strong style='color: inherit;'>Temperatura de operaci\u00f3n<\/strong>: -30 a 50 \u00b0C (-22 a 122 \u00b0F)<\/li>\n<li style='margin-bottom: 5px;'><strong style='color: inherit;'>Humedad de operaci\u00f3n<\/strong>: 5 a 90% sin condensaci\u00f3n<\/li>\n<li style='margin-bottom: 5px;'><strong style='color: inherit;'>Cumplimiento NDAA<\/strong>: \u2713<\/li>\n<li style='margin-bottom: 5px;'><strong style='color: inherit;'>Certificaciones<\/strong>: CE&comma; FCC&comma; IC<\/li>\n<\/ul><\/div>\n<\/p><\/div>\n<\/p><\/div>\n<p> <!-- Vista del producto --> <\/p>\n<div style='border: 1px solid rgba(150&comma;150&comma;150&comma;0.3); border-radius: 8px; padding: 20px; margin-top: 30px; text-align: center;'>\n<h3 style='font-size: 20px; margin: 0 0 15px; color: inherit; border-bottom: 2px solid currentColor; padding-bottom: 5px; display: inline-block;'>Vista del producto<\/h3>\n<div style='display: flex; flex-wrap: wrap; justify-content: center; gap: 20px; margin-top: 15px;'> <img src='https:\/\/ftp3.syscom.mx\/usuarios\/adiaz\/Ubiquiti\/Imagenes\/UVCG6ENTRY\/vista1.png' alt='UVC-G6-Entry vista 1' style='width: 100%; max-width: 480px; height: auto; border: 1px solid rgba(150&comma;150&comma;150&comma;0.3); border-radius: 8px;'> <img src='https:\/\/ftp3.syscom.mx\/usuarios\/adiaz\/Ubiquiti\/Imagenes\/UVCG6ENTRY\/vista2.png' alt='UVC-G6-Entry vista 2' style='width: 100%; max-width: 480px; height: auto; border: 1px solid rgba(150&comma;150&comma;150&comma;0.3); border-radius: 8px;'> <\/div>\n<\/p><\/div>\n<p> <!-- Contenido del paquete --> <\/p>\n<div style='border: 1px solid rgba(150&comma;150&comma;150&comma;0.3); border-radius: 8px; padding: 20px; margin-top: 30px; text-align: center;'>\n<h3 style='font-size: 20px; margin: 0 0 15px; color: inherit; border-bottom: 2px solid currentColor; padding-bottom: 5px; display: inline-block;'>Contenido del Paquete<\/h3>\n<p> <img src='https:\/\/ftp3.syscom.mx\/usuarios\/adiaz\/Ubiquiti\/Imagenes\/UVCG6ENTRY\/contenido.png' alt='Contenido del paquete UVC-G6-Entry' style='width: 100%; max-width: 600px; height: auto; border: 1px solid rgba(150&comma;150&comma;150&comma;0.3); border-radius: 8px; margin-top: 15px;'> <\/div>\n<p> <!-- Separador final --> <\/p>\n<hr style='border: 0; border-top: 1px solid rgba(150&comma;150&comma;150&comma;0.3); margin: 30px 0;'> <\/div>\n","protected":false},"excerpt":{"rendered":"<p>UniFi Protect G6 Entry \u2013 Video Portero para Acceso con Audio Bidireccional, Detecciones Inteligentes y Reconocimiento Facial, con Visi\u00f3n Nocturna IR, Acceso por NFC<\/p>\n","protected":false},"featured_media":22850,"comment_status":"open","ping_status":"closed","template":"","meta":[],"product_brand":[],"product_cat":[788],"product_tag":[789,166,557],"class_list":{"0":"post-22851","1":"product","2":"type-product","3":"status-publish","4":"has-post-thumbnail","6":"product_cat-intercomunicadores","7":"product_tag-intercomunicadores","8":"product_tag-ubiquiti","9":"product_tag-videoporteros-e-interfonos","11":"first","12":"outofstock","13":"sale","14":"shipping-taxable","15":"purchasable","16":"product-type-simple"},"_links":{"self":[{"href":"https:\/\/soydeaqui.ddns.net\/pachuca\/index.php\/wp-json\/wp\/v2\/product\/22851","targetHints":{"allow":["GET"]}}],"collection":[{"href":"https:\/\/soydeaqui.ddns.net\/pachuca\/index.php\/wp-json\/wp\/v2\/product"}],"about":[{"href":"https:\/\/soydeaqui.ddns.net\/pachuca\/index.php\/wp-json\/wp\/v2\/types\/product"}],"replies":[{"embeddable":true,"href":"https:\/\/soydeaqui.ddns.net\/pachuca\/index.php\/wp-json\/wp\/v2\/comments?post=22851"}],"wp:featuredmedia":[{"embeddable":true,"href":"https:\/\/soydeaqui.ddns.net\/pachuca\/index.php\/wp-json\/wp\/v2\/media\/22850"}],"wp:attachment":[{"href":"https:\/\/soydeaqui.ddns.net\/pachuca\/index.php\/wp-json\/wp\/v2\/media?parent=22851"}],"wp:term":[{"taxonomy":"product_brand","embeddable":true,"href":"https:\/\/soydeaqui.ddns.net\/pachuca\/index.php\/wp-json\/wp\/v2\/product_brand?post=22851"},{"taxonomy":"product_cat","embeddable":true,"href":"https:\/\/soydeaqui.ddns.net\/pachuca\/index.php\/wp-json\/wp\/v2\/product_cat?post=22851"},{"taxonomy":"product_tag","embeddable":true,"href":"https:\/\/soydeaqui.ddns.net\/pachuca\/index.php\/wp-json\/wp\/v2\/product_tag?post=22851"}],"curies":[{"name":"wp","href":"https:\/\/api.w.org\/{rel}","templated":true}]}}