{"id":22819,"date":"2026-03-18T11:04:39","date_gmt":"2026-03-18T11:04:39","guid":{"rendered":"https:\/\/soydeaqui.ddns.net\/pachuca\/index.php\/producto\/detector-de-metales-escaner-de-pies\/"},"modified":"2026-03-18T11:04:40","modified_gmt":"2026-03-18T11:04:40","slug":"detector-de-metales-escaner-de-pies","status":"publish","type":"product","link":"https:\/\/soydeaqui.ddns.net\/pachuca\/index.php\/producto\/detector-de-metales-escaner-de-pies\/","title":{"rendered":"Detector de metales \/ Esc\u00e1ner de pies"},"content":{"rendered":"<div style='width: 100%; max-width: 1200px; margin: 0 auto; font-family: sans-serif; line-height: 1.6; color: inherit; background-color: transparent;'>\n<div style='display: flex; flex-wrap: wrap; gap: 30px; margin-bottom: 30px;'>\n<div style='flex: 1 1 300px; min-width: 280px;'>\n<h3 style='font-size: 22px; border-bottom: 2px solid currentColor; padding-bottom: 5px; margin-top: 0; color: inherit; opacity: 0.8;'>Descripci\u00f3n General<\/h3>\n<p style='font-size: 14px; color: inherit;'>El Ranger Intelliscan Thirty-three-Zone utiliza un sensor m\u00faltiple de onda continua \u00fanico&comma; un procesador integrado analiza los datos de varios sensores individualmente. Cuenta con un panel de visualizaci\u00f3n de alarmas el cual muestra la apertura del arco&comma; mostrando treinta y tres zonas de detecci\u00f3n separadas. El Intelliscan Thirty-three-Zone usa autodiagn\u00f3sticos que monitorean la electr\u00f3nica ambiental&comma; condiciones de interferencia y sobrecarga de metal. El panel de visualizaci\u00f3n de alarmas incluye un gr\u00e1fico de barras de fuerza de se\u00f1al de doce segmentos que proporciona una indicaci\u00f3n del tama\u00f1o y la fuerza del objeto. Intelliscan elimina los problemas comunes de los detectores&comma; como falsas alarmas&comma; detecci\u00f3n desigual&comma; interferencia externa y funcionamiento inconsistente.<\/p>\n<\/p><\/div>\n<\/p><\/div>\n<div style='display: flex; flex-wrap: wrap; gap: 30px; margin-bottom: 30px;'>\n<div style='flex: 1 1 300px; min-width: 280px;'>\n<h3 style='font-size: 22px; border-bottom: 2px solid currentColor; padding-bottom: 5px; margin-top: 0; color: inherit; opacity: 0.8;'>Caracter\u00edsticas del Sensor FOOT<\/h3>\n<p style='font-size: 14px; color: inherit;'>El sensor FOOT es un detector de metales de f\u00e1cil uso dise\u00f1ado para detectar objetos met\u00e1licos ocultos en la zona de los pies. Sus sensores de medici\u00f3n de alta precisi\u00f3n est\u00e1n alojados en una robusta estructura de madera de abedul b\u00e1ltico&comma; recubierta con pintura resistente a la radiofrecuencia para una mejor supresi\u00f3n de interferencias electromagn\u00e9ticas. Los sensores ofrecen una detecci\u00f3n instant\u00e1nea y de alta sensibilidad&comma; detectando la mayor\u00eda de las aleaciones met\u00e1licas ferrosas y no ferrosas.<\/p>\n<\/p><\/div>\n<\/p><\/div>\n<div style='display: flex; flex-wrap: wrap; gap: 30px; margin-bottom: 30px;'>\n<div style='flex: 1 1 300px; min-width: 280px;'>\n<h3 style='font-size: 22px; border-bottom: 2px solid currentColor; padding-bottom: 5px; margin-top: 0; color: inherit; opacity: 0.8;'>Im\u00e1genes<\/h3>\n<div style='width: 100%; max-width: 586px; margin: 0 auto;'> <img style='width: 100%; height: auto; border: 1px solid rgba(150&comma;150&comma;150&comma;0.3); border-radius: 8px;' src='https:\/\/ftp3.syscom.mx\/usuarios\/vestrada\/IngenieroVictor\/Ranger.jpg' alt='Detector de metales Ranger Security Detectors BIGFOOT' \/> <\/div>\n<\/p><\/div>\n<\/p><\/div>\n<\/p><\/div>\n","protected":false},"excerpt":{"rendered":"<p>Detector de metales \/ Esc\u00e1ner de pies<\/p>\n","protected":false},"featured_media":32,"comment_status":"open","ping_status":"closed","template":"","meta":[],"product_brand":[],"product_cat":[826],"product_tag":[827,904],"class_list":{"0":"post-22819","1":"product","2":"type-product","3":"status-publish","4":"has-post-thumbnail","6":"product_cat-detectores-de-metal-detectores-de-metal","7":"product_tag-detectores-de-metal","8":"product_tag-ranger-security-detectors","10":"first","11":"outofstock","12":"sale","13":"shipping-taxable","14":"purchasable","15":"product-type-simple"},"_links":{"self":[{"href":"https:\/\/soydeaqui.ddns.net\/pachuca\/index.php\/wp-json\/wp\/v2\/product\/22819","targetHints":{"allow":["GET"]}}],"collection":[{"href":"https:\/\/soydeaqui.ddns.net\/pachuca\/index.php\/wp-json\/wp\/v2\/product"}],"about":[{"href":"https:\/\/soydeaqui.ddns.net\/pachuca\/index.php\/wp-json\/wp\/v2\/types\/product"}],"replies":[{"embeddable":true,"href":"https:\/\/soydeaqui.ddns.net\/pachuca\/index.php\/wp-json\/wp\/v2\/comments?post=22819"}],"wp:featuredmedia":[{"embeddable":true,"href":"https:\/\/soydeaqui.ddns.net\/pachuca\/index.php\/wp-json\/wp\/v2\/media\/32"}],"wp:attachment":[{"href":"https:\/\/soydeaqui.ddns.net\/pachuca\/index.php\/wp-json\/wp\/v2\/media?parent=22819"}],"wp:term":[{"taxonomy":"product_brand","embeddable":true,"href":"https:\/\/soydeaqui.ddns.net\/pachuca\/index.php\/wp-json\/wp\/v2\/product_brand?post=22819"},{"taxonomy":"product_cat","embeddable":true,"href":"https:\/\/soydeaqui.ddns.net\/pachuca\/index.php\/wp-json\/wp\/v2\/product_cat?post=22819"},{"taxonomy":"product_tag","embeddable":true,"href":"https:\/\/soydeaqui.ddns.net\/pachuca\/index.php\/wp-json\/wp\/v2\/product_tag?post=22819"}],"curies":[{"name":"wp","href":"https:\/\/api.w.org\/{rel}","templated":true}]}}