{"id":2279,"date":"2026-03-18T05:55:27","date_gmt":"2026-03-18T05:55:27","guid":{"rendered":"https:\/\/soydeaqui.ddns.net\/pachuca\/index.php\/producto\/kit-alarma-vecinal-con-funcion-programacion-100-via-web\/"},"modified":"2026-03-18T05:55:27","modified_gmt":"2026-03-18T05:55:27","slug":"kit-alarma-vecinal-con-funcion-programacion-100-via-web","status":"publish","type":"product","link":"https:\/\/soydeaqui.ddns.net\/pachuca\/index.php\/producto\/kit-alarma-vecinal-con-funcion-programacion-100-via-web\/","title":{"rendered":"KIT ALARMA VECINAL Con Funcion Programaci\u00f3n 100% v\u00eda WEB"},"content":{"rendered":"<div style='width: 100%; max-width: 1200px; margin: 0 auto; font-family: sans-serif; line-height: 1.6; color: inherit; background-color: transparent;'>\n<div style='display: flex; flex-direction: column; align-items: center; margin-bottom: 30px;'> <img style='width: 100%; max-width: 1000px; height: auto; border: 1px solid rgba(150&comma;150&comma;150&comma;0.3); border-radius: 8px;' src='https:\/\/ftp3.syscom.mx\/usuarios\/vvega\/M2M\/pro4gen2\/PRO4GLTEM_web.jpg' alt=''> <\/div>\n<div style='display: flex; flex-direction: column; align-items: center; margin-bottom: 30px;'> <img style='width: 100%; max-width: 300px; height: auto; border: 1px solid rgba(150&comma;150&comma;150&comma;0.3); border-radius: 8px;' src='https:\/\/ftp3.syscom.mx\/usuarios\/vvega\/M2M\/pro4gen2\/pro4gen2.jpg' alt=''> <\/div>\n<div style='margin-bottom: 30px;'>\n<h3 style='font-size: 22px; border-bottom: 2px solid currentColor; padding-bottom: 5px; margin: 0 auto 0 auto; color: inherit; opacity: 0.8; text-align: center;'>Panel de Alarma Cloud Hibrido Certificacion UL<\/h3>\n<p style='text-align: center; margin: 10px 70px 50px 70px; font-size: 15px; color: inherit;'>Panel de Alarma hibrido con comunicador 4GLTEM incluido&comma; totalmente compatible con inalambricos Honeywell (serie 5800) y SFIRE (serie SFWST)&comma; control remoto por medio de smartphone.<\/p>\n<p style='text-align: center; margin: 10px 70px 50px 70px; font-size: 15px; color: inherit;'>Programaci\u00f3n del panel via smarphone \/ Nube&comma; disfrute de una progamaci\u00f3n sencilla&comma; sin complicaciones&comma; evite traslados innecesarios para cambios en el panel.<\/p>\n<\/p><\/div>\n<div style='margin-bottom: 30px;'>\n<h3 style='font-size: 18px; border-bottom: 2px solid currentColor; padding-bottom: 5px; margin: 0 auto 0 auto; color: inherit; opacity: 0.8; text-align: center;'>Este KIT Incluye lo siguiente:<\/h3>\n<ul style='padding-left: 20px; font-size: 15px; color: inherit; list-style-type: disc; text-align: center;'>\n<li style='margin-bottom: 5px;'>1 x Panel de Alarma Hibrido <a style='color: inherit; text-decoration: underline;' href='https:\/\/www.syscom.mx\/principal\/searchcont?route=PRO4GEN2-M2M-SERVICES-204728&#038;autodetect=pro4' target='_blank' rel='noopener'>PRO4GEN2<\/a><\/li>\n<li style='margin-bottom: 5px;'>1 x Transformador 16 Vca<\/li>\n<li style='margin-bottom: 5px;'>1 x Bateria 1.2 Ah<\/li>\n<li style='margin-bottom: 5px;'>1 x Control remoto <a style='color: inherit; text-decoration: underline;' href='https:\/\/www.syscom.mx\/principal\/searchcont?route=SFWST102-SFIRE-161486&#038;autodetect=sfwst' target='_blank' rel='noopener'>SFWST102<\/a><\/li>\n<li style='margin-bottom: 5px;'>1 x Sirena \/ Estrobo para Exterior <a style='color: inherit; text-decoration: underline;' href='https:\/\/www.syscom.mx\/producto\/SF-06R-SFIRE-144772.html' target='_blank' rel='noopener'>SF-06R<\/a><\/li>\n<li style='margin-bottom: 5px;'>1 x Boton Panico Inalambrico <a style='color: inherit; text-decoration: underline;' href='https:\/\/www.syscom.mx\/producto\/SF-PANIC-345-SFIRE-218323.html' target='_blank' rel='noopener'>SFPANIC345<\/a><\/li>\n<\/ul><\/div>\n<div style='display: flex; flex-wrap: wrap; gap: 30px; margin-bottom: 30px;'>\n<div style='flex: 1 1 300px; min-width: 280px; border: 1px solid rgba(150&comma; 150&comma; 150&comma; 0.4); border-radius: 8px; overflow: hidden;'>\n<div style='background-color: rgba(238&comma; 238&comma; 238&comma; 0.3); padding: 15px;'> <img style='width: 100%; height: auto; border: none; border-radius: 0;' src='https:\/\/ftp3.syscom.mx\/usuarios\/fotos\/BancoFotografiasSyscom\/M2MSERVICES\/PRO4GLTEM\/PRO4GLTEM-AD-3-l.PNG' alt=''> <\/div>\n<div style='padding: 15px;'>\n<h4 style='font-size: 18px; color: inherit; margin-top: 0;'>A prueba del Futuro&comma; Red 4G-LTEM<\/h4>\n<p style='color: gray; font-size: 14px; margin-top: 0;'>Principales<\/p>\n<ul style='padding-left: 20px; font-size: 14px; color: inherit; list-style-type: disc;'>\n<li style='margin-bottom: 8px;'>Cuenta M2M de Administraci\u00f3n gratuita&comma; usuarios&comma; configuraci\u00f3n&comma; activaci\u00f3n o suspenci\u00f3n del servicio.<\/li>\n<li style='margin-bottom: 8px;'><strong>Hasta 100 usuarios diferentes<\/strong>&comma; conozca quien activa la alarma en todo momento<\/li>\n<li style='margin-bottom: 8px;'>Logo de tu empresa GRATIS en la APP.<\/li>\n<li style='margin-bottom: 8px;'><strong>SIM Multicarrier<\/strong> incluido (Telcel&comma; Movistar&comma; AT&#038;T&comma; Iusacell).<\/li>\n<li style='margin-bottom: 8px;'>Incluye<strong> 2 A\u00d1OS servicio 4GLTEM sin Costo.<\/strong><\/li>\n<li style='margin-bottom: 8px;'>A\u00f1o adicional agregando <a style='color: inherit; text-decoration: underline;' href='https:\/\/www.syscom.mx\/principal\/searchcont?route=VOUCHERLTEM-M2M-SERVICES-188046&#038;autodetect=voucherltem' target='_blank' rel='noopener'>VOUCHERLTEM.<\/a><\/li>\n<li style='margin-bottom: 8px;'><strong>NOTA<\/strong>: <em>Si el voucher no es renovado dentro del mes correspondiente&comma; el equipo pasara a suspendido y se tendra que adquirir un REACTIVAM2M + VOUCHERLTEM<\/em><\/li>\n<\/ul><\/div>\n<\/p><\/div>\n<div style='flex: 1 1 300px; min-width: 280px; border: 1px solid rgba(150&comma; 150&comma; 150&comma; 0.4); border-radius: 8px; overflow: hidden;'>\n<div style='background-color: rgba(238&comma; 238&comma; 238&comma; 0.3); padding: 15px;'> <img style='width: 100%; height: auto; border: none; border-radius: 0;' src='https:\/\/ftp3.syscom.mx\/usuarios\/vvega\/M2M\/pro4gen2\/PRO4GEN2%20-%20RControl.png' alt=''> <\/div>\n<div style='padding: 15px;'>\n<h4 style='font-size: 18px; color: inherit; margin-top: 0;'>2 A\u00f1os de Servicio GRATIS<\/h4>\n<p style='color: gray; font-size: 14px; margin-top: 0;'>Especificaciones Tecnicas Panel Alarma<\/p>\n<ul style='padding-left: 20px; font-size: 14px; color: inherit; list-style-type: disc;'>\n<li style='margin-bottom: 8px;'>Doble SIM Interconstruido 4G-LTEM<\/li>\n<li style='margin-bottom: 8px;'>2 Particiones<\/li>\n<li style='margin-bottom: 8px;'>8 Zonas cableadas (acepta doblaje)<\/li>\n<li style='margin-bottom: 8px;'>32 Zonas inalambricas (345 Mhz).<\/li>\n<li style='margin-bottom: 8px;'><strong>Soporta hasta 16 Controles Remotos<\/strong>.<\/li>\n<li style='margin-bottom: 8px;'><strong>1 salida de Sirena y 1 salida programable (puede conectar sirenas externas por medio de un relevador)<\/strong><\/li>\n<li style='margin-bottom: 8px;'>Receptor de zonas inalambricas interconstruido.<\/li>\n<li style='margin-bottom: 8px;'><strong>Sirena Piezoelectrico interna (100dB)<\/strong>.<\/li>\n<li style='margin-bottom: 8px;'>Fuente Principal de 14 a 16 Vca<\/li>\n<li style='margin-bottom: 8px;'>Cargador bateria resplado 12V<\/li>\n<li style='margin-bottom: 8px;'>Antena: SMA&comma; 50 ohms.<\/li>\n<\/ul><\/div>\n<\/p><\/div>\n<div style='flex: 1 1 300px; min-width: 280px; border: 1px solid rgba(150&comma; 150&comma; 150&comma; 0.4); border-radius: 8px; overflow: hidden;'>\n<div style='background-color: rgba(238&comma; 238&comma; 238&comma; 0.3); padding: 15px;'> <img style='width: 100%; height: auto; border: none; border-radius: 0;' src='https:\/\/ftp3.syscom.mx\/usuarios\/fotos\/BancoFotografiasSyscom\/M2MSERVICES\/PRO4GLTEM\/PRO4GLTEM-AD-1-l.PNG' alt=''> <\/div>\n<div style='padding: 15px;'>\n<h4 style='font-size: 18px; color: inherit; margin-top: 0;'>Peque\u00f1o y Ligero<\/h4>\n<p style='color: gray; font-size: 14px; margin-top: 0;'>Soluci\u00f3n Ideal para Alarmas Vecinales<\/p>\n<ul style='padding-left: 20px; font-size: 14px; color: inherit; list-style-type: disc;'>\n<li style='margin-bottom: 8px;'>Las configuraciones Generales para este Sistema Vecinal se pueden revisar <strong><a style='color: inherit; text-decoration: underline;' href='https:\/\/soporte.syscom.mx\/es\/articles\/3917282-pro4gltem-pro4gen2-alarma-vecinal-con-aplicacion-que-identifica-quien-la-activo' target='_blank' rel='noopener'>dando clic Aqui<\/a><\/strong><\/li>\n<li style='margin-bottom: 8px;'>Posibilidad de <strong>conectar Sirenas \/ Estrobos cableados<\/strong> por medio de un relevador<\/li>\n<li style='margin-bottom: 8px;'><strong>Compatible con Sirena Inalambrica<\/strong> modelo SF70WK&comma;<strong> <a style='color: inherit; text-decoration: underline;' href='https:\/\/soporte.syscom.mx\/es\/articles\/3509588-sfire-configuracion-de-sirena-sf70w-con-panel-pro4gltem' target='_blank' rel='noopener'>configuraci\u00f3n en este tutorial<\/a><\/strong><\/li>\n<li style='margin-bottom: 8px;'>Tambien puedes <strong>extender la cobertura<\/strong> del sistema por medio de relevadores inalambricos de <strong>hasta 1KM<\/strong> <strong><a style='color: inherit; text-decoration: underline;' href='https:\/\/soporte.syscom.mx\/es\/articles\/6380545-yonusa-pro4gen2-kl110-alarma-vecinal-multipunto' target='_blank' rel='noopener'>siguiendo esta sencilla guia.<\/a><\/strong><\/li>\n<li style='margin-bottom: 8px;'><strong>Compatible con<\/strong><\/li>\n<\/ul><\/div>\n<\/p><\/div>\n<\/p><\/div>\n<div style='display: flex; flex-direction: column; align-items: center; margin-bottom: 30px;'> <img style='width: 100%; max-width: 900px; height: auto; border: 1px solid rgba(150&comma;150&comma;150&comma;0.3); border-radius: 8px;' src='https:\/\/ftp3.syscom.mx\/usuarios\/vvega\/M2M\/pro4gen2\/pro4gen2_dt42.jpg' alt=''> <\/div>\n<div style='margin-bottom: 30px;'>\n<h4 style='font-size: 18px; border-bottom: 2px solid currentColor; padding-bottom: 5px; margin: 0 auto 0 auto; color: inherit; opacity: 0.8; text-align: center;'>Evite traslados Innecesarios con Programaci\u00f3n Remota<\/h4>\n<p style='text-align: center; font-size: 15px; color: inherit;'>Realizar configuraciones en el panel sin tener que ir al lugar donde est\u00e1 instalado.<\/p>\n<\/p><\/div>\n<div style='margin-bottom: 30px;'>\n<p style='text-align: center; font-size: 15px; color: inherit;'>El t\u00e9cnico \u00fanicamente reemplaza o instala equipos pero la configuraci\u00f3n se realiza remotamente desde la Central (mayor seguridad).<\/p>\n<\/p><\/div>\n<div style='margin-bottom: 30px;'>\n<p style='text-align: center; font-size: 15px; color: inherit;'><strong>NOTA: Estos dispositivos trabajan sobre redes celulares por lo que su operatividad depende de la estabilidad de estos servicios.<\/strong><\/p>\n<\/p><\/div>\n<div style='margin-bottom: 30px;'>\n<p style='text-align: center; font-size: 15px; color: inherit;'><em>*NOTA: Estos equipos adquiridos en cualquier categoria de &#8216;asterisco&#8217; pueden variar los meses de servicio<\/em><\/p>\n<\/p><\/div>\n<\/p><\/div>\n","protected":false},"excerpt":{"rendered":"<p>KIT ALARMA VECINAL Con Funcion Programaci\u00f3n 100% v\u00eda WEB<\/p>\n","protected":false},"featured_media":2278,"comment_status":"open","ping_status":"closed","template":"","meta":[],"product_brand":[],"product_cat":[60],"product_tag":[188,61,62],"class_list":{"0":"post-2279","1":"product","2":"type-product","3":"status-publish","4":"has-post-thumbnail","6":"product_cat-todos","7":"product_tag-m2m-services","8":"product_tag-paneles-de-alarma","9":"product_tag-todos","11":"first","12":"instock","13":"sale","14":"shipping-taxable","15":"purchasable","16":"product-type-simple"},"_links":{"self":[{"href":"https:\/\/soydeaqui.ddns.net\/pachuca\/index.php\/wp-json\/wp\/v2\/product\/2279","targetHints":{"allow":["GET"]}}],"collection":[{"href":"https:\/\/soydeaqui.ddns.net\/pachuca\/index.php\/wp-json\/wp\/v2\/product"}],"about":[{"href":"https:\/\/soydeaqui.ddns.net\/pachuca\/index.php\/wp-json\/wp\/v2\/types\/product"}],"replies":[{"embeddable":true,"href":"https:\/\/soydeaqui.ddns.net\/pachuca\/index.php\/wp-json\/wp\/v2\/comments?post=2279"}],"wp:featuredmedia":[{"embeddable":true,"href":"https:\/\/soydeaqui.ddns.net\/pachuca\/index.php\/wp-json\/wp\/v2\/media\/2278"}],"wp:attachment":[{"href":"https:\/\/soydeaqui.ddns.net\/pachuca\/index.php\/wp-json\/wp\/v2\/media?parent=2279"}],"wp:term":[{"taxonomy":"product_brand","embeddable":true,"href":"https:\/\/soydeaqui.ddns.net\/pachuca\/index.php\/wp-json\/wp\/v2\/product_brand?post=2279"},{"taxonomy":"product_cat","embeddable":true,"href":"https:\/\/soydeaqui.ddns.net\/pachuca\/index.php\/wp-json\/wp\/v2\/product_cat?post=2279"},{"taxonomy":"product_tag","embeddable":true,"href":"https:\/\/soydeaqui.ddns.net\/pachuca\/index.php\/wp-json\/wp\/v2\/product_tag?post=2279"}],"curies":[{"name":"wp","href":"https:\/\/api.w.org\/{rel}","templated":true}]}}