{"id":2263,"date":"2026-03-18T05:55:18","date_gmt":"2026-03-18T05:55:18","guid":{"rendered":"https:\/\/soydeaqui.ddns.net\/pachuca\/index.php\/producto\/zwave-interruptor-on-off-panel-tactil-touch-inalambrico-zwave-plus-2-botones-no-requiere-cable-neutro-compatible-con-hubitat-hc8-alula-m2m-otros\/"},"modified":"2026-03-18T05:55:20","modified_gmt":"2026-03-18T05:55:20","slug":"zwave-interruptor-on-off-panel-tactil-touch-inalambrico-zwave-plus-2-botones-no-requiere-cable-neutro-compatible-con-hubitat-hc8-alula-m2m-otros","status":"publish","type":"product","link":"https:\/\/soydeaqui.ddns.net\/pachuca\/index.php\/producto\/zwave-interruptor-on-off-panel-tactil-touch-inalambrico-zwave-plus-2-botones-no-requiere-cable-neutro-compatible-con-hubitat-hc8-alula-m2m-otros\/","title":{"rendered":"(ZWAVE) Interruptor On\/Off panel t\u00e1ctil touch inal\u00e1mbrico Zwave Plus 2 botones. No requiere cable neutro, Compatible con Hubitat HC8, \u00c1lula  M2M, otros"},"content":{"rendered":"<div style='width: 100%; max-width: 1200px; margin: 0 auto; font-family: sans-serif; line-height: 1.6; color: inherit; background-color: transparent;'>\n<div style='display: flex; flex-wrap: wrap; gap: 30px; margin-bottom: 30px;'>\n<div style='flex: 1 1 300px; min-width: 280px;'>\n<h3 style='font-size: 22px; border-bottom: 2px solid currentColor; padding-bottom: 5px; margin-top: 0; color: inherit; opacity: 0.8;'>Caracter\u00edsticas F\u00edsicas y El\u00e9ctricas<\/h3>\n<ul style='padding-left: 20px; font-size: 15px; color: inherit;'>\n<li style='margin-bottom: 5px;'><strong>Alimentaci\u00f3n:<\/strong> AC85~260V&comma; 50\/60Hz<\/li>\n<li style='margin-bottom: 5px;'><strong>Frecuencia Z-Wave 700:<\/strong> 868.42MHz(EU)\/ 908.4MHz(US)&comma; 921.4MHz(AU)<\/li>\n<li style='margin-bottom: 5px;'><strong>M\u00e1xima potencia de transmisi\u00f3n:<\/strong> +3dBm<\/li>\n<li style='margin-bottom: 5px;'><strong>No requiere cable neutro<\/strong><\/li>\n<li style='margin-bottom: 5px;'><strong>Dimensiones:<\/strong> 7.5 x 12 cm<\/li>\n<\/ul><\/div>\n<div style='flex: 1 1 300px; min-width: 280px;'>\n<h3 style='font-size: 22px; border-bottom: 2px solid currentColor; padding-bottom: 5px; margin-top: 0; color: inherit; opacity: 0.8;'>Caracter\u00edsticas F\u00edsicas y El\u00e9ctricas<\/h3>\n<ul style='padding-left: 20px; font-size: 15px; color: inherit;'>\n<li style='margin-bottom: 5px;'><strong>Interruptor de rel\u00e9 \u03bc<\/strong><\/li>\n<li style='margin-bottom: 5px;'><strong>Protecci\u00f3n contra sobrecorriente:<\/strong> 15 A.<\/li>\n<\/ul><\/div>\n<div style='flex: 1 1 300px; min-width: 280px;'>\n<h3 style='font-size: 22px; border-bottom: 2px solid currentColor; padding-bottom: 5px; margin-top: 0; color: inherit; opacity: 0.8;'>Ejemplos de instalaci\u00f3n<\/h3>\n<ul style='padding-left: 20px; font-size: 15px; color: inherit;'>\n<li style='margin-bottom: 5px;'>Control de 1 y 2 circuitos de iluminaci\u00f3n.<\/li>\n<li style='margin-bottom: 5px;'>Compatible con un controlador HUB de tecnolog\u00eda Zwave&comma; por mencionar un modelo HC8. (recomendable validar compatibilidad con otras marcas)<\/li>\n<li style='margin-bottom: 5px;'><strong>No es compatible con HUB redise\u00f1o o Honeywell.<\/strong><\/li>\n<\/ul><\/div>\n<\/p><\/div>\n<div style='width: 100%; margin: 30px 0; text-align: center;'> <img style='width: 100%; height: auto; border: 1px solid rgba(150&comma;150&comma;150&comma;0.3); border-radius: 8px;' src='https:\/\/ftp3.syscom.mx\/usuarios\/mbarrio\/mcohome\/Diagrama%20Zwave.JPG' alt=''> <\/div>\n<\/p><\/div>\n","protected":false},"excerpt":{"rendered":"<p>(ZWAVE) Interruptor On\/Off panel t\u00e1ctil touch inal\u00e1mbrico Zwave Plus 2 botones. No requiere cable neutro, Compatible con Hubitat HC8, \u00c1lula  M2M, otros<\/p>\n","protected":false},"featured_media":2262,"comment_status":"open","ping_status":"closed","template":"","meta":[],"product_brand":[],"product_cat":[407],"product_tag":[408,187,180],"class_list":{"0":"post-2263","1":"product","2":"type-product","3":"status-publish","4":"has-post-thumbnail","6":"product_cat-automatizacion-z-wave","7":"product_tag-automatizacion-z-wave","8":"product_tag-smarthome-by-epcom","9":"product_tag-total-connect-honeywell","11":"first","12":"instock","13":"sale","14":"shipping-taxable","15":"purchasable","16":"product-type-simple"},"_links":{"self":[{"href":"https:\/\/soydeaqui.ddns.net\/pachuca\/index.php\/wp-json\/wp\/v2\/product\/2263","targetHints":{"allow":["GET"]}}],"collection":[{"href":"https:\/\/soydeaqui.ddns.net\/pachuca\/index.php\/wp-json\/wp\/v2\/product"}],"about":[{"href":"https:\/\/soydeaqui.ddns.net\/pachuca\/index.php\/wp-json\/wp\/v2\/types\/product"}],"replies":[{"embeddable":true,"href":"https:\/\/soydeaqui.ddns.net\/pachuca\/index.php\/wp-json\/wp\/v2\/comments?post=2263"}],"wp:featuredmedia":[{"embeddable":true,"href":"https:\/\/soydeaqui.ddns.net\/pachuca\/index.php\/wp-json\/wp\/v2\/media\/2262"}],"wp:attachment":[{"href":"https:\/\/soydeaqui.ddns.net\/pachuca\/index.php\/wp-json\/wp\/v2\/media?parent=2263"}],"wp:term":[{"taxonomy":"product_brand","embeddable":true,"href":"https:\/\/soydeaqui.ddns.net\/pachuca\/index.php\/wp-json\/wp\/v2\/product_brand?post=2263"},{"taxonomy":"product_cat","embeddable":true,"href":"https:\/\/soydeaqui.ddns.net\/pachuca\/index.php\/wp-json\/wp\/v2\/product_cat?post=2263"},{"taxonomy":"product_tag","embeddable":true,"href":"https:\/\/soydeaqui.ddns.net\/pachuca\/index.php\/wp-json\/wp\/v2\/product_tag?post=2263"}],"curies":[{"name":"wp","href":"https:\/\/api.w.org\/{rel}","templated":true}]}}