{"id":22586,"date":"2026-03-18T11:00:15","date_gmt":"2026-03-18T11:00:15","guid":{"rendered":"https:\/\/soydeaqui.ddns.net\/pachuca\/index.php\/producto\/torniquete-swing-central-reconocimiento-facial-y-lectores-de-tarjeta-incluidos-bidireccional-5000000-mcbf-4-pares-de-dtof-carriles-seleccionables-de-65-o-90-cms-aletas-de-acrilico-no-incl\/"},"modified":"2026-03-18T11:00:15","modified_gmt":"2026-03-18T11:00:15","slug":"torniquete-swing-central-reconocimiento-facial-y-lectores-de-tarjeta-incluidos-bidireccional-5000000-mcbf-4-pares-de-dtof-carriles-seleccionables-de-65-o-90-cms-aletas-de-acrilico-no-incl","status":"publish","type":"product","link":"https:\/\/soydeaqui.ddns.net\/pachuca\/index.php\/producto\/torniquete-swing-central-reconocimiento-facial-y-lectores-de-tarjeta-incluidos-bidireccional-5000000-mcbf-4-pares-de-dtof-carriles-seleccionables-de-65-o-90-cms-aletas-de-acrilico-no-incl\/","title":{"rendered":"Torniquete Swing Central \/ Reconocimiento Facial y Lectores de Tarjeta Incluidos \/ Bidireccional \/ 5,000,000 MCBF \/ 4 Pares de dToF \/ Carriles Seleccionables de 65 o 90 cms (aletas de acrilico no incluidas) \/ Requiere Torniquetes Laterales"},"content":{"rendered":"<div style=\"width: 100%; max-width: 1200px; margin: 0 auto; font-family: sans-serif; line-height: 1.6; color: inherit; background-color: transparent;\"><!-- Secci\u00f3n de caracter\u00edsticas principales --> <\/p>\n<div style=\"display: flex; flex-wrap: wrap; gap: 30px; margin-bottom: 30px;\">\n<div style=\"flex: 1 1 300px; min-width: 280px;\">\n<h3 style=\"font-size: 22px; border-bottom: 2px solid currentColor; padding-bottom: 5px; margin-top: 0; color: inherit; opacity: 0.8;\">Caracter&iacute;sticas principales<\/h3>\n<ul style=\"padding-left: 20px; font-size: 15px; color: inherit;\">\n<li style=\"margin-bottom: 5px;\"><strong>Soporta 100&comma;000 Rostros.<\/strong><\/li>\n<li style=\"margin-bottom: 5px;\">Soporta 200&comma;000 Tarjetas MiFare.<\/li>\n<li style=\"margin-bottom: 5px;\">Soporta 100&comma;000 Eventos.<\/li>\n<li style=\"margin-bottom: 5px;\">Paso de 20 a 60 personas por minuto.<\/li>\n<li style=\"margin-bottom: 5px;\">Reconocimiento de 0 a 2 mts.<\/li>\n<li style=\"margin-bottom: 5px;\"><strong>Incluye C&aacute;maras de Reconocimiento Facial.<\/strong><\/li>\n<li style=\"margin-bottom: 5px;\"><strong>Incluye Controlador y Lectores MIFare.<\/strong><\/li>\n<li style=\"margin-bottom: 5px;\"><strong>Incluye Torniquete Central&comma; requiere Laterales (por separado).<\/strong><\/li>\n<li style=\"margin-bottom: 5px; color: #c0392b;\"><strong>NO incluye aletas de acr&iacute;lico.<\/strong><\/li>\n<\/ul><\/div>\n<p> <!-- Secci\u00f3n de caracter\u00edsticas f\u00edsicas y el\u00e9ctricas --> <\/p>\n<div style=\"flex: 1 1 300px; min-width: 280px;\">\n<h3 style=\"font-size: 22px; border-bottom: 2px solid currentColor; padding-bottom: 5px; margin-top: 0; color: inherit; opacity: 0.8;\">Caracter&iacute;sticas F&iacute;sicas y El&eacute;ctricas<\/h3>\n<ul style=\"padding-left: 20px; font-size: 15px; color: inherit;\">\n<li style=\"margin-bottom: 5px;\">Alimentaci&oacute;n 110\/220 Vca.<\/li>\n<li style=\"margin-bottom: 5px;\">Material: Acero Inoxidable<\/li>\n<li style=\"margin-bottom: 5px;\">Temperatura de Operaci&oacute;n: -25 a 70&deg;C.<\/li>\n<li style=\"margin-bottom: 5px;\">1x Puerto RJ45 para Red.<\/li>\n<li style=\"margin-bottom: 5px;\">1x WiFi para funci&oacute;n AP.<\/li>\n<li style=\"margin-bottom: 5px;\">4x Salida de Alarma<\/li>\n<li style=\"margin-bottom: 5px;\">2x Wiegand.<\/li>\n<li style=\"margin-bottom: 5px;\">2x Entrada de Emergencia<\/li>\n<li style=\"margin-bottom: 5px;\">2x Entrada de Alarma.<\/li>\n<\/ul><\/div>\n<p> <!-- Secci\u00f3n de caracter\u00edsticas destacadas --> <\/p>\n<div style=\"flex: 1 1 300px; min-width: 280px;\">\n<h3 style=\"font-size: 22px; border-bottom: 2px solid currentColor; padding-bottom: 5px; margin-top: 0; color: inherit; opacity: 0.8;\">Caracter&iacute;sticas Destacadas<\/h3>\n<ul style=\"padding-left: 20px; font-size: 15px; color: inherit;\">\n<li style=\"margin-bottom: 5px;\">Es un torniquete que viene con las c&aacute;maras incluidas para el reconocimiento facial y apertura del torniquete en ambos sentidos.<\/li>\n<li style=\"margin-bottom: 5px;\">Aletas de Acr&iacute;lico disponibles para 2 medidas de carril diferentes (NO INCLUIDAS).<\/li>\n<li style=\"margin-bottom: 5px;\">Soporta Interfaz Web y modo AP (genera red WiFi para conectarse temporalmente).<\/li>\n<li style=\"margin-bottom: 5px;\">Protocolo ISAPI para desarrollo de software con terceros.<\/li>\n<\/ul><\/div>\n<\/p><\/div>\n<p> <!-- Separador --><\/p>\n<hr style=\"border: 0; border-top: 1px solid rgba(150&comma; 150&comma; 150&comma; 0.3); margin: 30px 0;\" \/><!-- Secci\u00f3n de contenido adicional --> <\/p>\n<div style=\"display: grid; grid-template-columns: 1fr 1fr; gap: 30px; margin-bottom: 30px;\"><!-- Imagen --> <\/p>\n<div style=\"grid-column: 1 \/ span 1;\"><img decoding=\"async\" style=\"width: 100%; height: auto; border: 1px solid rgba(150&comma;150&comma;150&comma;0.3); border-radius: 8px;\" src=\"https:\/\/ftp3.syscom.mx\/usuarios\/fespinoza\/HIKVISION\/Dispositivos\/Torniquetes\/DSK6B221\/real.jpg\" alt=\"\" \/> <\/p>\n<p style=\"text-align: center; margin-top: 10px; color: #c0392b; font-size: 14px;\"><strong>*Imagen de referencia. Torniquetes Laterales y Aletas se adquieren por separado.<\/strong><\/p>\n<\/p><\/div>\n<p> <!-- Contenido de reconocimiento facial y motor --> <\/p>\n<div style=\"grid-column: 2 \/ span 1;\">\n<div style=\"margin-bottom: 20px;\">\n<h3 style=\"font-size: 20px; margin-top: 0; color: inherit; opacity: 0.8;\">Reconocimiento Facial Embebido<\/h3>\n<p style=\"color: inherit; font-size: 15px;\">La nueva serie de Torniquetes PrimePass integra reconocimiento facial directo en el mismo torniquete por lo que no hay necesidad de cotizar por separado lectores faciales ni montajes extras.<\/p>\n<\/p><\/div>\n<div style=\"margin-bottom: 20px;\">\n<h3 style=\"font-size: 20px; margin-top: 0; color: inherit; opacity: 0.8;\">Motor con 5&comma;000&comma;000 Ciclos MCBF<\/h3>\n<p style=\"color: inherit; font-size: 15px;\">Motor robusto y silencioso garantizado por hasta 5 Millones de Ciclos antes de cualquier falla o 5 a&ntilde;os de Garant&iacute;a.<\/p>\n<\/p><\/div>\n<p> <!-- Secci\u00f3n de especificaciones adicionales --> <\/p>\n<div style=\"margin-bottom: 20px;\">\n<h3 style=\"font-size: 20px; margin-top: 0; color: inherit; opacity: 0.8;\">Otras Caracter&iacute;sticas<\/h3>\n<ul style=\"padding-left: 20px; font-size: 15px; color: inherit;\">\n<li style=\"margin-bottom: 5px;\">Mecanismo bidireccional robusto&comma; r&aacute;pido y silencioso.<\/li>\n<li style=\"margin-bottom: 5px;\"><strong>Ahora con 4 sensores dToF en lugar de tecnolog&iacute;a IR.<\/strong><\/li>\n<li style=\"margin-bottom: 5px;\">Paso libre en caso de emergencia o p&eacute;rdida de energ&iacute;a.<\/li>\n<li style=\"margin-bottom: 5px;\">Compatible con cualquier sistema de control de acceso.<\/li>\n<li style=\"margin-bottom: 5px;\"><strong>Carril de 65 o 90 cms para el paso de los peatones (aletas por separado).<\/strong><\/li>\n<li style=\"margin-bottom: 5px;\">Funci&oacute;n AP o Interfaz Web para configuraci&oacute;n.<\/li>\n<li style=\"margin-bottom: 5px;\">Instalaci&oacute;n en <strong>Interior<\/strong>.<\/li>\n<li style=\"margin-bottom: 5px;\"><strong>Controlador y lectores MiFare Incluidos.<\/strong><\/li>\n<\/ul><\/div>\n<p> <!-- Secci\u00f3n de aletas de acr\u00edlico --> <\/p>\n<div style=\"margin-bottom: 20px;\">\n<h3 style=\"font-size: 20px; margin-top: 0; color: inherit; opacity: 0.8;\">Aletas de Acr&iacute;lico<\/h3>\n<p style=\"color: #c0392b; font-size: 15px; margin: 0;\"><strong>NO INCLUIDAS<\/strong> (se venden por par&comma; 2 pzas):<\/p>\n<ul style=\"padding-left: 20px; font-size: 15px; color: inherit;\">\n<li style=\"margin-bottom: 5px;\"><strong>Carril de 65 cms: <\/strong>DS-KSD24-P650-2pcs<\/li>\n<li style=\"margin-bottom: 5px;\"><strong>Carril de 90 cms: <\/strong>DS-KSD24-P900-2pcs<\/li>\n<\/ul><\/div>\n<\/p><\/div>\n<\/p><\/div>\n<p> <!-- Separador --><\/p>\n<hr style=\"border: 0; border-top: 1px solid rgba(150&comma; 150&comma; 150&comma; 0.3); margin: 30px 0;\" \/><!-- Secci\u00f3n de videos --> <\/p>\n<div style=\"margin-bottom: 30px;\">\n<h2 style=\"font-size: 24px; text-align: center; margin-bottom: 20px; color: inherit; opacity: 0.8;\">VIDEOS DE OPERACION (MODELO SIMILAR)<\/h2>\n<div style=\"display: flex; flex-wrap: wrap; gap: 30px; justify-content: center;\"><!-- Video 1 --> <\/p>\n<div style=\"flex: 1 1 560px; min-width: 300px; position: relative; padding-bottom: 56.25%; height: 0; overflow: hidden;\"> <\/div>\n<p> <!-- Video 2 --> <\/p>\n<div style=\"flex: 1 1 560px; min-width: 300px; position: relative; padding-bottom: 56.25%; height: 0; overflow: hidden;\"> <\/div>\n<\/p><\/div>\n<\/p><\/div>\n<\/p><\/div>\n","protected":false},"excerpt":{"rendered":"<p>Torniquete Swing Central \/ Reconocimiento Facial y Lectores de Tarjeta Incluidos \/ Bidireccional \/ 5,000,000 MCBF \/ 4 Pares de dToF \/ Carriles Seleccionables de 65 o 90 cms (aletas de acrilico no incluidas) \/ Requiere Torniquetes Laterales<\/p>\n","protected":false},"featured_media":22585,"comment_status":"open","ping_status":"closed","template":"","meta":[],"product_brand":[],"product_cat":[758],"product_tag":[54,760,759],"class_list":{"0":"post-22586","1":"product","2":"type-product","3":"status-publish","4":"has-post-thumbnail","6":"product_cat-torniquetes-de-medio-cuerpo","7":"product_tag-hikvision","8":"product_tag-torniquetes-de-medio-cuerpo","9":"product_tag-torniquetes-y-puertas-de-cortesia","11":"first","12":"instock","13":"sale","14":"shipping-taxable","15":"purchasable","16":"product-type-simple"},"_links":{"self":[{"href":"https:\/\/soydeaqui.ddns.net\/pachuca\/index.php\/wp-json\/wp\/v2\/product\/22586","targetHints":{"allow":["GET"]}}],"collection":[{"href":"https:\/\/soydeaqui.ddns.net\/pachuca\/index.php\/wp-json\/wp\/v2\/product"}],"about":[{"href":"https:\/\/soydeaqui.ddns.net\/pachuca\/index.php\/wp-json\/wp\/v2\/types\/product"}],"replies":[{"embeddable":true,"href":"https:\/\/soydeaqui.ddns.net\/pachuca\/index.php\/wp-json\/wp\/v2\/comments?post=22586"}],"wp:featuredmedia":[{"embeddable":true,"href":"https:\/\/soydeaqui.ddns.net\/pachuca\/index.php\/wp-json\/wp\/v2\/media\/22585"}],"wp:attachment":[{"href":"https:\/\/soydeaqui.ddns.net\/pachuca\/index.php\/wp-json\/wp\/v2\/media?parent=22586"}],"wp:term":[{"taxonomy":"product_brand","embeddable":true,"href":"https:\/\/soydeaqui.ddns.net\/pachuca\/index.php\/wp-json\/wp\/v2\/product_brand?post=22586"},{"taxonomy":"product_cat","embeddable":true,"href":"https:\/\/soydeaqui.ddns.net\/pachuca\/index.php\/wp-json\/wp\/v2\/product_cat?post=22586"},{"taxonomy":"product_tag","embeddable":true,"href":"https:\/\/soydeaqui.ddns.net\/pachuca\/index.php\/wp-json\/wp\/v2\/product_tag?post=22586"}],"curies":[{"name":"wp","href":"https:\/\/api.w.org\/{rel}","templated":true}]}}