{"id":22358,"date":"2026-03-18T10:56:14","date_gmt":"2026-03-18T10:56:14","guid":{"rendered":"https:\/\/soydeaqui.ddns.net\/pachuca\/index.php\/producto\/brazo-de-4-mts-redondo-con-sistema-de-abatimiento-por-colision-para-barreras-hikvision-ds-tmg320-evita-quebradura-por-colision-reestablecimiento-manual-despues-de-colision\/"},"modified":"2026-03-18T10:56:15","modified_gmt":"2026-03-18T10:56:15","slug":"brazo-de-4-mts-redondo-con-sistema-de-abatimiento-por-colision-para-barreras-hikvision-ds-tmg320-evita-quebradura-por-colision-reestablecimiento-manual-despues-de-colision","status":"publish","type":"product","link":"https:\/\/soydeaqui.ddns.net\/pachuca\/index.php\/producto\/brazo-de-4-mts-redondo-con-sistema-de-abatimiento-por-colision-para-barreras-hikvision-ds-tmg320-evita-quebradura-por-colision-reestablecimiento-manual-despues-de-colision\/","title":{"rendered":"Brazo de 4 mts Redondo con Sistema de Abatimiento por Colisi\u00f3n para Barreras Hikvision DS-TMG320 \/ Evita Quebradura por Colisi\u00f3n \/ Reestablecimiento Manual Despu\u00e9s de Colisi\u00f3n"},"content":{"rendered":"<div style='width: 100%; max-width: 1200px; margin: 0 auto; font-family: sans-serif; line-height: 1.6; color: inherit; background-color: transparent;'> <!-- Secci\u00f3n de descripci\u00f3n --> <\/p>\n<div style='margin-bottom: 30px;'>\n<h2 style='font-size: 24px; border-bottom: 2px solid currentColor; padding-bottom: 5px; margin-top: 0; color: inherit; opacity: 0.8;'>Funcionalidad y Aplicaci\u00f3n<\/h2>\n<p style='font-size: 15px; margin-bottom: 15px; color: inherit;'>El brazo al ser golpeado por el veh\u00edculo&comma; se abate evitando ser quebrado. Se debe reestablecer manualmente el brazo a su posici\u00f3n original.<\/p>\n<p style='font-size: 15px; margin-bottom: 15px; color: inherit;'>Requiere estos accesorios para funcionar:<\/p>\n<ul style='padding-left: 20px; font-size: 15px; color: inherit;'>\n<li style='margin-bottom: 5px;'>Enganche para Brazos con Abatimiento modelo 190428554<\/li>\n<li style='margin-bottom: 5px;'>Barrera debe contar con un solo resorte blanco instalado (190606708) y seleccionar este tipo de brazo en la configuraci\u00f3n de su cuadro de mando<\/li>\n<li style='margin-bottom: 5px;'>Solo compatible con Barreras Hikvision Serie DS-TMG320<\/li>\n<\/ul><\/div>\n<p> <!-- Secci\u00f3n de especificaciones --> <\/p>\n<div style='display: flex; flex-wrap: wrap; gap: 30px; margin-bottom: 30px;'>\n<div style='flex: 1 1 300px; min-width: 280px;'>\n<h3 style='font-size: 22px; border-bottom: 2px solid currentColor; padding-bottom: 5px; margin-top: 0; color: inherit; opacity: 0.8;'>Especificaciones T\u00e9cnicas<\/h3>\n<ul style='padding-left: 20px; font-size: 15px; color: inherit;'>\n<li style='margin-bottom: 5px;'><strong>Peso:<\/strong> 4.5 \u00b1 0.2 kg (9.92 \u00b1 0.44 lb.)<\/li>\n<li style='margin-bottom: 5px;'><strong>Dimensiones:<\/strong> 4000 \u00d7 50 \u00d7 95 mm (157.48 \u00d7 1.97 \u00d7 3.74 inch)<\/li>\n<li style='margin-bottom: 5px;'><strong>Material:<\/strong> Perfil de aluminio<\/li>\n<li style='margin-bottom: 5px;'><strong>Dimensiones con empaque:<\/strong> 4050 \u00d7 55 \u00d7 100 mm (159.45 \u00d7 2.17 \u00d7 3.94 inch)<\/li>\n<li style='margin-bottom: 5px;'><strong>Peso con empaque:<\/strong> 5.3 \u00b1 0.2 kg (11.68 \u00b1 0.44 lb.)<\/li>\n<\/ul><\/div>\n<div style='flex: 1 1 300px; min-width: 280px;'>\n<h3 style='font-size: 22px; border-bottom: 2px solid currentColor; padding-bottom: 5px; margin-top: 0; color: inherit; opacity: 0.8;'>Compatibilidad<\/h3>\n<ul style='padding-left: 20px; font-size: 15px; color: inherit;'>\n<li style='margin-bottom: 5px;'><strong>Modelo compatible:<\/strong> DS-TMG320<\/li>\n<li style='margin-bottom: 5px;'><strong>Accesorios requeridos:<\/strong> Enganche modelo 190428554<\/li>\n<li style='margin-bottom: 5px;'><strong>Componente adicional:<\/strong> Resorte blanco (190606708)<\/li>\n<\/ul><\/div>\n<\/p><\/div>\n<p> <!-- Secci\u00f3n de dimensiones --> <\/p>\n<div style='display: flex; flex-wrap: wrap; gap: 20px; margin-bottom: 30px;'>\n<div style='flex: 1 1 250px; border: 1px solid rgba(150&comma; 150&comma; 150&comma; 0.4); border-radius: 8px; overflow: hidden; display: flex; flex-direction: column;'>\n<div style='padding: 15px; border-bottom: 1px solid rgba(150&comma; 150&comma; 150&comma; 0.2); font-weight: bold; font-size: 18px; color: inherit;'>Dimensiones del Brazo<\/div>\n<div style='padding: 15px; color: inherit;'>\n<ul style='padding-left: 20px; margin: 0; font-size: 14px; list-style-type: disc;'>\n<li style='margin-bottom: 5px;'>4000 \u00d7 50 \u00d7 95 mm<\/li>\n<li style='margin-bottom: 5px;'>(157.48 \u00d7 1.97 \u00d7 3.74 inch)<\/li>\n<\/ul><\/div>\n<\/p><\/div>\n<div style='flex: 1 1 250px; border: 1px solid rgba(150&comma; 150&comma; 150&comma; 0.4); border-radius: 8px; overflow: hidden; display: flex; flex-direction: column;'>\n<div style='padding: 15px; border-bottom: 1px solid rgba(150&comma; 150&comma; 150&comma; 0.2); font-weight: bold; font-size: 18px; color: inherit;'>Dimensiones con Empaque<\/div>\n<div style='padding: 15px; color: inherit;'>\n<ul style='padding-left: 20px; margin: 0; font-size: 14px; list-style-type: disc;'>\n<li style='margin-bottom: 5px;'>4050 \u00d7 55 \u00d7 100 mm<\/li>\n<li style='margin-bottom: 5px;'>(159.45 \u00d7 2.17 \u00d7 3.94 inch)<\/li>\n<\/ul><\/div>\n<\/p><\/div>\n<div style='flex: 1 1 250px; border: 1px solid rgba(150&comma; 150&comma; 150&comma; 0.4); border-radius: 8px; overflow: hidden; display: flex; flex-direction: column;'>\n<div style='padding: 15px; border-bottom: 1px solid rgba(150&comma; 150&comma; 150&comma; 0.2); font-weight: bold; font-size: 18px; color: inherit;'>Peso<\/div>\n<div style='padding: 15px; color: inherit;'>\n<ul style='padding-left: 20px; margin: 0; font-size: 14px; list-style-type: disc;'>\n<li style='margin-bottom: 5px;'>4.5 \u00b1 0.2 kg (9.92 \u00b1 0.44 lb.)<\/li>\n<\/ul><\/div>\n<\/p><\/div>\n<div style='flex: 1 1 250px; border: 1px solid rgba(150&comma; 150&comma; 150&comma; 0.4); border-radius: 8px; overflow: hidden; display: flex; flex-direction: column;'>\n<div style='padding: 15px; border-bottom: 1px solid rgba(150&comma; 150&comma; 150&comma; 0.2); font-weight: bold; font-size: 18px; color: inherit;'>Peso con Empaque<\/div>\n<div style='padding: 15px; color: inherit;'>\n<ul style='padding-left: 20px; margin: 0; font-size: 14px; list-style-type: disc;'>\n<li style='margin-bottom: 5px;'>5.3 \u00b1 0.2 kg (11.68 \u00b1 0.44 lb.)<\/li>\n<\/ul><\/div>\n<\/p><\/div>\n<\/p><\/div>\n<p> <!-- Separador --> <\/p>\n<hr style='border: 0; border-top: 1px solid rgba(150&comma; 150&comma; 150&comma; 0.3); margin: 30px 0;'> <\/div>\n","protected":false},"excerpt":{"rendered":"<p>Brazo de 4 mts Redondo con Sistema de Abatimiento por Colisi\u00f3n para Barreras Hikvision DS-TMG320 \/ Evita Quebradura por Colisi\u00f3n \/ Reestablecimiento Manual Despu\u00e9s de Colisi\u00f3n<\/p>\n","protected":false},"featured_media":22357,"comment_status":"open","ping_status":"closed","template":"","meta":[],"product_brand":[],"product_cat":[750],"product_tag":[401,54,751],"class_list":{"0":"post-22358","1":"product","2":"type-product","3":"status-publish","4":"has-post-thumbnail","6":"product_cat-refacciones","7":"product_tag-acceso-vehicular","8":"product_tag-hikvision","9":"product_tag-refacciones","11":"first","12":"instock","13":"sale","14":"shipping-taxable","15":"purchasable","16":"product-type-simple"},"_links":{"self":[{"href":"https:\/\/soydeaqui.ddns.net\/pachuca\/index.php\/wp-json\/wp\/v2\/product\/22358","targetHints":{"allow":["GET"]}}],"collection":[{"href":"https:\/\/soydeaqui.ddns.net\/pachuca\/index.php\/wp-json\/wp\/v2\/product"}],"about":[{"href":"https:\/\/soydeaqui.ddns.net\/pachuca\/index.php\/wp-json\/wp\/v2\/types\/product"}],"replies":[{"embeddable":true,"href":"https:\/\/soydeaqui.ddns.net\/pachuca\/index.php\/wp-json\/wp\/v2\/comments?post=22358"}],"wp:featuredmedia":[{"embeddable":true,"href":"https:\/\/soydeaqui.ddns.net\/pachuca\/index.php\/wp-json\/wp\/v2\/media\/22357"}],"wp:attachment":[{"href":"https:\/\/soydeaqui.ddns.net\/pachuca\/index.php\/wp-json\/wp\/v2\/media?parent=22358"}],"wp:term":[{"taxonomy":"product_brand","embeddable":true,"href":"https:\/\/soydeaqui.ddns.net\/pachuca\/index.php\/wp-json\/wp\/v2\/product_brand?post=22358"},{"taxonomy":"product_cat","embeddable":true,"href":"https:\/\/soydeaqui.ddns.net\/pachuca\/index.php\/wp-json\/wp\/v2\/product_cat?post=22358"},{"taxonomy":"product_tag","embeddable":true,"href":"https:\/\/soydeaqui.ddns.net\/pachuca\/index.php\/wp-json\/wp\/v2\/product_tag?post=22358"}],"curies":[{"name":"wp","href":"https:\/\/api.w.org\/{rel}","templated":true}]}}