{"id":22346,"date":"2026-03-18T10:56:00","date_gmt":"2026-03-18T10:56:00","guid":{"rendered":"https:\/\/soydeaqui.ddns.net\/pachuca\/index.php\/producto\/sistema-de-control-de-acceso-m2m-conectividad-wi-fi-y-bluetooth-modulo-celular-5g-dual-sim-compatible-con-rfid-y-nfc-usb-type-c-rs485\/"},"modified":"2026-03-18T10:56:04","modified_gmt":"2026-03-18T10:56:04","slug":"sistema-de-control-de-acceso-m2m-conectividad-wi-fi-y-bluetooth-modulo-celular-5g-dual-sim-compatible-con-rfid-y-nfc-usb-type-c-rs485","status":"publish","type":"product","link":"https:\/\/soydeaqui.ddns.net\/pachuca\/index.php\/producto\/sistema-de-control-de-acceso-m2m-conectividad-wi-fi-y-bluetooth-modulo-celular-5g-dual-sim-compatible-con-rfid-y-nfc-usb-type-c-rs485\/","title":{"rendered":"Sistema de Control de Acceso M2M \/ Conectividad Wi-Fi y Bluetooth \/ M\u00f3dulo Celular 5G \/ Dual SIM \/ Compatible con RFID y NFC \/ USB Type-C \/ RS485"},"content":{"rendered":"<div style='width: 100%; max-width: 1200px; margin: 0 auto; font-family: sans-serif; line-height: 1.6; color: inherit; background-color: transparent;'>\n<div style='text-align: center; margin-bottom: 30px;'> <img style='width: 100%; height: auto; border: 1px solid rgba(150&comma;150&comma;150&comma;0.3); border-radius: 8px;' src='https:\/\/ftp3.syscom.mx\/usuarios\/vvega\/M2M\/m2maxs\/m2maxsbanner.png' alt=''> <\/div>\n<div style='text-align: center; margin-bottom: 30px;'>\n<h3 style='font-size: 22px; border-bottom: 2px solid currentColor; padding-bottom: 5px; margin-top: 0; color: inherit; opacity: 0.8;'>Controlador de Acceso 1 Puerta 5G<\/h3>\n<\/p><\/div>\n<div style='max-width: 800px; margin: 0 auto 50px auto; font-size: 15px; color: inherit; text-align: center;'> El sistema de control de acceso M2M es una soluci\u00f3n avanzada que integra conectividad Wi-Fi&comma; Bluetooth y celular para ofrecer un control de acceso vers\u00e1til y seguro. Dise\u00f1ado con microcontroladores de alto rendimiento y un m\u00f3dulo celular LTE Cat M1\/NB2&comma; este sistema es ideal para aplicaciones que requieren acceso remoto y gesti\u00f3n en la nube. <\/div>\n<div style='text-align: center; margin-bottom: 50px;'> <a href='https:\/\/sites.google.com\/syscom.mx\/m2m-services\/inicio' target='_blank' rel='noopener' style='font-size: 16px; color: inherit; text-decoration: underline;'> CONFIGURACIONES DE EQUIPOS M2M dando CLIC AQUI <\/a> <\/div>\n<div style='display: flex; flex-wrap: wrap; gap: 30px; justify-content: center; margin-bottom: 30px;'>\n<div style='flex: 1 1 300px; min-width: 280px;'>\n<div style='width: 100%;'>\n<div style='background-color: rgba(150&comma;150&comma;150&comma;0.1); border-radius: 8px; overflow: hidden;'>\n<div style='background-color: rgba(150&comma;150&comma;150&comma;0.1);'> <img style='width: 100%; height: auto; border: none;' src='https:\/\/ftp3.syscom.mx\/usuarios\/vvega\/M2M\/m2maxs\/m2maxs1.png' alt=''> <\/div>\n<div style='padding: 15px;'>\n<h3 style='font-size: 18px; color: inherit; margin-top: 0; margin-bottom: 5px;'>Controlador de Acceso M2M<\/h3>\n<h4 style='color: rgba(128&comma;128&comma;128&comma;0.8); font-weight: normal; margin-top: 0; margin-bottom: 15px;'>Principales<\/h4>\n<ul style='padding-left: 20px; font-size: 14px; color: inherit; list-style-type: disc;'>\n<li style='margin-bottom: 5px;'>Conectividad Wi-Fi 2.4 GHz con protocolos 802.11b\/g\/n<\/li>\n<li style='margin-bottom: 5px;'>Bluetooth para operaci\u00f3n r\u00e1pida con la aplicaci\u00f3n m\u00f3vil<\/li>\n<li style='margin-bottom: 5px;'>M\u00f3dulo celular LTE Cat M1\/NB2 para acceso a la nube<\/li>\n<li style='margin-bottom: 5px;'>Microcontrolador Arm\u00ae 32-bit Cortex\u00ae-M0+ con frecuencia de hasta 64 MHz<\/li>\n<li style='margin-bottom: 5px;'>Dual SIM para mayor flexibilidad en la conectividad<\/li>\n<li style='margin-bottom: 5px;'>Compatibilidad con RFID y NFC para acceso sin contacto<\/li>\n<li style='margin-bottom: 5px;'>RS485 para futuras expansiones<\/li>\n<\/ul><\/div>\n<\/p><\/div>\n<\/p><\/div>\n<\/p><\/div>\n<div style='flex: 1 1 300px; min-width: 280px;'>\n<div style='width: 100%;'>\n<div style='background-color: rgba(150&comma;150&comma;150&comma;0.1); border-radius: 8px; overflow: hidden;'>\n<div style='background-color: rgba(150&comma;150&comma;150&comma;0.1);'> <img style='width: 100%; height: auto; border: none;' src='https:\/\/ftp3.syscom.mx\/usuarios\/vvega\/M2M\/m2maxs\/m2maxs.png' alt=''> <\/div>\n<div style='padding: 15px;'>\n<h3 style='font-size: 18px; color: inherit; margin-top: 0; margin-bottom: 5px;'>Facil de Instalar&comma; sin complicaciones<\/h3>\n<h4 style='color: rgba(128&comma;128&comma;128&comma;0.8); font-weight: normal; margin-top: 0; margin-bottom: 15px;'>Configuraci\u00f3n Extremo sencilla<\/h4>\n<ul style='padding-left: 20px; font-size: 14px; color: inherit; list-style-type: disc;'>\n<li style='margin-bottom: 5px;'>Wi-Fi: 2.4 GHz&comma; 802.11b\/g\/n<\/li>\n<li style='margin-bottom: 5px;'>Bluetooth: Compatible con la aplicaci\u00f3n RControl<\/li>\n<li style='margin-bottom: 5px;'>M\u00f3dulo celular: LTE Cat M1\/NB2<\/li>\n<li style='margin-bottom: 5px;'>RS485: Para futuras expansiones<\/li>\n<li style='margin-bottom: 5px;'>Entradas: 3 x Inputs \u2013 B1&comma; B2&comma; DS (Door Sensor)<\/li>\n<li style='margin-bottom: 5px;'>Rel\u00e9s: 2 x Relays (N.C. \/ COM \/ N.O.)<\/li>\n<\/ul><\/div>\n<\/p><\/div>\n<\/p><\/div>\n<\/p><\/div>\n<div style='flex: 1 1 300px; min-width: 280px;'>\n<div style='width: 100%;'>\n<div style='background-color: rgba(150&comma;150&comma;150&comma;0.1); border-radius: 8px; overflow: hidden;'>\n<div style='background-color: rgba(150&comma;150&comma;150&comma;0.1);'> <img style='width: 100%; height: auto; border: none;' src='https:\/\/ftp3.syscom.mx\/usuarios\/vvega\/M2M\/m2maxs\/m2maxs2.png' alt=''> <\/div>\n<div style='padding: 15px;'>\n<h3 style='font-size: 18px; color: inherit; margin-top: 0; margin-bottom: 5px;'>Peque\u00f1o y Ligero<\/h3>\n<h4 style='color: rgba(128&comma;128&comma;128&comma;0.8); font-weight: normal; margin-top: 0; margin-bottom: 15px;'>Especificaciones Tecnicas<\/h4>\n<ul style='padding-left: 20px; font-size: 14px; color: inherit; list-style-type: disc;'>\n<li style='margin-bottom: 5px;'>Dimensiones: 13.1 x 9.5 x 2.5 cm<\/li>\n<li style='margin-bottom: 5px;'>Peso: 120 gramos<\/li>\n<li style='margin-bottom: 5px;'>Temperatura de operaci\u00f3n: 0 \u00b0C a 49 \u00b0C<\/li>\n<li style='margin-bottom: 5px;'>Humedad: 0 a 85% relativa&comma; no condensante<\/li>\n<li style='margin-bottom: 5px;'>RAM: 520 KB de SRAM on-chip<\/li>\n<li style='margin-bottom: 5px;'>Memoria Flash: 8 MB<\/li>\n<li style='margin-bottom: 5px;'>Voltaje de entrada: 12V&comma; 1A<\/li>\n<li style='margin-bottom: 5px;'>Voltaje de salida AUX: 12V<\/li>\n<\/ul><\/div>\n<\/p><\/div>\n<\/p><\/div>\n<\/p><\/div>\n<\/p><\/div>\n<div style='position: relative; padding-bottom: 56.25%; height: 0; overflow: hidden; margin-bottom: 30px;'>   <\/div>\n<div style='display: flex; flex-wrap: wrap; gap: 30px; margin-bottom: 30px;'>\n<div style='flex: 1 1 300px; min-width: 280px;'>\n<div style='border: 1px solid rgba(150&comma; 150&comma; 150&comma; 0.4); border-radius: 8px; overflow: hidden; display: flex; flex-direction: column; height: 100%;'>\n<div style='padding: 15px; border-bottom: 1px solid rgba(150&comma; 150&comma; 150&comma; 0.2); font-weight: bold; font-size: 18px; color: inherit;'>Aplicaciones y Casos de Uso<\/div>\n<div style='padding: 15px; color: inherit; flex-grow: 1;'>\n<p style='margin-bottom: 15px;'>\n<\/p><\/div>\n<\/p><\/div>\n<\/p><\/div>\n<\/p><\/div>\n<div style='display: flex; flex-wrap: wrap; gap: 30px; margin-bottom: 30px;'>\n<div style='flex: 1 1 300px; min-width: 280px;'>\n<div style='border: 1px solid rgba(150&comma; 150&comma; 150&comma; 0.4); border-radius: 8px; overflow: hidden; display: flex; flex-direction: column; height: 100%;'>\n<div style='padding: 15px; border-bottom: 1px solid rgba(150&comma; 150&comma; 150&comma; 0.2); font-weight: bold; font-size: 18px; color: inherit;'>Control de Acceso en Edificios<\/div>\n<div style='padding: 15px; color: inherit; flex-grow: 1;'>\n<p style='margin: 0;'>Ideal para la gesti\u00f3n de acceso en edificios comerciales y residenciales&comma; permitiendo el control remoto y la integraci\u00f3n con sistemas de seguridad.<\/p>\n<\/p><\/div>\n<\/p><\/div>\n<\/p><\/div>\n<div style='flex: 1 1 300px; min-width: 280px;'>\n<div style='border: 1px solid rgba(150&comma; 150&comma; 150&comma; 0.4); border-radius: 8px; overflow: hidden; display: flex; flex-direction: column; height: 100%;'>\n<div style='padding: 15px; border-bottom: 1px solid rgba(150&comma; 150&comma; 150&comma; 0.2); font-weight: bold; font-size: 18px; color: inherit;'>Gesti\u00f3n de Acceso en Instalaciones Industriales<\/div>\n<div style='padding: 15px; color: inherit; flex-grow: 1;'>\n<p style='margin: 0;'>Perfecto para entornos industriales donde se requiere un control de acceso robusto y seguro&comma; con la posibilidad de integraci\u00f3n con sistemas de automatizaci\u00f3n.<\/p>\n<\/p><\/div>\n<\/p><\/div>\n<\/p><\/div>\n<div style='flex: 1 1 300px; min-width: 280px;'>\n<div style='border: 1px solid rgba(150&comma; 150&comma; 150&comma; 0.4); border-radius: 8px; overflow: hidden; display: flex; flex-direction: column; height: 100%;'>\n<div style='padding: 15px; border-bottom: 1px solid rgba(150&comma; 150&comma; 150&comma; 0.2); font-weight: bold; font-size: 18px; color: inherit;'>Acceso sin Contacto en Espacios P\u00fablicos<\/div>\n<div style='padding: 15px; color: inherit; flex-grow: 1;'>\n<p style='margin: 0;'>Ofrece una soluci\u00f3n segura y conveniente para el acceso sin contacto en espacios p\u00fablicos como hospitales&comma; aeropuertos y centros comerciales.<\/p>\n<\/p><\/div>\n<\/p><\/div>\n<\/p><\/div>\n<\/p><\/div>\n<\/p><\/div>\n","protected":false},"excerpt":{"rendered":"<p>Sistema de Control de Acceso M2M \/ Conectividad Wi-Fi y Bluetooth \/ M\u00f3dulo Celular 5G \/ Dual SIM \/ Compatible con RFID y NFC \/ USB Type-C \/ RS485<\/p>\n","protected":false},"featured_media":22345,"comment_status":"open","ping_status":"closed","template":"","meta":[],"product_brand":[],"product_cat":[214],"product_tag":[93,215,188],"class_list":{"0":"post-22346","1":"product","2":"type-product","3":"status-publish","4":"has-post-thumbnail","6":"product_cat-controles-inalambricos","7":"product_tag-accesorios","8":"product_tag-controles-inalambricos","9":"product_tag-m2m-services","11":"first","12":"outofstock","13":"sale","14":"shipping-taxable","15":"purchasable","16":"product-type-simple"},"_links":{"self":[{"href":"https:\/\/soydeaqui.ddns.net\/pachuca\/index.php\/wp-json\/wp\/v2\/product\/22346","targetHints":{"allow":["GET"]}}],"collection":[{"href":"https:\/\/soydeaqui.ddns.net\/pachuca\/index.php\/wp-json\/wp\/v2\/product"}],"about":[{"href":"https:\/\/soydeaqui.ddns.net\/pachuca\/index.php\/wp-json\/wp\/v2\/types\/product"}],"replies":[{"embeddable":true,"href":"https:\/\/soydeaqui.ddns.net\/pachuca\/index.php\/wp-json\/wp\/v2\/comments?post=22346"}],"wp:featuredmedia":[{"embeddable":true,"href":"https:\/\/soydeaqui.ddns.net\/pachuca\/index.php\/wp-json\/wp\/v2\/media\/22345"}],"wp:attachment":[{"href":"https:\/\/soydeaqui.ddns.net\/pachuca\/index.php\/wp-json\/wp\/v2\/media?parent=22346"}],"wp:term":[{"taxonomy":"product_brand","embeddable":true,"href":"https:\/\/soydeaqui.ddns.net\/pachuca\/index.php\/wp-json\/wp\/v2\/product_brand?post=22346"},{"taxonomy":"product_cat","embeddable":true,"href":"https:\/\/soydeaqui.ddns.net\/pachuca\/index.php\/wp-json\/wp\/v2\/product_cat?post=22346"},{"taxonomy":"product_tag","embeddable":true,"href":"https:\/\/soydeaqui.ddns.net\/pachuca\/index.php\/wp-json\/wp\/v2\/product_tag?post=22346"}],"curies":[{"name":"wp","href":"https:\/\/api.w.org\/{rel}","templated":true}]}}