{"id":22306,"date":"2026-03-18T10:55:16","date_gmt":"2026-03-18T10:55:16","guid":{"rendered":"https:\/\/soydeaqui.ddns.net\/pachuca\/index.php\/producto\/centro-de-control-de-acceso-compacto-ubiquiti-unifi-terminal-de-bloqueo-12v-entradas-adicionales-sensor-y-boton-alimentacion-poe-conexion-para-dos-lectores-o-camaras-uso-interior\/"},"modified":"2026-03-18T10:55:21","modified_gmt":"2026-03-18T10:55:21","slug":"centro-de-control-de-acceso-compacto-ubiquiti-unifi-terminal-de-bloqueo-12v-entradas-adicionales-sensor-y-boton-alimentacion-poe-conexion-para-dos-lectores-o-camaras-uso-interior","status":"publish","type":"product","link":"https:\/\/soydeaqui.ddns.net\/pachuca\/index.php\/producto\/centro-de-control-de-acceso-compacto-ubiquiti-unifi-terminal-de-bloqueo-12v-entradas-adicionales-sensor-y-boton-alimentacion-poe-conexion-para-dos-lectores-o-camaras-uso-interior\/","title":{"rendered":"Centro de Control de Acceso Compacto Ubiquiti UniFi \/ Terminal de Bloqueo 12V \/ Entradas Adicionales Sensor y Bot\u00f3n \/ Alimentaci\u00f3n PoE++ \/ Conexi\u00f3n para Dos Lectores o C\u00e1maras \/ Uso Interior"},"content":{"rendered":"<div style='width: 100%; max-width: 1200px; margin: 0 auto; font-family: sans-serif; line-height: 1.6; color: inherit; background-color: transparent;'> <!-- Hero section --> <\/p>\n<div style='display: flex; flex-wrap: wrap; gap: 30px; align-items: center; border: 1px solid rgba(150&comma;150&comma;150&comma;0.3); border-radius: 12px; padding: 20px; margin-bottom: 30px;'> <!-- Video container --> <\/p>\n<div style='flex: 1 1 320px; min-width: 280px;'>\n<div style='position: relative; padding-bottom: 56.25%; height: 0; overflow: hidden;'> <video style='position: absolute; top: 0; left: 0; width: 100%; height: 100%; border: 1px solid rgba(150&comma;150&comma;150&comma;0.3); border-radius: 8px; display: block;' src='https:\/\/ftp3.syscom.mx\/usuarios\/adiaz\/Ubiquiti\/Imagenes\/UAHUBMINI\/HUBMINIloop.mp4' autoplay loop muted width='300' height='150'> <!-- Fallback image --> <img src='https:\/\/ftp3.syscom.mx\/usuarios\/adiaz\/Ubiquiti\/Imagenes\/UAHUBMINI\/fallback.avif' alt='Ubiquiti UA-Hub-Door-Mini' style='position: absolute; top: 0; left: 0; width: 100%; height: 100%; border: 1px solid rgba(150&comma;150&comma;150&comma;0.3); border-radius: 8px; display: block;' \/> <\/video> <\/div>\n<\/p><\/div>\n<p> <!-- Text content --> <\/p>\n<div style='flex: 1 1 360px; min-width: 280px;'>\n<h2 style='font-size: 24px; margin: 0 0 10px; color: inherit;'>Door Hub Mini<\/h2>\n<div style='margin: 0 0 15px; color: rgba(255&comma;255&comma;255&comma;0.7); font-weight: bold;'>Modelo: <span style='font-weight: 600; color: inherit;'>UA-Hub-Door-Mini<\/span><\/div>\n<p style='margin: 0; color: inherit;'>Hub\/Concentrador de Control de Acceso Compacto para una sola Puerta<\/p>\n<\/p><\/div>\n<\/p><\/div>\n<p> <!-- Deployment section --> <\/p>\n<div style='border: 1px solid rgba(150&comma;150&comma;150&comma;0.3); border-radius: 12px; padding: 20px; margin-bottom: 30px; text-align: center;'>\n<h3 style='margin: 0 0 15px; font-size: 20px; font-weight: 600; color: inherit;'>Aplicaci\u00f3n<\/h3>\n<p> <img src='https:\/\/ftp3.syscom.mx\/usuarios\/adiaz\/Ubiquiti\/Imagenes\/UAHUBMINI\/deployment.avif' alt='Deployment' style='width: 100%; height: auto; border: 1px solid rgba(150&comma;150&comma;150&comma;0.3); border-radius: 8px;'> <\/div>\n<p> <!-- Specifications title --> <\/p>\n<div style='text-align: center; margin: 40px 0 20px;'> <span style='font-size: 22px; color: #0d6efd; font-weight: bold; border-bottom: 2px solid currentColor; padding-bottom: 5px; color: inherit;'>Especificaciones<\/span> <\/div>\n<p> <!-- Specifications grid --> <\/p>\n<div style='display: flex; flex-wrap: wrap; gap: 20px; margin-bottom: 30px;'> <!-- Card: Caracter\u00edsticas principales --> <\/p>\n<div style='flex: 1 1 280px; min-width: 260px;'>\n<div style='border: 1px solid rgba(150&comma;150&comma;150&comma;0.4); border-radius: 8px; overflow: hidden; display: flex; flex-direction: column; height: 100%;'>\n<div style='padding: 15px; border-bottom: 1px solid rgba(150&comma;150&comma;150&comma;0.2); font-weight: bold; font-size: 16px; color: inherit;'>Caracter\u00edsticas principales<\/div>\n<div style='padding: 15px; color: inherit; flex: 1 1 auto;'>\n<ul style='padding-left: 20px; margin: 0; font-size: 14px; list-style-type: disc;'>\n<li style='margin-bottom: 8px;'><strong>(1) Terminal de Bloque<\/strong> (12 Vcc y Contacto Seco Conmutable)<\/li>\n<li style='margin-bottom: 8px;'><strong>(2) Entradas Adicionales<\/strong> (Sensor y Bot\u00f3n)<\/li>\n<li style='margin-bottom: 8px;'>Se Conecta y alimenta mediante PoE++<\/li>\n<li style='margin-bottom: 8px;'>Conecte hasta 2 Lectores UniFi Access o C\u00e1maras UniFi Protect<\/li>\n<\/ul><\/div>\n<\/p><\/div>\n<\/p><\/div>\n<p> <!-- Card: F\u00edsicas y el\u00e9ctricas --> <\/p>\n<div style='flex: 1 1 280px; min-width: 260px;'>\n<div style='border: 1px solid rgba(150&comma;150&comma;150&comma;0.4); border-radius: 8px; overflow: hidden; display: flex; flex-direction: column; height: 100%;'>\n<div style='padding: 15px; border-bottom: 1px solid rgba(150&comma;150&comma;150&comma;0.2); font-weight: bold; font-size: 16px; color: inherit;'>Caracter\u00edsticas f\u00edsicas y el\u00e9ctricas<\/div>\n<div style='padding: 15px; color: inherit; flex: 1 1 auto;'>\n<ul style='padding-left: 20px; margin: 0; font-size: 14px; list-style-type: disc;'>\n<li style='margin-bottom: 8px;'>113 x 66 x 27.6 mm (4.4 x 2.6 x 1.1&#8242;)<\/li>\n<li style='margin-bottom: 8px;'>Peso: 190 g (6.7 oz)<\/li>\n<li style='margin-bottom: 8px;'>Material de la carcasa: Policarbonato y Metal<\/li>\n<li style='margin-bottom: 8px;'>Montaje tipo Riel DIN (Incluido)<\/li>\n<li style='margin-bottom: 8px;'>Alimentaci\u00f3n: PoE++<\/li>\n<li style='margin-bottom: 8px;'>Temperatura de operaci\u00f3n: 0 a 40 \u00b0C (32 a 104 \u00b0F)<\/li>\n<li style='margin-bottom: 8px;'>Humedad de operaci\u00f3n: 5\u201390% sin condensaci\u00f3n<\/li>\n<\/ul><\/div>\n<\/p><\/div>\n<\/p><\/div>\n<p> <!-- Card: Hardware --> <\/p>\n<div style='flex: 1 1 280px; min-width: 260px;'>\n<div style='border: 1px solid rgba(150&comma;150&comma;150&comma;0.4); border-radius: 8px; overflow: hidden; display: flex; flex-direction: column; height: 100%;'>\n<div style='padding: 15px; border-bottom: 1px solid rgba(150&comma;150&comma;150&comma;0.2); font-weight: bold; font-size: 16px; color: inherit;'>Hardware<\/div>\n<div style='padding: 15px; color: inherit; flex: 1 1 auto;'>\n<ul style='padding-left: 20px; margin: 0; font-size: 14px; list-style-type: disc;'>\n<li style='margin-bottom: 8px;'>Terminales de Entrada: Solicitud de Salida de Puerta&comma; Posici\u00f3n de la Puerta<\/li>\n<li style='margin-bottom: 8px;'>Rel\u00e9 de Salida (Contacto Seco): 30 Vcc 1 A<\/li>\n<li style='margin-bottom: 8px;'><strong>(3) Puertos 10\/100\/1000 RJ45<\/strong><\/li>\n<li style='margin-bottom: 8px;'>PoE: (1) Entrada PoE++&comma; 50 Vcc 1 A; (2) Salidas PoE&comma; 50 Vcc 30 W por puerto (M\u00e1x. 45 W agregados)<\/li>\n<li style='margin-bottom: 8px;'>Consumo M\u00e1ximo: 19W (Sin Salida PoE); 50W (Con Salida PoE)<\/li>\n<\/ul><\/div>\n<\/p><\/div>\n<\/p><\/div>\n<p> <!-- Card: Longitudes --> <\/p>\n<div style='flex: 1 1 280px; min-width: 260px;'>\n<div style='border: 1px solid rgba(150&comma;150&comma;150&comma;0.4); border-radius: 8px; overflow: hidden; display: flex; flex-direction: column; height: 100%;'>\n<div style='padding: 15px; border-bottom: 1px solid rgba(150&comma;150&comma;150&comma;0.2); font-weight: bold; font-size: 16px; color: inherit;'>Longitud M\u00e1x. de Cable Recomendada<\/div>\n<div style='padding: 15px; color: inherit; flex: 1 1 auto;'>\n<ul style='padding-left: 20px; margin: 0; font-size: 14px; list-style-type: disc;'>\n<li style='margin-bottom: 8px;'><strong>Cerradura El\u00e9ctrica (400 mA):<\/strong><br \/>24 AWG: 25 m (82 ft) | 22 AWG: 42 m (138 ft) | 20 AWG: 66 m (217 ft) | 18 AWG: 100 m (328 ft)<\/li>\n<li style='margin-bottom: 8px;'><strong>Chapa Magn\u00e9tica 540kg (500 mA):<\/strong><br \/>24 AWG: 20 m (66 ft) | 22 AWG: 32 m (105 ft) | 20 AWG: 51 m (167 ft) | 18 AWG: 80 m (262 ft)<\/li>\n<li style='margin-bottom: 8px;'><strong>Chapa Magn\u00e9tica 270kg (800 mA):<\/strong><br \/>24 AWG: 12 m (29 ft) | 22 AWG: 20 m (66 ft) | 20 AWG: 30 m (98 ft) | 18 AWG: 46 m (151 ft)<\/li>\n<li style='margin-bottom: 8px;'><strong>Otras Cerraduras (1A):<\/strong><br \/>24 AWG: 9 m (30 ft) | 22 AWG: 15 m (49 ft) | 20 AWG: 24 m (79 ft) | 18 AWG: 36 m (118 ft)<\/li>\n<\/ul><\/div>\n<\/p><\/div>\n<\/p><\/div>\n<\/p><\/div>\n<p> <!-- Accessories section --> <\/p>\n<div style='border: 1px solid rgba(150&comma;150&comma;150&comma;0.3); border-radius: 12px; padding: 20px; margin: 30px 0; text-align: center; max-width: 600px; margin-left: auto; margin-right: auto;'>\n<h3 style='margin: 0 0 15px; font-size: 18px; font-weight: 600; color: inherit;'>Accesorios Recomendados<\/h3>\n<div style='display: flex; flex-wrap: wrap; gap: 15px; justify-content: center;'> <!-- Accessory 1 --> <\/p>\n<div style='border: 1px solid rgba(150&comma;150&comma;150&comma;0.3); border-radius: 8px; padding: 12px; text-align: center;'> <img src='https:\/\/ftp3.syscom.mx\/usuarios\/adiaz\/Ubiquiti\/Imagenes\/UAHubGate\/UVCAIPRO-l.png' alt='UVC-AI-PRO' style='width: 100%; max-width: 120px; height: auto; margin-bottom: 8px; border: 1px solid rgba(150&comma;150&comma;150&comma;0.3); border-radius: 6px;'> <\/p>\n<div style='font-weight: 600; color: #0d6efd; font-size: 14px; color: inherit;'>UVC-AI-PRO<\/div>\n<\/p><\/div>\n<\/p><\/div>\n<\/p><\/div>\n<\/p><\/div>\n","protected":false},"excerpt":{"rendered":"<p>Centro de Control de Acceso Compacto Ubiquiti UniFi \/ Terminal de Bloqueo 12V \/ Entradas Adicionales Sensor y Bot\u00f3n \/ Alimentaci\u00f3n PoE++ \/ Conexi\u00f3n para Dos Lectores o C\u00e1maras \/ Uso Interior<\/p>\n","protected":false},"featured_media":22305,"comment_status":"open","ping_status":"closed","template":"","meta":[],"product_brand":[],"product_cat":[783],"product_tag":[785,784,895],"class_list":{"0":"post-22306","1":"product","2":"type-product","3":"status-publish","4":"has-post-thumbnail","6":"product_cat-controladores-de-acceso","7":"product_tag-controladores-de-acceso","8":"product_tag-paneles-de-control-de-acceso","9":"product_tag-ubiquiti-inc","11":"first","12":"instock","13":"sale","14":"shipping-taxable","15":"purchasable","16":"product-type-simple"},"_links":{"self":[{"href":"https:\/\/soydeaqui.ddns.net\/pachuca\/index.php\/wp-json\/wp\/v2\/product\/22306","targetHints":{"allow":["GET"]}}],"collection":[{"href":"https:\/\/soydeaqui.ddns.net\/pachuca\/index.php\/wp-json\/wp\/v2\/product"}],"about":[{"href":"https:\/\/soydeaqui.ddns.net\/pachuca\/index.php\/wp-json\/wp\/v2\/types\/product"}],"replies":[{"embeddable":true,"href":"https:\/\/soydeaqui.ddns.net\/pachuca\/index.php\/wp-json\/wp\/v2\/comments?post=22306"}],"wp:featuredmedia":[{"embeddable":true,"href":"https:\/\/soydeaqui.ddns.net\/pachuca\/index.php\/wp-json\/wp\/v2\/media\/22305"}],"wp:attachment":[{"href":"https:\/\/soydeaqui.ddns.net\/pachuca\/index.php\/wp-json\/wp\/v2\/media?parent=22306"}],"wp:term":[{"taxonomy":"product_brand","embeddable":true,"href":"https:\/\/soydeaqui.ddns.net\/pachuca\/index.php\/wp-json\/wp\/v2\/product_brand?post=22306"},{"taxonomy":"product_cat","embeddable":true,"href":"https:\/\/soydeaqui.ddns.net\/pachuca\/index.php\/wp-json\/wp\/v2\/product_cat?post=22306"},{"taxonomy":"product_tag","embeddable":true,"href":"https:\/\/soydeaqui.ddns.net\/pachuca\/index.php\/wp-json\/wp\/v2\/product_tag?post=22306"}],"curies":[{"name":"wp","href":"https:\/\/api.w.org\/{rel}","templated":true}]}}