{"id":222,"date":"2026-03-18T05:37:17","date_gmt":"2026-03-18T05:37:17","guid":{"rendered":"https:\/\/soydeaqui.ddns.net\/pachuca\/index.php\/producto\/modulo-de-pared-para-tirador-de-bano-con-led-indicador-compatible-con-nx0019-b-nx0015-y-nx1021\/"},"modified":"2026-03-18T05:37:18","modified_gmt":"2026-03-18T05:37:18","slug":"modulo-de-pared-para-tirador-de-bano-con-led-indicador-compatible-con-nx0019-b-nx0015-y-nx1021","status":"publish","type":"product","link":"https:\/\/soydeaqui.ddns.net\/pachuca\/index.php\/producto\/modulo-de-pared-para-tirador-de-bano-con-led-indicador-compatible-con-nx0019-b-nx0015-y-nx1021\/","title":{"rendered":"Modulo de Pared para Tirador de Ba\u00f1o con LED Indicador \/ Compatible con NX0019\/B, NX0015 y NX1021"},"content":{"rendered":"<div style='width: 100%; max-width: 1200px; margin: 0 auto; font-family: sans-serif; line-height: 1.6; color: inherit; background-color: transparent;'>\n<div style='display: flex; flex-wrap: wrap; gap: 30px; margin-bottom: 30px;'>\n<div style='flex: 1 1 300px; min-width: 280px;'>\n<h3 style='font-size: 22px; border-bottom: 2px solid currentColor; padding-bottom: 5px; margin-top: 0; color: inherit; opacity: 0.8;'>Funciones principales<\/h3>\n<ul style='padding-left: 20px; font-size: 15px; color: inherit;'>\n<li style='margin-bottom: 5px;'>Contacto NC supervisado para detectar rotura del cable<\/li>\n<li style='margin-bottom: 5px;'>Contacto NA para usos alternativos<\/li>\n<li style='margin-bottom: 5px;'>Led rojo para se\u00f1alizaci\u00f3n de alarma<\/li>\n<li style='margin-bottom: 5px;'>Accionable en todas direcciones<\/li>\n<li style='margin-bottom: 5px;'>Se usa en conjunto con el cord\u00f3n NX0073<\/li>\n<li style='margin-bottom: 5px;'>Requiere marco <a style='color: inherit; text-decoration: none; border-bottom: 1px dashed; opacity: 0.8;' href='https:\/\/www.syscom.mx\/principal\/searchcont?route=NX9003-IBERNEX-195549&#038;autodetect=nx9003' target='_blank' rel='noopener'>NX9012<\/a><\/li>\n<\/ul><\/div>\n<div style='flex: 1 1 300px; min-width: 280px;'>\n<h3 style='font-size: 22px; border-bottom: 2px solid currentColor; padding-bottom: 5px; margin-top: 0; color: inherit; opacity: 0.8;'>Caracter\u00edsticas el\u00e9ctricas y f\u00edsicas<\/h3>\n<ul style='padding-left: 20px; font-size: 15px; color: inherit;'>\n<li style='margin-bottom: 5px;'>Alimentaci\u00f3n a 12 Vcc<\/li>\n<li style='margin-bottom: 5px;'>Consumo menor a 2 mA<\/li>\n<li style='margin-bottom: 5px;'>\u00cdndice de protecci\u00f3n IP54<\/li>\n<li style='margin-bottom: 5px;'>Dimensiones: 44 x 44 x 44 mm<\/li>\n<li style='margin-bottom: 5px;'><a style='color: inherit; text-decoration: none; border-bottom: 1px dashed; opacity: 0.8;' title='Ficha t\u00e9cnica' href='https:\/\/ftp3.syscom.mx\/usuarios\/scorrea\/A\/IBERNEX\/NX0062\/DS_NX0062.pdf' target='_blank' rel='noopener'>Revise la ficha completa<\/a><\/li>\n<\/ul><\/div>\n<div style='flex: 1 1 300px; min-width: 280px;'>\n<h3 style='font-size: 22px; border-bottom: 2px solid currentColor; padding-bottom: 5px; margin-top: 0; color: inherit; opacity: 0.8;'>Caracter\u00edsticas Destacadas<\/h3>\n<p style='margin-bottom: 15px; font-size: 15px; color: inherit;'>Permite la generaci\u00f3n de alarmas mediante el accionamiento de un tirador.<\/p>\n<p style='margin-bottom: 15px; font-size: 15px; color: inherit;'>Funciona en combinaci\u00f3n con el tirador de sanitario <a style='color: inherit; text-decoration: none; border-bottom: 1px dashed; opacity: 0.8;' href='https:\/\/www.syscom.mx\/producto\/NX0073-IBERNEX-195545.html' target='_blank' rel='noopener'>NX0073<\/a>.<\/p>\n<p style='margin-bottom: 15px; font-size: 15px; color: inherit;'>Cuando se acciona el tirador&comma; el led rojo se enciende visualizando la generaci\u00f3n de una alarma y permanece fijo hasta que la alarma sea finalizada.<\/p>\n<\/p><\/div>\n<\/p><\/div>\n<div style='margin-top: 30px;'>\n<p style='font-size: 15px; color: inherit;'><strong>Nota:<\/strong> Requiere certificaci\u00f3n para su instalaci\u00f3n y para solicitar soporte t\u00e9cnico.<\/p>\n<\/p><\/div>\n<hr style='border: 0; border-top: 1px solid rgba(150&comma; 150&comma; 150&comma; 0.3); margin: 30px 0;'> <\/div>\n","protected":false},"excerpt":{"rendered":"<p>Modulo de Pared para Tirador de Ba\u00f1o con LED Indicador \/ Compatible con NX0019\/B, NX0015 y NX1021<\/p>\n","protected":false},"featured_media":221,"comment_status":"open","ping_status":"closed","template":"","meta":[],"product_brand":[],"product_cat":[151],"product_tag":[152,153,126],"class_list":{"0":"post-222","1":"product","2":"type-product","3":"status-publish","4":"has-post-thumbnail","6":"product_cat-atencion-sociosanitaria","7":"product_tag-atencion-sociosanitaria","8":"product_tag-ibernex","9":"product_tag-sistemas-de-emergencia","11":"first","12":"outofstock","13":"sale","14":"shipping-taxable","15":"purchasable","16":"product-type-simple"},"_links":{"self":[{"href":"https:\/\/soydeaqui.ddns.net\/pachuca\/index.php\/wp-json\/wp\/v2\/product\/222","targetHints":{"allow":["GET"]}}],"collection":[{"href":"https:\/\/soydeaqui.ddns.net\/pachuca\/index.php\/wp-json\/wp\/v2\/product"}],"about":[{"href":"https:\/\/soydeaqui.ddns.net\/pachuca\/index.php\/wp-json\/wp\/v2\/types\/product"}],"replies":[{"embeddable":true,"href":"https:\/\/soydeaqui.ddns.net\/pachuca\/index.php\/wp-json\/wp\/v2\/comments?post=222"}],"wp:featuredmedia":[{"embeddable":true,"href":"https:\/\/soydeaqui.ddns.net\/pachuca\/index.php\/wp-json\/wp\/v2\/media\/221"}],"wp:attachment":[{"href":"https:\/\/soydeaqui.ddns.net\/pachuca\/index.php\/wp-json\/wp\/v2\/media?parent=222"}],"wp:term":[{"taxonomy":"product_brand","embeddable":true,"href":"https:\/\/soydeaqui.ddns.net\/pachuca\/index.php\/wp-json\/wp\/v2\/product_brand?post=222"},{"taxonomy":"product_cat","embeddable":true,"href":"https:\/\/soydeaqui.ddns.net\/pachuca\/index.php\/wp-json\/wp\/v2\/product_cat?post=222"},{"taxonomy":"product_tag","embeddable":true,"href":"https:\/\/soydeaqui.ddns.net\/pachuca\/index.php\/wp-json\/wp\/v2\/product_tag?post=222"}],"curies":[{"name":"wp","href":"https:\/\/api.w.org\/{rel}","templated":true}]}}