{"id":21883,"date":"2026-03-18T10:46:49","date_gmt":"2026-03-18T10:46:49","guid":{"rendered":"https:\/\/soydeaqui.ddns.net\/pachuca\/index.php\/producto\/enterprise-access-hub-concentrador-de-acceso-empresarial-con-control-de-entrada-y-salida-de-hasta-8-puertas-y-soporte-de-respaldo-de-bateria\/"},"modified":"2026-03-18T10:46:55","modified_gmt":"2026-03-18T10:46:55","slug":"enterprise-access-hub-concentrador-de-acceso-empresarial-con-control-de-entrada-y-salida-de-hasta-8-puertas-y-soporte-de-respaldo-de-bateria","status":"publish","type":"product","link":"https:\/\/soydeaqui.ddns.net\/pachuca\/index.php\/producto\/enterprise-access-hub-concentrador-de-acceso-empresarial-con-control-de-entrada-y-salida-de-hasta-8-puertas-y-soporte-de-respaldo-de-bateria\/","title":{"rendered":"Enterprise Access Hub\/Concentrador de Acceso Empresarial con Control de Entrada y Salida de hasta 8 Puertas y Soporte de Respaldo de Bater\u00eda"},"content":{"rendered":"<div style='width: 100%; max-width: 1200px; margin: 0 auto; font-family: sans-serif; line-height: 1.6; color: inherit; background-color: transparent;'> <!-- Hero Section --> <\/p>\n<div style='display: flex; flex-wrap: wrap; gap: 30px; align-items: center; border: 1px solid rgba(150&comma;150&comma;150&comma;0.3); border-radius: 12px; padding: 20px; margin-bottom: 30px; background-color: transparent;'>\n<div style='flex: 1 1 320px; min-width: 280px;'>\n<div style='position: relative; width: 100%; padding-top: 56.25%; height: 0; overflow: hidden; border: 1px solid rgba(150&comma;150&comma;150&comma;0.3); border-radius: 12px;'> <video style='position: absolute; top: 0; left: 0; width: 100%; height: 100%; border-radius: 12px; display: block; background-color: transparent;' autoplay muted loop playsinline><source src='https:\/\/ftp3.syscom.mx\/usuarios\/adiaz\/Ubiquiti\/Imagenes\/EAH8\/EAH8loop.mp4' type='video\/mp4'><img src='https:\/\/ftp3.syscom.mx\/usuarios\/adiaz\/Ubiquiti\/Imagenes\/EAH8\/fallback.png' alt='Ubiquiti EAH-8' style='width: 100%; height: auto; border: 1px solid rgba(150&comma;150&comma;150&comma;0.3); border-radius: 12px; display: block;'><\/video> <\/div>\n<\/p><\/div>\n<div style='flex: 1 1 360px; min-width: 280px;'>\n<h2 style='font-size: 24px; margin: 0 0 10px; color: inherit;'>Enterprise Access Hub<\/h2>\n<div style='margin: 0 0 15px; font-weight: 600; color: inherit; opacity: 0.85;'>Modelo: <span style='font-weight: 700; opacity: 1;'>EAH-8<\/span><\/div>\n<p style='margin: 0; color: inherit;'>Enterprise Access Hub\/Concentrador de Acceso Empresarial con Control de Entrada y Salida de hasta 8 Puertas y Soporte de Respaldo de Bater\u00eda<\/p>\n<\/p><\/div>\n<\/p><\/div>\n<p> <!-- Deployment Section --> <\/p>\n<div style='border: 1px solid rgba(150&comma;150&comma;150&comma;0.3); border-radius: 12px; padding: 20px; margin-bottom: 30px; text-align: center; background-color: transparent;'>\n<h3 style='margin: 0 0 15px; font-size: 20px; font-weight: 700; color: inherit; border-bottom: 2px solid currentColor; padding-bottom: 8px; display: inline-block;'>Aplicaci\u00f3n<\/h3>\n<p> <img src='https:\/\/ftp3.syscom.mx\/usuarios\/adiaz\/Ubiquiti\/Imagenes\/EAH8\/deployment.png' alt='Deployment' style='width: 100%; height: auto; border: 1px solid rgba(150&comma;150&comma;150&comma;0.3); border-radius: 12px; margin-top: 15px;'> <\/div>\n<p> <!-- Specifications Title --> <\/p>\n<div style='text-align: center; margin: 40px 0 20px;'> <span style='font-size: 24px; font-weight: 700; color: inherit;'>Especificaciones<\/span> <\/div>\n<p> <!-- Specifications Grid --> <\/p>\n<div style='display: flex; flex-wrap: wrap; gap: 20px; margin-bottom: 30px;'> <!-- Card: Caracter\u00edsticas principales --> <\/p>\n<div style='flex: 1 1 280px; min-width: 260px;'>\n<div style='border: 1px solid rgba(150&comma;150&comma;150&comma;0.4); border-radius: 8px; overflow: hidden; display: flex; flex-direction: column; background-color: transparent; box-shadow: 0 2px 6px rgba(0&comma;0&comma;0&comma;0.05);'>\n<div style='padding: 15px; border-bottom: 1px solid rgba(150&comma;150&comma;150&comma;0.2); font-weight: bold; font-size: 18px; color: inherit;'>Caracter\u00edsticas principales<\/div>\n<div style='padding: 15px; color: inherit;'>\n<ul style='padding-left: 20px; margin: 0; font-size: 14px; list-style-type: disc;'>\n<li style='margin-bottom: 5px;'>(1) Terminal de Bloque (12 Vcc o Contactos Secos)<\/li>\n<li style='margin-bottom: 5px;'>(8+8) Entradas para Dispositivos de Salida y Sensores de Posici\u00f3n de Puertas<\/li>\n<li style='margin-bottom: 5px;'>(8) Puertos PoE para Lectores de Acceso<\/li>\n<li style='margin-bottom: 5px;'>(4) Terminales AUX para Timbres&comma; Sirenas o Abridores de Puertas<\/li>\n<li style='margin-bottom: 5px;'>(1) Entrada de Respaldo de Bater\u00eda (32-48 Vcc)<\/li>\n<\/ul><\/div>\n<\/p><\/div>\n<\/p><\/div>\n<p> <!-- Card: F\u00edsicas y el\u00e9ctricas --> <\/p>\n<div style='flex: 1 1 280px; min-width: 260px;'>\n<div style='border: 1px solid rgba(150&comma;150&comma;150&comma;0.4); border-radius: 8px; overflow: hidden; display: flex; flex-direction: column; background-color: transparent; box-shadow: 0 2px 6px rgba(0&comma;0&comma;0&comma;0.05);'>\n<div style='padding: 15px; border-bottom: 1px solid rgba(150&comma;150&comma;150&comma;0.2); font-weight: bold; font-size: 18px; color: inherit;'>Caracter\u00edsticas f\u00edsicas y el\u00e9ctricas<\/div>\n<div style='padding: 15px; color: inherit;'>\n<ul style='padding-left: 20px; margin: 0; font-size: 14px; list-style-type: disc;'>\n<li style='margin-bottom: 5px;'><strong>Dimensiones:<\/strong> 379 x 355 x 105 mm (15 x 14 x 4.1&#8242;)<\/li>\n<li style='margin-bottom: 5px;'><strong>Peso:<\/strong> 9.7 kg (20.1 lb)<\/li>\n<li style='margin-bottom: 5px;'><strong>Material de la carcasa:<\/strong> Acero SGCC con cubierta de Policarbonato<\/li>\n<li style='margin-bottom: 5px;'>Montaje en Pared<\/li>\n<li style='margin-bottom: 5px;'><strong>Alimentaci\u00f3n:<\/strong> 100-240 Vca&comma; M\u00e1x. 4.4A&comma; 50\/60Hz; Bater\u00eda de plomo-\u00e1cido de 32-48 Vcc M\u00e1x. 7.5 A a 32 Vcc<\/li>\n<li style='margin-bottom: 5px;'><strong>Temperatura de operaci\u00f3n:<\/strong> 0 a 40 \u00b0C (32 a 104 \u00b0F)<\/li>\n<li style='margin-bottom: 5px;'><strong>Humedad de operaci\u00f3n:<\/strong> 5\u201395% sin condensaci\u00f3n<\/li>\n<\/ul><\/div>\n<\/p><\/div>\n<\/p><\/div>\n<p> <!-- Card: Hardware --> <\/p>\n<div style='flex: 1 1 280px; min-width: 260px;'>\n<div style='border: 1px solid rgba(150&comma;150&comma;150&comma;0.4); border-radius: 8px; overflow: hidden; display: flex; flex-direction: column; background-color: transparent; box-shadow: 0 2px 6px rgba(0&comma;0&comma;0&comma;0.05);'>\n<div style='padding: 15px; border-bottom: 1px solid rgba(150&comma;150&comma;150&comma;0.2); font-weight: bold; font-size: 18px; color: inherit;'>Hardware<\/div>\n<div style='padding: 15px; color: inherit;'>\n<ul style='padding-left: 20px; margin: 0; font-size: 14px; list-style-type: disc;'>\n<li style='margin-bottom: 5px;'><strong>Entradas Digitales:<\/strong> (8) Entradas para Dispositivos de Solicitud de Salida&comma; (8) Entradas para Sensores de Posici\u00f3n de Puertas y (1) Emergencia<\/li>\n<li style='margin-bottom: 5px;'>(8) Terminales de Bloque (12 Vcc o Seco)&comma; (4) Terminales Auxiliares para Configuraci\u00f3n Avanzada (Timbre\/Sirena\/Abridor de Puerta)<\/li>\n<li style='margin-bottom: 5px;'><strong>Rel\u00e9 de Salida Alimentado:<\/strong> Bloqueo: 12 Vcc 1 A \/ Seco Auxiliar: Solo Seco<\/li>\n<li style='margin-bottom: 5px;'>(10) Puertos 10\/100\/1000 RJ45<\/li>\n<li style='margin-bottom: 5px;'><strong>PoE:<\/strong> (8) Salidas PoE&comma; 50 Vcc 30 W por puerto (M\u00e1x. 190 W agregados)<\/li>\n<li style='margin-bottom: 5px;'><strong>Consumo M\u00e1ximo:<\/strong> 240W<\/li>\n<\/ul><\/div>\n<\/p><\/div>\n<\/p><\/div>\n<p> <!-- Card: Longitudes --> <\/p>\n<div style='flex: 1 1 280px; min-width: 260px;'>\n<div style='border: 1px solid rgba(150&comma;150&comma;150&comma;0.4); border-radius: 8px; overflow: hidden; display: flex; flex-direction: column; background-color: transparent; box-shadow: 0 2px 6px rgba(0&comma;0&comma;0&comma;0.05);'>\n<div style='padding: 15px; border-bottom: 1px solid rgba(150&comma;150&comma;150&comma;0.2); font-weight: bold; font-size: 18px; color: inherit;'>Longitud M\u00e1x. de Cable Recomendada<\/div>\n<div style='padding: 15px; color: inherit;'>\n<ul style='padding-left: 20px; margin: 0; font-size: 14px; list-style-type: disc;'>\n<li style='margin-bottom: 5px;'><strong>Cerradura el\u00e9ctrica (400 mA):<\/strong> 24 AWG: 25 m (82 ft) | 22 AWG: 42 m (138 ft) | 20 AWG: 66 m (217 ft) | 18 AWG: 100 m (328 ft)<\/li>\n<li style='margin-bottom: 5px;'><strong>Chapa Magn\u00e9tica 540kg (500 mA):<\/strong> 24 AWG: 20 m (66 ft) | 22 AWG: 32 m (105 ft) | 20 AWG: 51 m (167 ft) | 18 AWG: 80 m (262 ft)<\/li>\n<li style='margin-bottom: 5px;'><strong>Chapa Magn\u00e9tica 270kg (800 mA):<\/strong> 24 AWG: 12 m (29 ft) | 22 AWG: 20 m (66 ft) | 20 AWG: 30 m (98 ft) | 18 AWG: 46 m (151 ft)<\/li>\n<li style='margin-bottom: 5px;'><strong>Otras Cerraduras (1A):<\/strong> 24 AWG: 9 m (30 ft) | 22 AWG: 15 m (49 ft) | 20 AWG: 24 m (79 ft) | 18 AWG: 36 m (118 ft)<\/li>\n<\/ul><\/div>\n<\/p><\/div>\n<\/p><\/div>\n<\/p><\/div>\n<p> <!-- Accesorios Section --> <\/p>\n<div style='border: 1px solid rgba(150&comma;150&comma;150&comma;0.3); border-radius: 12px; padding: 20px; margin: 30px 0; text-align: center; background-color: transparent; max-width: 800px; margin-left: auto; margin-right: auto;'>\n<h3 style='margin: 0 0 15px; font-size: 20px; font-weight: 700; color: inherit; border-bottom: 2px solid currentColor; padding-bottom: 8px; display: inline-block;'>Accesorios recomendados<\/h3>\n<div style='display: flex; flex-wrap: wrap; gap: 15px; justify-content: center; margin-top: 15px;'> <a href='https:\/\/www.syscom.mx\/producto\/UA-G2-UBIQUITI-232928.html' target='_blank' style='flex: 1 1 160px; min-width: 140px; text-decoration: none; color: inherit;'> <\/p>\n<div style='border: 1px solid rgba(150&comma;150&comma;150&comma;0.3); border-radius: 8px; padding: 15px; text-align: center; background-color: transparent; box-shadow: 0 2px 6px rgba(0&comma;0&comma;0&comma;0.05);'> <img src='https:\/\/ftp3.syscom.mx\/usuarios\/adiaz\/Ubiquiti\/Imagenes\/EAH8\/UAG2-l.png' alt='UA-G2' style='width: 100px; height: auto; max-width: 100%; display: block; margin: 0 auto; border: 1px solid rgba(150&comma;150&comma;150&comma;0.3); border-radius: 8px;'> <\/p>\n<div style='margin-top: 10px; font-weight: 600; font-size: 15px; color: inherit; opacity: 0.9;'>UA-G2<\/div>\n<\/p><\/div>\n<p> <\/a> <a href='https:\/\/www.syscom.mx\/producto\/UA-G2-PRO-UBIQUITI-232963.html' target='_blank' style='flex: 1 1 160px; min-width: 140px; text-decoration: none; color: inherit;'> <\/p>\n<div style='border: 1px solid rgba(150&comma;150&comma;150&comma;0.3); border-radius: 8px; padding: 15px; text-align: center; background-color: transparent; box-shadow: 0 2px 6px rgba(0&comma;0&comma;0&comma;0.05);'> <img src='https:\/\/ftp3.syscom.mx\/usuarios\/adiaz\/Ubiquiti\/Imagenes\/EAH8\/UAG2PRO-l.png' alt='UA-G2-Pro' style='width: 100px; height: auto; max-width: 100%; display: block; margin: 0 auto; border: 1px solid rgba(150&comma;150&comma;150&comma;0.3); border-radius: 8px;'> <\/p>\n<div style='margin-top: 10px; font-weight: 600; font-size: 15px; color: inherit; opacity: 0.9;'>UA-G2-Pro<\/div>\n<\/p><\/div>\n<p> <\/a> <\/div>\n<\/p><\/div>\n<p> <!-- Contenido del paquete --> <\/p>\n<div style='border: 1px solid rgba(150&comma;150&comma;150&comma;0.3); border-radius: 12px; padding: 20px; margin: 30px 0; text-align: center; background-color: transparent;'>\n<h3 style='margin: 0 0 15px; font-size: 20px; font-weight: 700; color: inherit; border-bottom: 2px solid currentColor; padding-bottom: 8px; display: inline-block;'>Contenido del paquete<\/h3>\n<p> <img src='https:\/\/ftp3.syscom.mx\/usuarios\/adiaz\/Ubiquiti\/Imagenes\/EAH8\/contenido.png' alt='Contenido del paquete EAH-8' style='width: 100%; height: auto; border: 1px solid rgba(150&comma;150&comma;150&comma;0.3); border-radius: 12px; margin-top: 15px; display: block; max-width: 100%;'> <\/div>\n<\/p><\/div>\n","protected":false},"excerpt":{"rendered":"<p>Enterprise Access Hub\/Concentrador de Acceso Empresarial con Control de Entrada y Salida de hasta 8 Puertas y Soporte de Respaldo de Bater\u00eda<\/p>\n","protected":false},"featured_media":21882,"comment_status":"open","ping_status":"closed","template":"","meta":[],"product_brand":[],"product_cat":[788],"product_tag":[789,166,557],"class_list":{"0":"post-21883","1":"product","2":"type-product","3":"status-publish","4":"has-post-thumbnail","6":"product_cat-intercomunicadores","7":"product_tag-intercomunicadores","8":"product_tag-ubiquiti","9":"product_tag-videoporteros-e-interfonos","11":"first","12":"instock","13":"sale","14":"shipping-taxable","15":"purchasable","16":"product-type-simple"},"_links":{"self":[{"href":"https:\/\/soydeaqui.ddns.net\/pachuca\/index.php\/wp-json\/wp\/v2\/product\/21883","targetHints":{"allow":["GET"]}}],"collection":[{"href":"https:\/\/soydeaqui.ddns.net\/pachuca\/index.php\/wp-json\/wp\/v2\/product"}],"about":[{"href":"https:\/\/soydeaqui.ddns.net\/pachuca\/index.php\/wp-json\/wp\/v2\/types\/product"}],"replies":[{"embeddable":true,"href":"https:\/\/soydeaqui.ddns.net\/pachuca\/index.php\/wp-json\/wp\/v2\/comments?post=21883"}],"wp:featuredmedia":[{"embeddable":true,"href":"https:\/\/soydeaqui.ddns.net\/pachuca\/index.php\/wp-json\/wp\/v2\/media\/21882"}],"wp:attachment":[{"href":"https:\/\/soydeaqui.ddns.net\/pachuca\/index.php\/wp-json\/wp\/v2\/media?parent=21883"}],"wp:term":[{"taxonomy":"product_brand","embeddable":true,"href":"https:\/\/soydeaqui.ddns.net\/pachuca\/index.php\/wp-json\/wp\/v2\/product_brand?post=21883"},{"taxonomy":"product_cat","embeddable":true,"href":"https:\/\/soydeaqui.ddns.net\/pachuca\/index.php\/wp-json\/wp\/v2\/product_cat?post=21883"},{"taxonomy":"product_tag","embeddable":true,"href":"https:\/\/soydeaqui.ddns.net\/pachuca\/index.php\/wp-json\/wp\/v2\/product_tag?post=21883"}],"curies":[{"name":"wp","href":"https:\/\/api.w.org\/{rel}","templated":true}]}}