{"id":21862,"date":"2026-03-18T10:46:27","date_gmt":"2026-03-18T10:46:27","guid":{"rendered":"https:\/\/soydeaqui.ddns.net\/pachuca\/index.php\/producto\/terminal-facial-min-moe-wifi-con-bateria-de-respaldo-administrable-por-smartphone-o-nube-acceso-y-asistencia-500-rostros-y-lector-de-tarjetas-mifare-3000-huellas-3000-tarjetas\/"},"modified":"2026-03-18T10:46:30","modified_gmt":"2026-03-18T10:46:30","slug":"terminal-facial-min-moe-wifi-con-bateria-de-respaldo-administrable-por-smartphone-o-nube-acceso-y-asistencia-500-rostros-y-lector-de-tarjetas-mifare-3000-huellas-3000-tarjetas","status":"publish","type":"product","link":"https:\/\/soydeaqui.ddns.net\/pachuca\/index.php\/producto\/terminal-facial-min-moe-wifi-con-bateria-de-respaldo-administrable-por-smartphone-o-nube-acceso-y-asistencia-500-rostros-y-lector-de-tarjetas-mifare-3000-huellas-3000-tarjetas\/","title":{"rendered":"Terminal Facial Min Moe WIFI con Bater\u00eda de Respaldo \/ Administrable por Smartphone o Nube \/  Acceso y Asistencia \/500 Rostros y Lector de Tarjetas MIFARE \/ 3,000 Huellas \/ 3,000 Tarjetas"},"content":{"rendered":"<div style='width: 100%; max-width: 1200px; margin: 0 auto; font-family: sans-serif; line-height: 1.6; color: inherit; background-color: transparent;'> <!-- Secci\u00f3n principal con imagen y texto --> <\/p>\n<div style='display: flex; flex-wrap: wrap; gap: 30px; margin-bottom: 30px;'>\n<div style='flex: 1 1 400px; min-width: 300px;'> <img style='width: 100%; height: auto; border: 1px solid rgba(150&comma;150&comma;150&comma;0.3); border-radius: 8px;' src='https:\/\/ftp3.syscom.mx\/usuarios\/fespinoza\/HIKVISION\/banner_hikconnect_6.png' alt='Banner Hik-Connect Teams'> <\/div>\n<div style='flex: 1 1 400px; min-width: 300px;'>\n<h2 style='font-size: 24px; margin-top: 0; color: inherit; opacity: 0.9;'>Administre este equipo en la Nube Aproveche <span style='color: #c0392b; opacity: 1;'>Hik-Connect Teams<\/span><\/h2>\n<p style='color: inherit; opacity: 0.8;'><span style='color: #c0392b; opacity: 1;'>* Gratis para 10 Dispositivos y 100 empleados. <\/span><span style='color: #c0392b; opacity: 1;'><span style='color: inherit; opacity: 1;'>Reg\u00edstrese en<\/span> <a href='https:\/\/ius.hik-connect.com\/' style='color: #2880b9; text-decoration: underline;'>www.hik-connect.com<\/a><\/span><\/p>\n<p style='color: inherit; opacity: 0.9;'>HikConnect Teams es una plataforma <strong>SaaS<\/strong> para la gesti\u00f3n unificada en la nube de la seguridad con mayor rentabilidad&comma; f\u00e1cil de implementar&comma; altamente escalable en todos sus niveles y extremadamente seguro.<\/p>\n<p style='color: inherit; opacity: 0.8;'><em><strong>*SaaS<\/strong> &#8211; Software as a Service \/ Software como servicio.<\/em><\/p>\n<ul style='padding-left: 20px; font-size: 15px; color: inherit;'>\n<li style='margin-bottom: 5px;'><em>Administraci\u00f3n de usuarios&comma; roles&comma; y sucursales.<\/em><\/li>\n<li style='margin-bottom: 5px;'><em>Sincronizaci\u00f3n autom\u00e1tica de usuarios por \u00e1reas.<\/em><\/li>\n<li style='margin-bottom: 5px;'><em>Chequeo de Asistencia por App de Smartphone con ubicaci\u00f3n GPS.<\/em><\/li>\n<li style='margin-bottom: 5px;'><em>Reportes de acceso y asistencia remotos.<\/em><\/li>\n<li style='margin-bottom: 5px;'><em>Pases temporales para visitantes generados desde App.<\/em><\/li>\n<li style='margin-bottom: 5px;'><em>Integrable con Videovigilancia&comma; Intercom&comma; Monitoreo de Veh\u00edculos etc<\/em><\/li>\n<\/ul><\/div>\n<\/p><\/div>\n<p> <!-- Secci\u00f3n de caracter\u00edsticas --> <\/p>\n<div style='display: flex; flex-wrap: wrap; gap: 20px; margin-bottom: 30px;'>\n<div style='flex: 1 1 250px; border: 1px solid rgba(150&comma; 150&comma; 150&comma; 0.4); border-radius: 8px; overflow: hidden; display: flex; flex-direction: column;'>\n<div style='padding: 15px; border-bottom: 1px solid rgba(150&comma; 150&comma; 150&comma; 0.2); font-weight: bold; font-size: 18px; color: inherit; background-color: rgba(60&comma; 87&comma; 234&comma; 0.05);'>Caracter\u00edsticas Principales:<\/div>\n<div style='padding: 15px; color: inherit;'>\n<ul style='padding-left: 20px; margin: 0; font-size: 14px; list-style-type: disc;'>\n<li style='margin-bottom: 5px;'>Pantalla de 2.4 pulgadas<\/li>\n<li style='margin-bottom: 5px;'>C\u00e1mara 2 MP gran angular.<\/li>\n<li style='margin-bottom: 5px;'>Distancia de Reconocimiento facial 0.3 a 1.5 m<\/li>\n<li style='margin-bottom: 5px;'>Web server de nueva generaci\u00f3n 2.0.<\/li>\n<li style='margin-bottom: 5px;'>Soporta hasta 500 rostros.<\/li>\n<li style='margin-bottom: 5px;'>Capacidad para 150&comma;000 eventos.<\/li>\n<li style='margin-bottom: 5px;'>Soporta hasta 3&comma;000 tarjetas Mifare<\/li>\n<li style='margin-bottom: 5px;'>Soporta hasta 3&comma;000 huellas<\/li>\n<li style='margin-bottom: 5px;'><span style='color: #000000; opacity: 1;'><strong>Garant\u00eda: 5 a\u00f1os.<\/strong><\/span><\/li>\n<\/ul><\/div>\n<\/p><\/div>\n<div style='flex: 1 1 250px; border: 1px solid rgba(150&comma; 150&comma; 150&comma; 0.4); border-radius: 8px; overflow: hidden; display: flex; flex-direction: column;'>\n<div style='padding: 15px; border-bottom: 1px solid rgba(150&comma; 150&comma; 150&comma; 0.2); font-weight: bold; font-size: 18px; color: inherit; background-color: rgba(60&comma; 87&comma; 234&comma; 0.05);'>Caracter\u00edsticas F\u00edsicas y El\u00e9ctricas<\/div>\n<div style='padding: 15px; color: inherit;'>\n<ul style='padding-left: 20px; margin: 0; font-size: 14px; list-style-type: disc;'>\n<li style='margin-bottom: 5px;'>Alimentaci\u00f3n: 12 Vcc \/ 1 A (Incluida)<\/li>\n<li style='margin-bottom: 5px;'><span style='color: #c0392b; opacity: 1;'>Incluye bater\u00eda con aprox 3 hrs de respaldo (3200 mAh).<\/span><\/li>\n<li style='margin-bottom: 5px;'>Temperatura: -10 \u00b0C a 55 \u00b0C (14 \u00b0F a 131 \u00b0F)<\/li>\n<li style='margin-bottom: 5px;'>Dimensiones: 200 mm \u00d7 78 mm \u00d7 28 mm<\/li>\n<li style='margin-bottom: 5px;'>Aplicaci\u00f3n: Interior.<\/li>\n<li style='margin-bottom: 5px;'>Montajes incluidos: Pared<\/li>\n<li style='margin-bottom: 0;'>\n<p style='margin: 0 0 8px 0;'><strong style='color: #333333; opacity: 1;'>Interfaces:<\/strong><\/p>\n<ul style='padding-left: 20px; margin: 0; font-size: 14px; list-style-type: disc;'>\n<li style='margin-bottom: 5px;'>Relay NC\/NO: 1<\/li>\n<li style='margin-bottom: 5px;'>USB: 1<\/li>\n<li style='margin-bottom: 5px;'>Bot\u00f3n de salida: 1<\/li>\n<li style='margin-bottom: 5px;'><strong>Red cableada y WiFi.<\/strong><\/li>\n<li style='margin-bottom: 0;'>Sensor de puerta<\/li>\n<\/ul>\n<\/li>\n<\/ul><\/div>\n<\/p><\/div>\n<div style='flex: 1 1 250px; border: 1px solid rgba(150&comma; 150&comma; 150&comma; 0.4); border-radius: 8px; overflow: hidden; display: flex; flex-direction: column;'>\n<div style='padding: 15px; border-bottom: 1px solid rgba(150&comma; 150&comma; 150&comma; 0.2); font-weight: bold; font-size: 18px; color: inherit; background-color: rgba(60&comma; 87&comma; 234&comma; 0.05);'>Caracter\u00edsticas Destacadas:<\/div>\n<div style='padding: 15px; color: inherit;'>\n<ul style='padding-left: 20px; margin: 0; font-size: 14px; list-style-type: disc;'>\n<li style='margin-bottom: 10px;'>El terminal frontal de la serie DS-K1T321 adopta un algoritmo DEEP LEARNING que ayuda a reconocer el rostro de las personas m\u00e1s r\u00e1pido y con mayor precisi\u00f3n. Aplicable en escenarios&comma; como edificios&comma; empresas&comma; industrias y otras \u00e1reas importantes.<\/li>\n<li style='margin-bottom: 0;'><span style='color: #c0392b; opacity: 1;'>Soporta pases temporales para visitantes (PIN) con HikConnect Teams.<\/span><\/li>\n<\/ul><\/div>\n<\/p><\/div>\n<\/p><\/div>\n<p> <!-- Secci\u00f3n de m\u00f3dulo seguro --> <\/p>\n<div style='border: 1px solid rgba(150&comma; 150&comma; 150&comma; 0.4); border-radius: 8px; padding: 20px; margin-bottom: 30px; background-color: rgba(60&comma; 87&comma; 234&comma; 0.03);'>\n<div style='text-align: center; margin-bottom: 20px;'> <span style='font-family: verdana&comma; geneva&comma; sans-serif; font-weight: bold; color: inherit; opacity: 0.9;'><a href='https:\/\/www.syscom.mx\/producto\/DSK1T607E\/' style='color: inherit; text-decoration: underline;'>Instalaciones seguras con m\u00f3dulo esclavo DS-K2M061<\/a><\/span> <\/div>\n<ul style='padding-left: 20px; margin: 0 0 15px 0; font-size: 14px; list-style-type: disc; color: inherit; opacity: 0.9;'>\n<li style='margin-bottom: 10px;'>En una instalaci\u00f3n de control de acceso convencional con dispositivos aut\u00f3nomos es recomendado a\u00f1adir un sistema que permita mantener el control de la puerta desde el interior del recinto aumentando significativamente la seguridad de nuestra instalaci\u00f3n.<\/li>\n<\/ul>\n<div style='text-align: center; margin: 15px 0;'> <a href='https:\/\/soporte.syscom.mx\/es\/articles\/5608107-hikvision-instalacion-segura-de-control-de-acceso-con-equipo-autonomo-y-ds-k2m061' target='_blank' rel='noopener' style='color: #2880b9; text-decoration: underline; font-size: 16px; font-weight: bold; display: inline-block; text-align: center;'>\u00bfPor qu\u00e9 es recomendado usar un m\u00f3dulo seguro para sistemas aut\u00f3nomos?<\/span><\/a> <\/div>\n<div style='text-align: center; margin-top: 20px;'> <img style='width: 100%; max-width: 700px; height: auto; border: 1px solid rgba(150&comma;150&comma;150&comma;0.3); border-radius: 8px; display: inline-block;' src='http:\/\/ftp3.syscom.mx\/usuarios\/fespinoza\/modulo%20seguro.png' alt='M\u00f3dulo Seguro'> <\/div>\n<\/p><\/div>\n<p> <!-- Secci\u00f3n de videos --> <\/p>\n<div style='margin-bottom: 30px;'>\n<h2 style='text-align: center; font-size: 22px; margin: 0 0 20px 0; color: inherit; opacity: 0.9;'>Demostraci\u00f3n de Desempe\u00f1o<\/h2>\n<div style='display: flex; flex-wrap: wrap; gap: 20px; justify-content: center;'>\n<div style='flex: 1 1 300px; min-width: 280px;'>\n<div style='position: relative; padding-bottom: 56.25%; height: 0; overflow: hidden; margin-bottom: 15px;'>   <\/div>\n<p style='text-align: center; margin: 0; color: inherit; opacity: 0.8; font-size: 14px;'><span style='color: #2880b9; opacity: 1;'><strong>Lectura de Rostros Ultra R\u00e1pida<\/strong><\/span><\/p>\n<\/p><\/div>\n<div style='flex: 1 1 300px; min-width: 280px;'>\n<div style='position: relative; padding-bottom: 56.25%; height: 0; overflow: hidden; margin-bottom: 15px;'>   <\/div>\n<p style='text-align: center; margin: 0; color: inherit; opacity: 0.8; font-size: 14px;'><span style='color: #2880b9; opacity: 1;'><strong>Prueba con Hermanos Gemelos<\/strong><\/span><\/p>\n<\/p><\/div>\n<div style='flex: 1 1 300px; min-width: 280px;'>\n<div style='position: relative; padding-bottom: 56.25%; height: 0; overflow: hidden; margin-bottom: 15px;'>   <\/div>\n<p style='text-align: center; margin: 0; color: inherit; opacity: 0.8; font-size: 14px;'><span style='color: #2880b9; opacity: 1;'><strong>Integraci\u00f3n con Torniquetes<\/strong><\/span><\/p>\n<\/p><\/div>\n<\/p><\/div>\n<\/p><\/div>\n<p> <!-- Video de configuraci\u00f3n --> <\/p>\n<div style='margin-bottom: 30px;'>\n<h2 style='text-align: center; font-size: 22px; margin: 0 0 20px 0; color: inherit; opacity: 0.9;'>\u00bfConfiguraci\u00f3n con IVMS4200? Consulte el video paso a paso<\/h2>\n<div style='position: relative; padding-bottom: 56.25%; height: 0; overflow: hidden; margin-bottom: 15px;'>   <\/div>\n<\/p><\/div>\n<p> <!-- Enlace a videos t\u00e9cnicos --> <\/p>\n<div style='text-align: center; margin: 30px 0;'> <a href='http:\/\/soporte.syscom.mx\/es\/articles\/3879039-hikvision-control-de-acceso-lista-de-videos-y-tips-tecnicos' style='display: inline-block;'> <img style='width: 100%; max-width: 600px; height: auto; border: 1px solid rgba(150&comma;150&comma;150&comma;0.3); border-radius: 8px;' src='https:\/\/ftp3.syscom.mx\/usuarios\/fotos\/DSK1T607E\/171893-hikvision-controlacceso.png' alt='Control de Acceso'> <\/a> <\/div>\n<p> <!-- Separador final --> <\/p>\n<hr style='border: 0; border-top: 1px solid rgba(150&comma; 150&comma; 150&comma; 0.3); margin: 30px 0;'> <\/div>\n","protected":false},"excerpt":{"rendered":"<p>Terminal Facial Min Moe WIFI con Bater\u00eda de Respaldo \/ Administrable por Smartphone o Nube \/  Acceso y Asistencia \/500 Rostros y Lector de Tarjetas MIFARE \/ 3,000 Huellas \/ 3,000 Tarjetas<\/p>\n","protected":false},"featured_media":21861,"comment_status":"open","ping_status":"closed","template":"","meta":[],"product_brand":[],"product_cat":[743],"product_tag":[744,54,745],"class_list":{"0":"post-21862","1":"product","2":"type-product","3":"status-publish","4":"has-post-thumbnail","6":"product_cat-para-tiempo-y-asistencia-checadores","7":"product_tag-biometricos","8":"product_tag-hikvision","9":"product_tag-para-tiempo-y-asistencia-checadores","11":"first","12":"outofstock","13":"sale","14":"shipping-taxable","15":"purchasable","16":"product-type-simple"},"_links":{"self":[{"href":"https:\/\/soydeaqui.ddns.net\/pachuca\/index.php\/wp-json\/wp\/v2\/product\/21862","targetHints":{"allow":["GET"]}}],"collection":[{"href":"https:\/\/soydeaqui.ddns.net\/pachuca\/index.php\/wp-json\/wp\/v2\/product"}],"about":[{"href":"https:\/\/soydeaqui.ddns.net\/pachuca\/index.php\/wp-json\/wp\/v2\/types\/product"}],"replies":[{"embeddable":true,"href":"https:\/\/soydeaqui.ddns.net\/pachuca\/index.php\/wp-json\/wp\/v2\/comments?post=21862"}],"wp:featuredmedia":[{"embeddable":true,"href":"https:\/\/soydeaqui.ddns.net\/pachuca\/index.php\/wp-json\/wp\/v2\/media\/21861"}],"wp:attachment":[{"href":"https:\/\/soydeaqui.ddns.net\/pachuca\/index.php\/wp-json\/wp\/v2\/media?parent=21862"}],"wp:term":[{"taxonomy":"product_brand","embeddable":true,"href":"https:\/\/soydeaqui.ddns.net\/pachuca\/index.php\/wp-json\/wp\/v2\/product_brand?post=21862"},{"taxonomy":"product_cat","embeddable":true,"href":"https:\/\/soydeaqui.ddns.net\/pachuca\/index.php\/wp-json\/wp\/v2\/product_cat?post=21862"},{"taxonomy":"product_tag","embeddable":true,"href":"https:\/\/soydeaqui.ddns.net\/pachuca\/index.php\/wp-json\/wp\/v2\/product_tag?post=21862"}],"curies":[{"name":"wp","href":"https:\/\/api.w.org\/{rel}","templated":true}]}}