{"id":21578,"date":"2026-03-18T10:41:28","date_gmt":"2026-03-18T10:41:28","guid":{"rendered":"https:\/\/soydeaqui.ddns.net\/pachuca\/index.php\/producto\/lector-de-huella-con-teclado-para-control-de-asistencia-500-huellas-genera-reporte-por-usb-en-excel-descarga-mediante-memoria-usb-solo-en-idioma-ingles\/"},"modified":"2026-03-18T10:41:28","modified_gmt":"2026-03-18T10:41:28","slug":"lector-de-huella-con-teclado-para-control-de-asistencia-500-huellas-genera-reporte-por-usb-en-excel-descarga-mediante-memoria-usb-solo-en-idioma-ingles","status":"publish","type":"product","link":"https:\/\/soydeaqui.ddns.net\/pachuca\/index.php\/producto\/lector-de-huella-con-teclado-para-control-de-asistencia-500-huellas-genera-reporte-por-usb-en-excel-descarga-mediante-memoria-usb-solo-en-idioma-ingles\/","title":{"rendered":"Lector de Huella con Teclado para Control de Asistencia, 500 Huellas, Genera Reporte por USB en Excel, Descarga mediante memoria USB \/  (solo en idioma ingles)"},"content":{"rendered":"<div style='width: 100%; max-width: 1200px; margin: 0 auto; font-family: sans-serif; line-height: 1.6; color: inherit; background-color: transparent;'>\n<div style='display: flex; flex-wrap: wrap; gap: 30px; margin-bottom: 30px;'>\n<div style='flex: 1 1 300px; min-width: 280px;'>\n<h3 style='font-size: 22px; border-bottom: 2px solid currentColor; padding-bottom: 5px; margin-top: 0; color: inherit; opacity: 0.8;'>Sin necesidad de software especial<\/h3>\n<p style='font-size: 15px; color: inherit;'>No existe biom\u00e9trico m\u00e1s pr\u00e1ctico y f\u00e1cil de administrar que el LX40Z&comma; ya que no requiere software de administraci\u00f3n&comma; todo se hace a trav\u00e9s del equipo o de una sencilla configuraci\u00f3n en Excel.<\/p>\n<\/p><\/div>\n<\/p><\/div>\n<div style='display: flex; flex-wrap: wrap; gap: 30px; margin-bottom: 30px;'>\n<div style='flex: 1 1 300px; min-width: 280px;'>\n<h3 style='font-size: 22px; border-bottom: 2px solid currentColor; padding-bottom: 5px; margin-top: 0; color: inherit; opacity: 0.8;'>Aplicaciones comunes<\/h3>\n<ul style='padding-left: 20px; font-size: 15px; color: inherit;'>\n<li style='margin-bottom: 5px;'>Sistemas de control de asistencia en oficinas peque\u00f1as&comma; donde se requiere administrar de manera fiable y f\u00e1cil el control de asistencia del personal sin la necesidad de un software especializado.<\/li>\n<\/ul><\/div>\n<\/p><\/div>\n<div style='display: flex; flex-wrap: wrap; gap: 30px; margin-bottom: 30px;'>\n<div style='flex: 1 1 300px; min-width: 280px;'>\n<h3 style='font-size: 22px; border-bottom: 2px solid currentColor; padding-bottom: 5px; margin-top: 0; color: inherit; opacity: 0.8;'>Funciones<\/h3>\n<ul style='padding-left: 20px; font-size: 15px; color: inherit;'>\n<li style='margin-bottom: 5px;'><strong>Tiempo y asistencia:<\/strong> Proporciona reportes de entradas y salidas&comma; retardos&comma; ausentismos y tiempo extra en una hoja de excel.<\/li>\n<\/ul><\/div>\n<\/p><\/div>\n<div style='display: flex; flex-wrap: wrap; gap: 30px; margin-bottom: 30px;'>\n<div style='flex: 1 1 300px; min-width: 280px;'>\n<h3 style='font-size: 22px; border-bottom: 2px solid currentColor; padding-bottom: 5px; margin-top: 0; color: inherit; opacity: 0.8;'>Software compatible<\/h3>\n<div style='display: flex; flex-direction: column; align-items: center; margin-bottom: 15px;'> <img style='width: 88px; height: auto; border: 1px solid rgba(150&comma;150&comma;150&comma;0.3); border-radius: 8px;' src='https:\/\/ftp3.syscom.mx\/usuarios\/fotos\/LX40Z\/87676-xls-icon.png' alt='Excel'> <\/div>\n<p style='font-size: 15px; color: inherit; margin-bottom: 10px;'>* La capacidad de usuarios depende directamente de la capacidad del biom\u00e9trico.<\/p>\n<p style='font-size: 15px; color: inherit; margin-bottom: 10px;'><strong>Notas:<\/strong><\/p>\n<ul style='padding-left: 20px; font-size: 15px; color: inherit;'>\n<li style='margin-bottom: 5px;'>No incluye cable Mini USB Tipo B para conexi\u00f3n con PC. La conexi\u00f3n con la PC s\u00f3lo sirve para reiniciar el equipo en caso de extravio de administrador.<\/li>\n<li style='margin-bottom: 5px;'>La memoria debe estar en formato FAT32 y debe ser USB 2.0<\/li>\n<li style='margin-bottom: 5px;'>S\u00f3lo se da soporte al software suministrado con el equipo o proporcionado por SYSCOM y siempre y cuando se utilice el mismo motor de base de datos que se incluye. Cualquier otra implementaci\u00f3n hacia otro software u otra versi\u00f3n de base de datos&comma; es responsabilidad del integrador o desarrollador a cargo.<\/li>\n<\/ul><\/div>\n<\/p><\/div>\n<div style='display: flex; flex-wrap: wrap; gap: 30px; margin-bottom: 30px;'>\n<div style='flex: 1 1 300px; min-width: 280px;'>\n<h3 style='font-size: 22px; border-bottom: 2px solid currentColor; padding-bottom: 5px; margin-top: 0; color: inherit; opacity: 0.8;'>Especificaciones t\u00e9cnicas<\/h3>\n<ul style='padding-left: 20px; font-size: 15px; color: inherit;'>\n<li style='margin-bottom: 5px;'><strong>Memoria:<\/strong> Huellas 500&comma; Eventos 50&comma;000<\/li>\n<li style='margin-bottom: 5px;'><strong>Comunicaci\u00f3n:<\/strong> USB (Reportes en Excel)<\/li>\n<li style='margin-bottom: 5px;'><strong>Alimentaci\u00f3n:<\/strong> 5vcc&comma; 800mA No incluida Fuente recomendada (P5DC2AZK)<\/li>\n<li style='margin-bottom: 5px;'><strong>Temperatura:<\/strong> 0 \u00b0C &#8211; 45 \u00b0C<\/li>\n<li style='margin-bottom: 5px;'><strong>Dimensiones:<\/strong> 183 x 135 x 36 mm<\/li>\n<li style='margin-bottom: 5px;'><strong>Garant\u00eda:<\/strong> 1 A\u00f1o<\/li>\n<\/ul><\/div>\n<\/p><\/div>\n<\/p><\/div>\n","protected":false},"excerpt":{"rendered":"<p>Lector de Huella con Teclado para Control de Asistencia, 500 Huellas, Genera Reporte por USB en Excel, Descarga mediante memoria USB \/  (solo en idioma ingles)<\/p>\n","protected":false},"featured_media":21577,"comment_status":"open","ping_status":"closed","template":"","meta":[],"product_brand":[],"product_cat":[743],"product_tag":[744,745,844],"class_list":{"0":"post-21578","1":"product","2":"type-product","3":"status-publish","4":"has-post-thumbnail","6":"product_cat-para-tiempo-y-asistencia-checadores","7":"product_tag-biometricos","8":"product_tag-para-tiempo-y-asistencia-checadores","9":"product_tag-zkteco","11":"first","12":"instock","13":"sale","14":"shipping-taxable","15":"purchasable","16":"product-type-simple"},"_links":{"self":[{"href":"https:\/\/soydeaqui.ddns.net\/pachuca\/index.php\/wp-json\/wp\/v2\/product\/21578","targetHints":{"allow":["GET"]}}],"collection":[{"href":"https:\/\/soydeaqui.ddns.net\/pachuca\/index.php\/wp-json\/wp\/v2\/product"}],"about":[{"href":"https:\/\/soydeaqui.ddns.net\/pachuca\/index.php\/wp-json\/wp\/v2\/types\/product"}],"replies":[{"embeddable":true,"href":"https:\/\/soydeaqui.ddns.net\/pachuca\/index.php\/wp-json\/wp\/v2\/comments?post=21578"}],"wp:featuredmedia":[{"embeddable":true,"href":"https:\/\/soydeaqui.ddns.net\/pachuca\/index.php\/wp-json\/wp\/v2\/media\/21577"}],"wp:attachment":[{"href":"https:\/\/soydeaqui.ddns.net\/pachuca\/index.php\/wp-json\/wp\/v2\/media?parent=21578"}],"wp:term":[{"taxonomy":"product_brand","embeddable":true,"href":"https:\/\/soydeaqui.ddns.net\/pachuca\/index.php\/wp-json\/wp\/v2\/product_brand?post=21578"},{"taxonomy":"product_cat","embeddable":true,"href":"https:\/\/soydeaqui.ddns.net\/pachuca\/index.php\/wp-json\/wp\/v2\/product_cat?post=21578"},{"taxonomy":"product_tag","embeddable":true,"href":"https:\/\/soydeaqui.ddns.net\/pachuca\/index.php\/wp-json\/wp\/v2\/product_tag?post=21578"}],"curies":[{"name":"wp","href":"https:\/\/api.w.org\/{rel}","templated":true}]}}