{"id":21563,"date":"2026-03-18T10:41:13","date_gmt":"2026-03-18T10:41:13","guid":{"rendered":"https:\/\/soydeaqui.ddns.net\/pachuca\/index.php\/producto\/plataforma-iot-inteligente-en-la-nube-para-pyme-basada-en-aws-gestion-multidispositivo-zkbio-zlink\/"},"modified":"2026-03-18T10:41:15","modified_gmt":"2026-03-18T10:41:15","slug":"plataforma-iot-inteligente-en-la-nube-para-pyme-basada-en-aws-gestion-multidispositivo-zkbio-zlink","status":"publish","type":"product","link":"https:\/\/soydeaqui.ddns.net\/pachuca\/index.php\/producto\/plataforma-iot-inteligente-en-la-nube-para-pyme-basada-en-aws-gestion-multidispositivo-zkbio-zlink\/","title":{"rendered":"Plataforma IoT Inteligente en la Nube para PYME \/ Basada en AWS \/ Gesti\u00f3n Multidispositivo \/ ZKBio Zlink"},"content":{"rendered":"<div style='width: 100%; max-width: 1200px; margin: 0 auto; font-family: sans-serif; line-height: 1.6; color: inherit; background-color: transparent;'>\n<div style='margin-bottom: 30px;'>\n<p style='font-size: 18px; line-height: 1.6; margin: 0 0 20px; color: inherit;'>ZKBio Zlink es una plataforma IoT inteligente en la nube dise\u00f1ada para peque\u00f1as y medianas empresas. Utilizando la infraestructura segura de AWS&comma; esta plataforma mejora la eficiencia operativa y simplifica la administraci\u00f3n centralizada de dispositivos mediante una interfaz intuitiva y soporte multisituado&comma; sin necesidad de grandes inversiones iniciales en TI.<\/p>\n<\/p><\/div>\n<div style='margin-bottom: 30px;'>\n<h3 style='font-size: 24px; font-weight: 600; margin: 0 0 15px; color: inherit; border-bottom: 2px solid currentColor; padding-bottom: 5px; opacity: 0.8;'>Caracter\u00edsticas Principales<\/h3>\n<div style='display: flex; flex-wrap: wrap; gap: 15px; margin-top: 15px;'>\n<div style='flex: 1 1 280px; min-width: 280px; border: 1px solid rgba(150&comma; 150&comma; 150&comma; 0.4); border-radius: 8px; overflow: hidden; background-color: rgba(150&comma; 150&comma; 150&comma; 0.05);'>\n<div style='padding: 15px; color: inherit;'>\n<ul style='padding-left: 20px; margin: 0; font-size: 14px; list-style-type: disc; color: inherit;'>\n<li style='margin-bottom: 5px;'>Plataforma basada en la nube para acceso remoto y administraci\u00f3n centralizada.<\/li>\n<li style='margin-bottom: 5px;'>Compatibilidad con m\u00faltiples dispositivos y sitios a trav\u00e9s de la conectividad IoT.<\/li>\n<li style='margin-bottom: 5px;'>Gran escalabilidad que permite la extensi\u00f3n junto con el crecimiento de la empresa.<\/li>\n<li style='margin-bottom: 5px;'>Integraci\u00f3n de aplicaciones en una plataforma unificada que mejora la productividad.<\/li>\n<li style='margin-bottom: 5px;'>Actualizaciones autom\u00e1ticas de firmware y mantenimiento simplificado.<\/li>\n<\/ul><\/div>\n<\/p><\/div>\n<\/p><\/div>\n<\/p><\/div>\n<div style='margin-bottom: 30px;'>\n<h3 style='font-size: 24px; font-weight: 600; margin: 0 0 15px; color: inherit; border-bottom: 2px solid currentColor; padding-bottom: 5px; opacity: 0.8;'>Detalles T\u00e9cnicos<\/h3>\n<div style='display: flex; flex-wrap: wrap; gap: 20px; margin-top: 15px;'>\n<div style='flex: 1 1 250px; min-width: 250px; border: 1px solid rgba(150&comma; 150&comma; 150&comma; 0.4); border-radius: 8px; overflow: hidden;'>\n<div style='padding: 15px; border-bottom: 1px solid rgba(150&comma; 150&comma; 150&comma; 0.2); font-weight: bold; font-size: 18px; color: inherit;'>Especificaciones<\/div>\n<div style='padding: 15px; color: inherit;'>\n<ul style='padding-left: 20px; margin: 0; font-size: 14px; list-style-type: disc; color: inherit;'>\n<li style='margin-bottom: 5px;'>Infraestructura en la nube segura basada en AWS.<\/li>\n<li style='margin-bottom: 5px;'>Comunicaciones cifradas con TLS 1.2 y AES 256.<\/li>\n<\/ul><\/div>\n<\/p><\/div>\n<div style='flex: 1 1 250px; min-width: 250px; border: 1px solid rgba(150&comma; 150&comma; 150&comma; 0.4); border-radius: 8px; overflow: hidden;'>\n<div style='padding: 15px; border-bottom: 1px solid rgba(150&comma; 150&comma; 150&comma; 0.2); font-weight: bold; font-size: 18px; color: inherit;'>Interfaces y Conectividad<\/div>\n<div style='padding: 15px; color: inherit;'>\n<ul style='padding-left: 20px; margin: 0; font-size: 14px; list-style-type: disc; color: inherit;'>\n<li style='margin-bottom: 5px;'>Acceso a trav\u00e9s de portal web y aplicaci\u00f3n m\u00f3vil en iOS y Android.<\/li>\n<\/ul><\/div>\n<\/p><\/div>\n<\/p><\/div>\n<\/p><\/div>\n<div style='margin-bottom: 30px;'>\n<h3 style='font-size: 24px; font-weight: 600; margin: 0 0 15px; color: inherit; border-bottom: 2px solid currentColor; padding-bottom: 5px; opacity: 0.8;'>Aplicaciones y Casos de Uso<\/h3>\n<div style='display: flex; flex-wrap: wrap; gap: 20px; margin-top: 15px;'>\n<div style='flex: 1 1 250px; min-width: 250px; border: 1px solid rgba(150&comma; 150&comma; 150&comma; 0.4); border-radius: 8px; overflow: hidden; background-color: rgba(150&comma; 150&comma; 150&comma; 0.05);'>\n<div style='padding: 15px; color: inherit;'>\n<h4 style='font-size: 18px; font-weight: 600; margin: 0 0 10px; color: inherit;'>Gesti\u00f3n Empresarial Distribuida<\/h4>\n<p style='margin: 0 0 10px; color: inherit;'>Mejore el flujo de trabajo organizacional con una estructura de departamentos multinivel y gesti\u00f3n centralizada de operaciones.<\/p>\n<\/p><\/div>\n<\/p><\/div>\n<div style='flex: 1 1 250px; min-width: 250px; border: 1px solid rgba(150&comma; 150&comma; 150&comma; 0.4); border-radius: 8px; overflow: hidden; background-color: rgba(150&comma; 150&comma; 150&comma; 0.05);'>\n<div style='padding: 15px; color: inherit;'>\n<h4 style='font-size: 18px; font-weight: 600; margin: 0 0 10px; color: inherit;'>Control de Acceso y Asistencia<\/h4>\n<p style='margin: 0 0 10px; color: inherit;'>Facilite la gesti\u00f3n del personal con informes pr\u00e1cticos de asistencia y desbloqueo remoto para un entorno laboral m\u00e1s conectado.<\/p>\n<p style='margin: 0 0 10px; color: inherit;'>&nbsp;<\/p>\n<p style='margin: 0 0 10px; color: inherit;'>Biometricos compatibles <span style='color: #1d4e8f; font-weight: bold;'>SENSEFACE2A &comma; SPEEDFACEV3Z<\/span><\/p>\n<p style='margin: 0 0 10px; color: inherit;'>&nbsp;<\/p>\n<div style='margin-top: 15px;'>\n<h4 style='font-size: 18px; font-weight: 600; margin: 0 0 10px; color: inherit;'>Crea tu cuenta totalmente gratis aqui<\/h4>\n<p style='margin: 0; color: inherit;'> <a href='https:\/\/zktecolatinoamerica.com\/software\/zkbio-zlink\/' style='color: #1d4e8f; text-decoration: underline;'>ZKBioZlink<\/a> <\/p>\n<\/p><\/div>\n<\/p><\/div>\n<\/p><\/div>\n<\/p><\/div>\n<\/p><\/div>\n<hr style='border: 0; border-top: 1px solid rgba(150&comma; 150&comma; 150&comma; 0.3); margin: 30px 0;'> <\/div>\n","protected":false},"excerpt":{"rendered":"<p>Plataforma IoT Inteligente en la Nube para PYME \/ Basada en AWS \/ Gesti\u00f3n Multidispositivo \/ ZKBio Zlink<\/p>\n","protected":false},"featured_media":21562,"comment_status":"open","ping_status":"closed","template":"","meta":[],"product_brand":[],"product_cat":[846],"product_tag":[792,847,844],"class_list":{"0":"post-21563","1":"product","2":"type-product","3":"status-publish","4":"has-post-thumbnail","6":"product_cat-tiempo-y-asistencia","7":"product_tag-software-de-asistencia","8":"product_tag-tiempo-y-asistencia","9":"product_tag-zkteco","11":"first","12":"outofstock","13":"sale","14":"shipping-taxable","15":"purchasable","16":"product-type-simple"},"_links":{"self":[{"href":"https:\/\/soydeaqui.ddns.net\/pachuca\/index.php\/wp-json\/wp\/v2\/product\/21563","targetHints":{"allow":["GET"]}}],"collection":[{"href":"https:\/\/soydeaqui.ddns.net\/pachuca\/index.php\/wp-json\/wp\/v2\/product"}],"about":[{"href":"https:\/\/soydeaqui.ddns.net\/pachuca\/index.php\/wp-json\/wp\/v2\/types\/product"}],"replies":[{"embeddable":true,"href":"https:\/\/soydeaqui.ddns.net\/pachuca\/index.php\/wp-json\/wp\/v2\/comments?post=21563"}],"wp:featuredmedia":[{"embeddable":true,"href":"https:\/\/soydeaqui.ddns.net\/pachuca\/index.php\/wp-json\/wp\/v2\/media\/21562"}],"wp:attachment":[{"href":"https:\/\/soydeaqui.ddns.net\/pachuca\/index.php\/wp-json\/wp\/v2\/media?parent=21563"}],"wp:term":[{"taxonomy":"product_brand","embeddable":true,"href":"https:\/\/soydeaqui.ddns.net\/pachuca\/index.php\/wp-json\/wp\/v2\/product_brand?post=21563"},{"taxonomy":"product_cat","embeddable":true,"href":"https:\/\/soydeaqui.ddns.net\/pachuca\/index.php\/wp-json\/wp\/v2\/product_cat?post=21563"},{"taxonomy":"product_tag","embeddable":true,"href":"https:\/\/soydeaqui.ddns.net\/pachuca\/index.php\/wp-json\/wp\/v2\/product_tag?post=21563"}],"curies":[{"name":"wp","href":"https:\/\/api.w.org\/{rel}","templated":true}]}}