{"id":21393,"date":"2026-03-18T10:38:00","date_gmt":"2026-03-18T10:38:00","guid":{"rendered":"https:\/\/soydeaqui.ddns.net\/pachuca\/index.php\/producto\/barrera-vehicular-derecha-a-220-vca-con-brazo-incluido-ajustable-de-2-a-4-mts-apertura-en-3-segundos-incluye-banda-protectora-antigolpe-de-vehiculos\/"},"modified":"2026-03-18T10:38:00","modified_gmt":"2026-03-18T10:38:00","slug":"barrera-vehicular-derecha-a-220-vca-con-brazo-incluido-ajustable-de-2-a-4-mts-apertura-en-3-segundos-incluye-banda-protectora-antigolpe-de-vehiculos","status":"publish","type":"product","link":"https:\/\/soydeaqui.ddns.net\/pachuca\/index.php\/producto\/barrera-vehicular-derecha-a-220-vca-con-brazo-incluido-ajustable-de-2-a-4-mts-apertura-en-3-segundos-incluye-banda-protectora-antigolpe-de-vehiculos\/","title":{"rendered":"Barrera Vehicular DERECHA a 220 Vca con Brazo Incluido ajustable de 2 a 4 mts \/ Apertura en 3 Segundos \/ Incluye banda protectora antigolpe de vehiculos"},"content":{"rendered":"<div style='width: 100%; max-width: 1200px; margin: 0 auto; font-family: sans-serif; line-height: 1.6; color: inherit; background-color: transparent;'>\n<div style='display: flex; flex-wrap: wrap; gap: 30px; margin-bottom: 30px;'>\n<div style='flex: 1 1 300px; min-width: 280px;'>\n<h3 style='font-size: 22px; border-bottom: 2px solid currentColor; padding-bottom: 5px; margin-top: 0; color: inherit; opacity: 0.8;'>Caracter\u00edsticas principales<\/h3>\n<ul style='padding-left: 20px; font-size: 15px; color: inherit;'>\n<li style='margin-bottom: 5px;'>Fabricaci\u00f3n en metal<\/li>\n<li style='margin-bottom: 5px;'>Incluye 2 controles remotos (bater\u00eda NO incluida <a style='color: inherit; text-decoration: underline; font-size: 12px; font-weight: 600;' href='https:\/\/www.syscom.mx\/principal\/searchcont?route=FPD009-AccessPRO-68273&#038;autodetect=LR-27A'>FPD009<\/a>) 1 por control<\/li>\n<\/ul><\/div>\n<div style='flex: 1 1 300px; min-width: 280px;'>\n<h3 style='font-size: 22px; border-bottom: 2px solid currentColor; padding-bottom: 5px; margin-top: 0; color: inherit; opacity: 0.8;'>Caracter\u00edsticas F\u00edsicas y El\u00e9ctricas<\/h3>\n<ul style='padding-left: 20px; font-size: 15px; color: inherit;'>\n<li style='margin-bottom: 5px;'><strong>Alimentaci\u00f3n:<\/strong> 220 Vca<\/li>\n<li style='margin-bottom: 5px;'><strong>Peso:<\/strong> 88.18Kg<\/li>\n<\/ul><\/div>\n<div style='flex: 1 1 300px; min-width: 280px;'>\n<h3 style='font-size: 22px; border-bottom: 2px solid currentColor; padding-bottom: 5px; margin-top: 0; color: inherit; opacity: 0.8;'>Caracter\u00edsticas Destacadas<\/h3>\n<ul style='padding-left: 20px; font-size: 15px; color: inherit;'>\n<li style='margin-bottom: 5px;'>Mecanismo robusto<\/li>\n<li style='margin-bottom: 5px;'>Compatible con lazo magn\u00e9tico y\/o fotoceldas<\/li>\n<li style='margin-bottom: 5px;'>Cuadro de mando tiene 3 botones para operaci\u00f3n (Abrir&comma; Cerrar&comma; Stop)<\/li>\n<\/ul><\/div>\n<\/p><\/div>\n<div style='display: flex; flex-wrap: wrap; gap: 30px; margin-bottom: 30px;'>\n<div style='flex: 1 1 300px; min-width: 280px;'>\n<h3 style='font-size: 22px; border-bottom: 2px solid currentColor; padding-bottom: 5px; margin-top: 0; color: inherit; opacity: 0.8;'>Brazo con banda Anti-Colisi\u00f3n Incluido<\/h3>\n<p style='font-size: 15px; color: inherit;'>(El brazo se regresa al colisionar levemente con un obst\u00e1culo evitando da\u00f1os al veh\u00edculo)<\/p>\n<h3 style='font-size: 22px; border-bottom: 2px solid currentColor; padding-bottom: 5px; margin-top: 0; color: inherit; opacity: 0.8;'>Caracter\u00edsticas de la BARRERA<\/h3>\n<ul style='padding-left: 20px; font-size: 15px; color: inherit;'>\n<li style='margin-bottom: 5px;'>Apertura en 3 segundos<\/li>\n<li style='margin-bottom: 5px; color: #c0392b;'><strong>Brazo telesc\u00f3pico ajustable desde 2 a 4 mts.<\/strong><\/li>\n<li style='margin-bottom: 5px;'>Incluye 2 controles remotos (bater\u00eda no incluida)<\/li>\n<li style='margin-bottom: 5px;'>Manija para operaci\u00f3n manual en caso de p\u00e9rdida de energ\u00eda<\/li>\n<li style='margin-bottom: 5px;'>Soporta habilitar cierre autom\u00e1tico con retardo de 10 seg<\/li>\n<li style='margin-bottom: 5px; font-weight: bold;'>Operaci\u00f3n de hasta 300 ciclos aproximados por hora (uso continuo)<\/li>\n<\/ul>\n<h3 style='font-size: 18px; margin-top: 25px; color: inherit; opacity: 0.8;'>Accesorios Opcionales (NO INCLUIDOS)<\/h3>\n<ul style='padding-left: 20px; font-size: 15px; color: inherit;'>\n<li style='margin-bottom: 5px;'>Lazo magn\u00e9tico <a style='color: inherit; text-decoration: underline; font-size: 12px; font-weight: 600;' href='https:\/\/www.syscom.mx\/principal\/searchcont?route=SYS-LM6-ACCESSPRO-31960&#038;autodetect=syslm6'>SYS-LM6<\/a> + Sensor de masa <a style='color: inherit; text-decoration: underline; font-size: 12px; font-weight: 600;' href='https:\/\/www.syscom.mx\/principal\/searchcont?route=10-MATRIX-IIS-1224-BEA-144360&#038;autodetect=syslm6'>10-MATRIX-IIS-1224<\/a><\/li>\n<li style='margin-bottom: 5px;'>Fotoceldas <a style='color: inherit; text-decoration: underline; font-size: 12px; font-weight: 600;' href='https:\/\/www.syscom.mx\/principal\/searchcont?route=XBS-IR33-AccessPRO-78540&#038;autodetect=xbsir33'>XBS-IR33<\/a><\/li>\n<li style='margin-bottom: 5px;'>Botonera triple para operaci\u00f3n humana <a style='color: inherit; text-decoration: underline; font-size: 12px; font-weight: 600;' href='https:\/\/www.syscom.mx\/principal\/searchcont?route=XBS-SW-01-ACCESSPRO-78542&#038;autodetect=xbssw01'>XBS-SW-01<\/a><\/li>\n<li style='margin-bottom: 5px;'>Sistema de Acceso con tag Vehicular <a style='color: inherit; text-decoration: underline; font-size: 12px; font-weight: 600;' href='https:\/\/www.syscom.mx\/principal\/searchcont?route=KIT-UHFSTICKER-01-HIKVISION-177026&#038;autodetect=kituhf'>KIT-UHFSTICKER-01<\/a><\/li>\n<li style='margin-bottom: 5px; color: #c0392b;'><em>Compatible con cualquier sistema de acceso<\/em><\/li>\n<\/ul><\/div>\n<div style='flex: 1 1 300px; min-width: 280px;'> <img style='width: 100%; height: auto; border: 1px solid rgba(150&comma;150&comma;150&comma;0.3); border-radius: 8px;' src='https:\/\/ftp3.syscom.mx\/usuarios\/fotos\/BancoFotografiasSyscom\/HIKVISION\/DSTMG4B0LA4M\/DSTMG4B0LA4M-p.PNG' alt=''> <\/div>\n<\/p><\/div>\n<div style='display: flex; flex-wrap: wrap; gap: 30px; margin-bottom: 30px;'>\n<div style='flex: 1 1 400px; min-width: 300px;'>\n<div style='position: relative; padding-bottom: 56.25%; height: 0; overflow: hidden; margin-bottom: 30px;'>   <\/div>\n<\/p><\/div>\n<div style='flex: 1 1 400px; min-width: 300px;'>\n<div style='position: relative; padding-bottom: 56.25%; height: 0; overflow: hidden; margin-bottom: 30px;'>   <\/div>\n<\/p><\/div>\n<\/p><\/div>\n<div style='margin-top: 30px; padding: 15px; border: 1px solid rgba(150&comma; 150&comma; 150&comma; 0.3); border-radius: 8px;'>\n<p style='text-align: center; margin: 0; font-weight: bold; font-size: 16px; color: inherit;'>Calibraci\u00f3n de L\u00edmites de Carrera Enrolar controles remotos<\/p>\n<\/p><\/div>\n<\/p><\/div>\n","protected":false},"excerpt":{"rendered":"<p>Barrera Vehicular DERECHA a 220 Vca con Brazo Incluido ajustable de 2 a 4 mts \/ Apertura en 3 Segundos \/ Incluye banda protectora antigolpe de vehiculos<\/p>\n","protected":false},"featured_media":21392,"comment_status":"open","ping_status":"closed","template":"","meta":[],"product_brand":[],"product_cat":[748],"product_tag":[401,749,54],"class_list":{"0":"post-21393","1":"product","2":"type-product","3":"status-publish","4":"has-post-thumbnail","6":"product_cat-barreras-vehiculares","7":"product_tag-acceso-vehicular","8":"product_tag-barreras-vehiculares","9":"product_tag-hikvision","11":"first","12":"outofstock","13":"sale","14":"shipping-taxable","15":"purchasable","16":"product-type-simple"},"_links":{"self":[{"href":"https:\/\/soydeaqui.ddns.net\/pachuca\/index.php\/wp-json\/wp\/v2\/product\/21393","targetHints":{"allow":["GET"]}}],"collection":[{"href":"https:\/\/soydeaqui.ddns.net\/pachuca\/index.php\/wp-json\/wp\/v2\/product"}],"about":[{"href":"https:\/\/soydeaqui.ddns.net\/pachuca\/index.php\/wp-json\/wp\/v2\/types\/product"}],"replies":[{"embeddable":true,"href":"https:\/\/soydeaqui.ddns.net\/pachuca\/index.php\/wp-json\/wp\/v2\/comments?post=21393"}],"wp:featuredmedia":[{"embeddable":true,"href":"https:\/\/soydeaqui.ddns.net\/pachuca\/index.php\/wp-json\/wp\/v2\/media\/21392"}],"wp:attachment":[{"href":"https:\/\/soydeaqui.ddns.net\/pachuca\/index.php\/wp-json\/wp\/v2\/media?parent=21393"}],"wp:term":[{"taxonomy":"product_brand","embeddable":true,"href":"https:\/\/soydeaqui.ddns.net\/pachuca\/index.php\/wp-json\/wp\/v2\/product_brand?post=21393"},{"taxonomy":"product_cat","embeddable":true,"href":"https:\/\/soydeaqui.ddns.net\/pachuca\/index.php\/wp-json\/wp\/v2\/product_cat?post=21393"},{"taxonomy":"product_tag","embeddable":true,"href":"https:\/\/soydeaqui.ddns.net\/pachuca\/index.php\/wp-json\/wp\/v2\/product_tag?post=21393"}],"curies":[{"name":"wp","href":"https:\/\/api.w.org\/{rel}","templated":true}]}}