{"id":21237,"date":"2026-03-18T10:35:08","date_gmt":"2026-03-18T10:35:08","guid":{"rendered":"https:\/\/soydeaqui.ddns.net\/pachuca\/index.php\/producto\/torniquete-de-cuerpo-completo-bidireccional-doble-en-acrilico\/"},"modified":"2026-03-18T10:35:09","modified_gmt":"2026-03-18T10:35:09","slug":"torniquete-de-cuerpo-completo-bidireccional-doble-en-acrilico","status":"publish","type":"product","link":"https:\/\/soydeaqui.ddns.net\/pachuca\/index.php\/producto\/torniquete-de-cuerpo-completo-bidireccional-doble-en-acrilico\/","title":{"rendered":"Torniquete de cuerpo completo bidireccional doble en acr\u00edlico"},"content":{"rendered":"<div style='width: 100%; max-width: 1200px; margin: 0 auto; font-family: sans-serif; line-height: 1.6; color: inherit; background-color: transparent;'>\n<div style='margin-bottom: 30px;'>\n<p style='margin: 0; background: white;'><strong><span style='font-size: 13.5pt; color: inherit;'>* Producto Bajo Pedido.<\/span><\/strong><span style='font-size: 13.5pt; color: inherit;'><br \/><em><span><strong> <span> Precio sujeto a cambios por opciones adicionales o cambio de color. <\/span><\/strong><\/span><\/em><\/span><\/p>\n<p style='margin: 0; background: white; margin-bottom: 1rem;'><span><strong><span style='font-size: 13.5pt; color: inherit;'>Nota.- Indispensable llenar el Check list para solicitar cotizaci\u00f3n de su torniquete. (Descargarlo de la opci\u00f3n de recursos).<\/span><\/strong><\/span><\/p>\n<p style='margin: 0; background: white; margin-bottom: 1rem;'><span style='font-size: 13.5pt; color: inherit;'>Para m\u00e1s Informaci\u00f3n Consulte al Depto. de Ingenier\u00eda<\/span><\/p>\n<\/p><\/div>\n<div style='margin-bottom: 30px;'> <img style='width: 100%; height: auto; border: 1px solid rgba(150&comma;150&comma;150&comma;0.3); border-radius: 8px;' src='https:\/\/ftp3.syscom.mx\/usuarios\/vestrada\/Alvarado\/CPST.jpg' alt=''> <\/div>\n<div style='display: flex; flex-wrap: wrap; gap: 30px; margin-bottom: 30px;'>\n<div style='flex: 1 1 300px; min-width: 280px;'>\n<h3 style='font-size: 22px; border-bottom: 2px solid currentColor; padding-bottom: 5px; margin-top: 0; color: inherit; opacity: 0.8;'>Caracter\u00edsticas principales:<\/h3>\n<ul style='padding-left: 20px; font-size: 15px; color: inherit;'>\n<li style='margin-bottom: 5px;'>Construcci\u00f3n de acero soldado sin pernos ni sujetadores expuestos<\/li>\n<li style='margin-bottom: 5px;'>Adecuado para ambientes al aire libre<\/li>\n<li style='margin-bottom: 5px;'>Dise\u00f1ado para uso continuo a largo plazo<\/li>\n<li style='margin-bottom: 5px;'>Control unidireccional o bidireccional<\/li>\n<li style='margin-bottom: 5px;'>Control de velocidad para proporcionar una rotaci\u00f3n segura y controlada<\/li>\n<li style='margin-bottom: 5px;'>El controlador de torniquete resistente se integra con cualquier sistema de control de acceso<\/li>\n<\/ul><\/div>\n<div style='flex: 1 1 300px; min-width: 280px;'>\n<h3 style='font-size: 22px; border-bottom: 2px solid currentColor; padding-bottom: 5px; margin-top: 0; color: inherit; opacity: 0.8;'>Caracter\u00edsticas F\u00edsicas y El\u00e9ctricas:<\/h3>\n<ul style='padding-left: 20px; font-size: 15px; color: inherit;'>\n<li style='margin-bottom: 5px;'>\n<p style='margin: 0;'>Transformador con clasificaci\u00f3n UL 110-120 VCA&comma; 60 Hz o 220-240 VCA&comma; 50 Hz (opcional)<\/p>\n<\/li>\n<li style='margin-bottom: 5px;'>El consumo m\u00e1ximo de energ\u00eda es de 65 W<\/li>\n<li style='margin-bottom: 5px;'>Peso del producto 250 kg.<\/li>\n<li style='margin-bottom: 5px;'>\n<p style='margin: 0;'>Temperatura de funcionamiento -20\u00b0 a 150\u00b0 F&comma; -29 a 66\u00b0 C<\/p>\n<\/li>\n<li style='margin-bottom: 5px;'>Humedad relativa 0-90 % (sin condensaci\u00f3n)<\/li>\n<\/ul><\/div>\n<div style='flex: 1 1 300px; min-width: 280px;'>\n<h3 style='font-size: 22px; border-bottom: 2px solid currentColor; padding-bottom: 5px; margin-top: 0; color: inherit; opacity: 0.8;'>Caracter\u00edsticas Destacadas:<\/h3>\n<p style='font-size: 15px; color: inherit; margin: 0;'>El MST es el m\u00e1s confiable y seguro Torniquete de altura completa disponible. Est\u00e1 instalado en miles de lugares alrededor el mundo y ofrece caracter\u00edsticas clave del producto y beneficios proporcionados \u00fanicamente por Alvarado. Los modelos MST controlados el\u00e9ctricamente integran con cualquier sistema de control de acceso.<\/p>\n<\/p><\/div>\n<\/p><\/div>\n<div style='margin-bottom: 30px;'> <img style='width: 100%; height: auto; border: 1px solid rgba(150&comma;150&comma;150&comma;0.3); border-radius: 8px;' src='https:\/\/ftp3.syscom.mx\/usuarios\/vestrada\/Alvarado\/Certificacion MST.png' alt=''> <\/div>\n<div style='display: flex; flex-wrap: wrap; gap: 30px; margin-bottom: 30px;'>\n<div style='flex: 1 1 400px; min-width: 300px;'>\n<p style='margin: 0 0 15px;'><em>Click sobre la imagen y arrastre para 360\u00b0<\/em><\/p>\n<div style='position: relative; padding-bottom: 56.25%; height: 0; overflow: hidden; margin-bottom: 30px;'>   <\/div>\n<\/p><\/div>\n<div style='flex: 1 1 400px; min-width: 300px;'>\n<h3 style='font-size: 22px; border-bottom: 2px solid currentColor; padding-bottom: 5px; margin-top: 0; color: inherit; opacity: 0.8;'>Opciones de Productos<\/h3>\n<p style='margin-top: 0;'>El torniquete de altura completa MST tiene muchas opciones disponibles&comma; que incluyen:<\/p>\n<ul style='padding-left: 20px; font-size: 15px; color: inherit;'>\n<li style='margin-bottom: 5px;'>Acabados galvanizados&comma; revestidos de energ\u00eda y acero inoxidable.<\/li>\n<li style='margin-bottom: 5px;'>Luces de notificaci\u00f3n de usuario para proporcionar el estado de la credencial presentada (aceptada\/no aceptada).<\/li>\n<li style='margin-bottom: 5px;'>Luces de estado abierto\/cerrado del torniquete.<\/li>\n<li style='margin-bottom: 5px;'>Placas de fijaci\u00f3n del lector de tarjetas.<\/li>\n<li style='margin-bottom: 5px;'>Bater\u00eda de reserva.<\/li>\n<li style='margin-bottom: 5px;'>Monitores de brazo de bloqueo (proporciona una notificaci\u00f3n cuando el torniquete est\u00e1 desbloqueado).<\/li>\n<li style='margin-bottom: 5px;'>Protecci\u00f3n de climatizaci\u00f3n mejorada para entornos exigentes.<\/li>\n<li style='margin-bottom: 5px;'>Fundas protectoras acolchadas para tal\u00f3n\/brazo.<\/li>\n<li style='margin-bottom: 5px;'>Mangas de brazo de cobre para reducir la vida \u00fatil de la superficie y la transmisi\u00f3n de bacterias y virus da\u00f1inos.<\/li>\n<\/ul>\n<p style='margin: 25px 0 0; text-align: center;'><strong>COTICE SU TORNIQUETE <a href='https:\/\/ingenieria.syscom.mx\/otros\/calculadores\/torniquete_completo\/' target='_blank' rel='noopener' style='color: #2880b9; text-decoration: none;'>AQUI!!<\/a><\/strong><\/p>\n<\/p><\/div>\n<\/p><\/div>\n<div style='margin-bottom: 30px;'> <img style='width: 100%; height: auto; border: 1px solid rgba(150&comma;150&comma;150&comma;0.3); border-radius: 8px;' src='https:\/\/ftp3.syscom.mx\/usuarios\/vestrada\/Alvarado\/Aplicaciones.png' alt=''> <\/div>\n<\/p><\/div>\n","protected":false},"excerpt":{"rendered":"<p>Torniquete de cuerpo completo bidireccional doble en acr\u00edlico<\/p>\n","protected":false},"featured_media":32,"comment_status":"open","ping_status":"closed","template":"","meta":[],"product_brand":[],"product_cat":[766],"product_tag":[769,767,759],"class_list":{"0":"post-21237","1":"product","2":"type-product","3":"status-publish","4":"has-post-thumbnail","6":"product_cat-torniquetes-de-cuerpo-completo","7":"product_tag-alvarado","8":"product_tag-torniquetes-de-cuerpo-completo","9":"product_tag-torniquetes-y-puertas-de-cortesia","11":"first","12":"outofstock","13":"sale","14":"shipping-taxable","15":"purchasable","16":"product-type-simple"},"_links":{"self":[{"href":"https:\/\/soydeaqui.ddns.net\/pachuca\/index.php\/wp-json\/wp\/v2\/product\/21237","targetHints":{"allow":["GET"]}}],"collection":[{"href":"https:\/\/soydeaqui.ddns.net\/pachuca\/index.php\/wp-json\/wp\/v2\/product"}],"about":[{"href":"https:\/\/soydeaqui.ddns.net\/pachuca\/index.php\/wp-json\/wp\/v2\/types\/product"}],"replies":[{"embeddable":true,"href":"https:\/\/soydeaqui.ddns.net\/pachuca\/index.php\/wp-json\/wp\/v2\/comments?post=21237"}],"wp:featuredmedia":[{"embeddable":true,"href":"https:\/\/soydeaqui.ddns.net\/pachuca\/index.php\/wp-json\/wp\/v2\/media\/32"}],"wp:attachment":[{"href":"https:\/\/soydeaqui.ddns.net\/pachuca\/index.php\/wp-json\/wp\/v2\/media?parent=21237"}],"wp:term":[{"taxonomy":"product_brand","embeddable":true,"href":"https:\/\/soydeaqui.ddns.net\/pachuca\/index.php\/wp-json\/wp\/v2\/product_brand?post=21237"},{"taxonomy":"product_cat","embeddable":true,"href":"https:\/\/soydeaqui.ddns.net\/pachuca\/index.php\/wp-json\/wp\/v2\/product_cat?post=21237"},{"taxonomy":"product_tag","embeddable":true,"href":"https:\/\/soydeaqui.ddns.net\/pachuca\/index.php\/wp-json\/wp\/v2\/product_tag?post=21237"}],"curies":[{"name":"wp","href":"https:\/\/api.w.org\/{rel}","templated":true}]}}