{"id":2100,"date":"2026-03-18T05:53:06","date_gmt":"2026-03-18T05:53:06","guid":{"rendered":"https:\/\/soydeaqui.ddns.net\/pachuca\/index.php\/producto\/letrero-exterior-de-senalizacion-salida-hombre-corriendo-alto-brillo-uso-en-pared-lateral-o-techo-bateria-de-respaldo-incluida-con-hasta-120-minutos-de-duracion\/"},"modified":"2026-03-18T05:53:09","modified_gmt":"2026-03-18T05:53:09","slug":"letrero-exterior-de-senalizacion-salida-hombre-corriendo-alto-brillo-uso-en-pared-lateral-o-techo-bateria-de-respaldo-incluida-con-hasta-120-minutos-de-duracion","status":"publish","type":"product","link":"https:\/\/soydeaqui.ddns.net\/pachuca\/index.php\/producto\/letrero-exterior-de-senalizacion-salida-hombre-corriendo-alto-brillo-uso-en-pared-lateral-o-techo-bateria-de-respaldo-incluida-con-hasta-120-minutos-de-duracion\/","title":{"rendered":"Letrero EXTERIOR de Se\u00f1alizaci\u00f3n salida &#8220;Hombre Corriendo&#8221;\/ Alto brillo \/ Uso en pared, lateral o techo \/ Bater\u00eda de Respaldo Incluida con hasta 120 minutos de duraci\u00f3n"},"content":{"rendered":"<div style='width: 100%; max-width: 1200px; margin: 0 auto; font-family: sans-serif; line-height: 1.6; color: inherit; background-color: transparent;'> <!-- Descripci\u00f3n general --> <\/p>\n<div style='margin-bottom: 30px;'>\n<h3 style='font-size: 22px; border-bottom: 2px solid currentColor; padding-bottom: 5px; margin-top: 0; color: inherit; opacity: 0.8;'>Descripci\u00f3n del Producto<\/h3>\n<p style='font-size: 15px; color: inherit;'>El Letrero Exterior de Se\u00f1alizaci\u00f3n est\u00e1 dise\u00f1ado para ser utilizado en exteriores&comma; ofreciendo una soluci\u00f3n confiable y visible para se\u00f1alizar salidas de emergencia. Con un dise\u00f1o enfocado en la alta visibilidad&comma; es ideal para entornos donde la claridad es crucial.<\/p>\n<\/p><\/div>\n<p> <!-- Caracter\u00edsticas principales --> <\/p>\n<div style='margin-bottom: 30px;'>\n<h3 style='font-size: 22px; border-bottom: 2px solid currentColor; padding-bottom: 5px; margin-top: 0; color: inherit; opacity: 0.8;'>Caracter\u00edsticas Principales<\/h3>\n<ul style='padding-left: 20px; font-size: 15px; color: inherit;'>\n<li style='margin-bottom: 5px;'>Dise\u00f1o impermeable de policarbonato para uso en entornos h\u00famedos.<\/li>\n<li style='margin-bottom: 5px;'>Caja de pl\u00e1stico con retardante de fuego para mayor seguridad.<\/li>\n<li style='margin-bottom: 5px;'>Montaje universal en pared&comma; techo y lateral.<\/li>\n<li style='margin-bottom: 5px;'>Capacidad de reemplazo de pictogramas.<\/li>\n<li style='margin-bottom: 5px;'>Entrada de doble voltaje de 120\/220 Vca a 60 Hz.<\/li>\n<li style='margin-bottom: 5px;'>Bater\u00eda de n\u00edquel-cadmio de alta temperatura con 24 horas de recarga y 120 minutos de descarga.<\/li>\n<li style='margin-bottom: 5px;'>Protecci\u00f3n contra bajo voltaje y sistema de transferencia de estado s\u00f3lido.<\/li>\n<\/ul><\/div>\n<p> <!-- Detalles t\u00e9cnicos --> <\/p>\n<div style='margin-bottom: 30px;'>\n<h3 style='font-size: 22px; border-bottom: 2px solid currentColor; padding-bottom: 5px; margin-top: 0; color: inherit; opacity: 0.8;'>Detalles T\u00e9cnicos<\/h3>\n<div style='display: flex; flex-wrap: wrap; gap: 20px; margin-top: 20px;'> <!-- Especificaciones --> <\/p>\n<div style='flex: 1 1 250px; border: 1px solid rgba(150&comma; 150&comma; 150&comma; 0.4); border-radius: 8px; overflow: hidden; display: flex; flex-direction: column;'>\n<div style='padding: 15px; border-bottom: 1px solid rgba(150&comma; 150&comma; 150&comma; 0.2); font-weight: bold; font-size: 18px; color: inherit;'>Especificaciones<\/div>\n<div style='padding: 15px; color: inherit;'>\n<ul style='padding-left: 20px; margin: 0; font-size: 14px; list-style-type: disc;'>\n<li style='margin-bottom: 5px;'><strong>Cara:<\/strong> Una sola cara.<\/li>\n<li style='margin-bottom: 5px;'><strong>Bater\u00eda:<\/strong> Ni-cad 1.2V.<\/li>\n<li style='margin-bottom: 5px;'><strong>Tiempo de carga:<\/strong> 24 horas.<\/li>\n<li style='margin-bottom: 5px;'><strong>Duraci\u00f3n de luz con bater\u00eda:<\/strong> 120 minutos.<\/li>\n<li style='margin-bottom: 5px;'><strong>Temperatura de trabajo:<\/strong> 0\u00b0C a 50\u00b0C.<\/li>\n<\/ul><\/div>\n<\/p><\/div>\n<p> <!-- Conectividad --> <\/p>\n<div style='flex: 1 1 250px; border: 1px solid rgba(150&comma; 150&comma; 150&comma; 0.4); border-radius: 8px; overflow: hidden; display: flex; flex-direction: column;'>\n<div style='padding: 15px; border-bottom: 1px solid rgba(150&comma; 150&comma; 150&comma; 0.2); font-weight: bold; font-size: 18px; color: inherit;'>Interfaces y Conectividad<\/div>\n<div style='padding: 15px; color: inherit;'>\n<ul style='padding-left: 20px; margin: 0; font-size: 14px; list-style-type: disc;'>\n<li style='margin-bottom: 5px;'><strong>Patr\u00f3n de montaje:<\/strong> Universal con caja de conexiones incluida.<\/li>\n<li style='margin-bottom: 5px;'><strong>Interfaz de alimentaci\u00f3n:<\/strong> 120\/220 Vca a 60 Hz con una corriente de 30 mA y potencia de 2.8 W.<\/li>\n<\/ul><\/div>\n<\/p><\/div>\n<\/p><\/div>\n<\/p><\/div>\n<p> <!-- Aplicaciones --> <\/p>\n<div style='margin-bottom: 30px;'>\n<h3 style='font-size: 22px; border-bottom: 2px solid currentColor; padding-bottom: 5px; margin-top: 0; color: inherit; opacity: 0.8;'>Aplicaciones y Casos de Uso<\/h3>\n<div style='border: 1px solid rgba(150&comma; 150&comma; 150&comma; 0.4); border-radius: 8px; padding: 15px; margin-top: 15px; font-size: 14px; color: inherit;'> Ideal para la se\u00f1alizaci\u00f3n de salidas de emergencia en edificios comerciales e industriales&comma; asegurando un entorno seguro. <\/div>\n<\/p><\/div>\n<p> <!-- Separador final --> <\/p>\n<hr style='border: 0; border-top: 1px solid rgba(150&comma; 150&comma; 150&comma; 0.3); margin: 30px 0;'> <\/div>\n","protected":false},"excerpt":{"rendered":"<p>Letrero EXTERIOR de Se\u00f1alizaci\u00f3n salida &#8220;Hombre Corriendo&#8221;\/ Alto brillo \/ Uso en pared, lateral o techo \/ Bater\u00eda de Respaldo Incluida con hasta 120 minutos de duraci\u00f3n<\/p>\n","protected":false},"featured_media":2099,"comment_status":"open","ping_status":"closed","template":"","meta":[],"product_brand":[],"product_cat":[125],"product_tag":[127,79,126],"class_list":{"0":"post-2100","1":"product","2":"type-product","3":"status-publish","4":"has-post-thumbnail","6":"product_cat-senalizacion","7":"product_tag-senalizacion","8":"product_tag-sfire","9":"product_tag-sistemas-de-emergencia","11":"first","12":"instock","13":"sale","14":"shipping-taxable","15":"purchasable","16":"product-type-simple"},"_links":{"self":[{"href":"https:\/\/soydeaqui.ddns.net\/pachuca\/index.php\/wp-json\/wp\/v2\/product\/2100","targetHints":{"allow":["GET"]}}],"collection":[{"href":"https:\/\/soydeaqui.ddns.net\/pachuca\/index.php\/wp-json\/wp\/v2\/product"}],"about":[{"href":"https:\/\/soydeaqui.ddns.net\/pachuca\/index.php\/wp-json\/wp\/v2\/types\/product"}],"replies":[{"embeddable":true,"href":"https:\/\/soydeaqui.ddns.net\/pachuca\/index.php\/wp-json\/wp\/v2\/comments?post=2100"}],"wp:featuredmedia":[{"embeddable":true,"href":"https:\/\/soydeaqui.ddns.net\/pachuca\/index.php\/wp-json\/wp\/v2\/media\/2099"}],"wp:attachment":[{"href":"https:\/\/soydeaqui.ddns.net\/pachuca\/index.php\/wp-json\/wp\/v2\/media?parent=2100"}],"wp:term":[{"taxonomy":"product_brand","embeddable":true,"href":"https:\/\/soydeaqui.ddns.net\/pachuca\/index.php\/wp-json\/wp\/v2\/product_brand?post=2100"},{"taxonomy":"product_cat","embeddable":true,"href":"https:\/\/soydeaqui.ddns.net\/pachuca\/index.php\/wp-json\/wp\/v2\/product_cat?post=2100"},{"taxonomy":"product_tag","embeddable":true,"href":"https:\/\/soydeaqui.ddns.net\/pachuca\/index.php\/wp-json\/wp\/v2\/product_tag?post=2100"}],"curies":[{"name":"wp","href":"https:\/\/api.w.org\/{rel}","templated":true}]}}