{"id":20998,"date":"2026-03-18T10:30:52","date_gmt":"2026-03-18T10:30:52","guid":{"rendered":"https:\/\/soydeaqui.ddns.net\/pachuca\/index.php\/producto\/kit-completo-barrera-derecha-xb-3m-incluye-sensor-de-masa-transformador-lazo-ancla-fotoceldas-2-controles-inalambricos\/"},"modified":"2026-03-18T10:30:53","modified_gmt":"2026-03-18T10:30:53","slug":"kit-completo-barrera-derecha-xb-3m-incluye-sensor-de-masa-transformador-lazo-ancla-fotoceldas-2-controles-inalambricos","status":"publish","type":"product","link":"https:\/\/soydeaqui.ddns.net\/pachuca\/index.php\/producto\/kit-completo-barrera-derecha-xb-3m-incluye-sensor-de-masa-transformador-lazo-ancla-fotoceldas-2-controles-inalambricos\/","title":{"rendered":"Kit COMPLETO Barrera Derecha XB \/ 3M \/ Incluye Sensor de masa, Transformador, Lazo, Ancla, Fotoceldas 2 Controles Inal\u00e1mbricos"},"content":{"rendered":"<div style='width: 100%; max-width: 1200px; margin: 0 auto; font-family: sans-serif; line-height: 1.6; color: inherit; background-color: transparent;'> <!-- Secci\u00f3n de caracter\u00edsticas principales --> <\/p>\n<div style='display: flex; flex-wrap: wrap; gap: 20px; margin-bottom: 30px;'>\n<div style='flex: 1 1 300px; min-width: 280px;'>\n<div style='border-left: 5px solid #0091ff; border-radius: 5px; padding: 15px; background-color: rgba(0&comma; 145&comma; 255&comma; 0.05);'>\n<h3 style='font-size: 18px; margin-top: 0; margin-bottom: 15px; color: inherit;'>Caracter\u00edsticas principales:<\/h3>\n<ul style='padding-left: 20px; font-size: 15px; color: inherit; list-style-type: disc;'>\n<li style='margin-bottom: 8px;'>Longitud m\u00e1xima del brazo 3 metros<\/li>\n<li style='margin-bottom: 8px;'>Color del gabinete: Gris<\/li>\n<li style='margin-bottom: 8px;'>Velocidad de apertura 1.5 segundos<\/li>\n<li style='margin-bottom: 8px;'>Con encoder para la programaci\u00f3n de l\u00edmites<\/li>\n<\/ul><\/div>\n<\/p><\/div>\n<div style='flex: 1 1 300px; min-width: 280px;'>\n<div style='border-left: 5px solid #0091ff; border-radius: 5px; padding: 15px; background-color: rgba(0&comma; 145&comma; 255&comma; 0.05);'>\n<h3 style='font-size: 18px; margin-top: 0; margin-bottom: 15px; color: inherit;'>Caracter\u00edsticas F\u00edsicas y El\u00e9ctricas:<\/h3>\n<ul style='padding-left: 20px; font-size: 15px; color: inherit; list-style-type: disc;'>\n<li style='margin-bottom: 8px;'>Consumo de 250W<\/li>\n<li style='margin-bottom: 8px;'>Consumo en reposo 2W<\/li>\n<li style='margin-bottom: 8px;'>Uso Semi-Intensivo<\/li>\n<li style='margin-bottom: 8px;'>Voltaje de operaci\u00f3n 110V<\/li>\n<\/ul><\/div>\n<\/p><\/div>\n<div style='flex: 1 1 300px; min-width: 280px;'>\n<div style='border-left: 5px solid #0091ff; border-radius: 5px; padding: 15px; background-color: rgba(0&comma; 145&comma; 255&comma; 0.05);'>\n<h3 style='font-size: 18px; margin-top: 0; margin-bottom: 15px; color: inherit;'>Caracter\u00edsticas adicionales:<\/h3>\n<ul style='padding-left: 20px; font-size: 15px; color: inherit; list-style-type: disc;'>\n<li style='margin-bottom: 8px;'>Temperatura de operaci\u00f3n -20 a 50\u00b0C<\/li>\n<li style='margin-bottom: 8px;'>Humedad relativa de <90%<\/li>\n<li style='margin-bottom: 8px;'>Incluye 2 controles XBT23 (Soporta m\u00e1ximo 5 controles agregando un solo bot\u00f3n)<\/li>\n<\/ul><\/div>\n<\/p><\/div>\n<\/p><\/div>\n<p> <!-- Contenido del kit --> <\/p>\n<div style='display: flex; flex-wrap: wrap; gap: 30px; margin-bottom: 30px;'>\n<div style='flex: 1 1 400px; min-width: 300px;'>\n<h3 style='font-size: 20px; margin-top: 0; margin-bottom: 15px; color: inherit; border-bottom: 2px solid currentColor; padding-bottom: 5px; opacity: 0.8;'>Kit de barrera vehicular derecha color gris&comma; brazo de 3 metros y accesorios de seguridad.<\/h3>\n<h4 style='font-size: 18px; margin-top: 20px; margin-bottom: 10px; color: inherit;'>\u00bfQue contiene el kit?<\/h4>\n<ul style='padding-left: 20px; font-size: 15px; color: inherit; list-style-type: disc;'>\n<li style='margin-bottom: 8px;'>1 x <strong>XBF-3002-R<\/strong> Barrera vehicular derecha color gris de uso semi-intensivo.<\/li>\n<li style='margin-bottom: 8px;'>1 x <strong>XBF-ARM<\/strong> Brazo de aluminio de 3 metros sin iluminaci\u00f3n.<\/li>\n<li style='margin-bottom: 8px;'>1 x <strong>XB-ANCLA<\/strong> Base de anclaje para barreras AccessPRO<\/li>\n<li style='margin-bottom: 8px;'>1 x <strong>XBS-IR33<\/strong> Fotocelda para seguridad en caso de obstrucci\u00f3n<\/li>\n<li style='margin-bottom: 8px;'>1 x <strong>XB-DLP-1101<\/strong> Sensor de masa de un canal.<\/li>\n<li style='margin-bottom: 8px;'>1 x <strong>SYS-LM6<\/strong> Lazo magn\u00e9tico de 6 metros<\/li>\n<li style='margin-bottom: 8px;'>1 x <strong>PL-DC-1000<\/strong> Fuente de 12V para sensor de masa.<\/li>\n<\/ul>\n<h4 style='font-size: 18px; margin-top: 25px; margin-bottom: 10px; color: inherit;'>Caracter\u00edsticas adicionales:<\/h4>\n<ul style='padding-left: 20px; font-size: 15px; color: inherit; list-style-type: disc;'>\n<li style='margin-bottom: 8px;'>Garant\u00eda de 3 a\u00f1os contra defectos de fabricaci\u00f3n<\/li>\n<li style='margin-bottom: 8px;'>Equipo ensamblado en M\u00e9xico<\/li>\n<li style='margin-bottom: 8px;'>Programaci\u00f3n de l\u00edmites mediante tarjeta electr\u00f3nica<\/li>\n<li style='margin-bottom: 8px;'>Cierre autom\u00e1tico programable de acuerdo a la necesidad.<\/li>\n<li style='margin-bottom: 8px;'><strong>Operaci\u00f3n de hasta 150 ciclos por hora<\/strong><\/li>\n<\/ul><\/div>\n<div style='flex: 1 1 400px; min-width: 300px;'> <img style='width: 100%; height: auto; border: 1px solid rgba(150&comma;150&comma;150&comma;0.3); border-radius: 8px;' src='https:\/\/ftp3.syscom.mx\/usuarios\/anavarrete\/Accesspro\/Accesprogrisderecha.jpg' alt='Barrera vehicular derecha color gris'> <\/div>\n<\/p><\/div>\n<p> <!-- Secci\u00f3n de texto centrado --> <\/p>\n<div style='margin: 30px 0; padding: 20px; background-color: rgba(0&comma; 145&comma; 255&comma; 0.05); border-radius: 8px;'>\n<p style='text-align: center; font-size: 16px; margin: 0; color: inherit;'>Las barreras XBF-3002 de AccessPRO incluyen un mecanismo equipado con un encoder que permite a la tarjeta controladora ajustar de manera electr\u00f3nica los finales de carrera&comma; logrando un movimiento m\u00e1s suave y con exactitud a la hora de hacer las aperturas y cierres<\/p>\n<\/p><\/div>\n<p> <!-- Accesorios adicionales --> <\/p>\n<div style='margin-bottom: 30px;'>\n<h4 style='font-size: 18px; margin-top: 30px; margin-bottom: 15px; color: inherit; text-align: center;'>\u00bfQu\u00e9 accesorios puedo agregar para una instalaci\u00f3n?<\/h4>\n<div style='display: flex; flex-wrap: wrap; justify-content: center; gap: 15px;'>\n<p style='margin: 5px 0; flex: 1 1 300px; max-width: 400px; text-align: center; background-color: rgba(0&comma; 145&comma; 255&comma; 0.05); padding: 10px; border-radius: 8px; color: inherit;'><strong>XBS-SW-01<\/strong> Botonera triple de uso rudo para barreras y motores.<\/p>\n<p style='margin: 5px 0; flex: 1 1 300px; max-width: 400px; text-align: center; background-color: rgba(0&comma; 145&comma; 255&comma; 0.05); padding: 10px; border-radius: 8px; color: inherit;'><strong>XBS-RDA-09<\/strong> Radar para barreras AccessPRO con alcance de hasta 6 metros.<\/p>\n<p style='margin: 5px 0; flex: 1 1 300px; max-width: 400px; text-align: center; background-color: rgba(0&comma; 145&comma; 255&comma; 0.05); padding: 10px; border-radius: 8px; color: inherit;'><strong>XB-REC2<\/strong> Receptor inal\u00e1mbrico para 400 controles (agregando un bot\u00f3n por control)&comma; compatible con transmisores <strong>XBT-23<\/strong> control de llavero&comma; <strong>XBT-18-BC<\/strong> control de visera y <strong>XB-WT-01<\/strong> control tipo bot\u00f3n de pared.<\/p>\n<p style='margin: 5px 0; flex: 1 1 300px; max-width: 400px; text-align: center; background-color: rgba(0&comma; 145&comma; 255&comma; 0.05); padding: 10px; border-radius: 8px; color: inherit;'><strong>10LZR-H100KIT-19327<\/strong> Sensor laser para seguridad con un alcance de 9.6 x 9.6 metros&comma; reemplace lazos magn\u00e9ticos<\/p>\n<p style='margin: 5px 0; flex: 1 1 300px; max-width: 400px; text-align: center; background-color: rgba(0&comma; 145&comma; 255&comma; 0.05); padding: 10px; border-radius: 8px; color: inherit;'><strong>PRO-LIGHT-LED<\/strong> Sem\u00e1foro de se\u00f1alizaci\u00f3n Rojo\/Verde&comma; requiere montaje <strong>XB-ML<\/strong><\/p>\n<\/p><\/div>\n<\/p><\/div>\n<p> <!-- Imagen adicional --> <\/p>\n<div style='margin-bottom: 30px;'> <img style='width: 100%; height: auto; border: 1px solid rgba(150&comma;150&comma;150&comma;0.3); border-radius: 8px;' src='https:\/\/ftp3.syscom.mx\/usuarios\/fotos\/KITXBFR\/142261-barreras_accesspro.png' alt='Barreras AccessPRO'> <\/div>\n<p> <!-- Videos de YouTube --> <\/p>\n<div style='display: flex; flex-wrap: wrap; gap: 20px; justify-content: center; margin-bottom: 30px;'>\n<div style='flex: 1 1 300px; min-width: 280px; max-width: 560px;'>\n<div style='position: relative; padding-bottom: 56.25%; height: 0; overflow: hidden;'>   <\/div>\n<\/p><\/div>\n<div style='flex: 1 1 300px; min-width: 280px; max-width: 560px;'>\n<div style='position: relative; padding-bottom: 56.25%; height: 0; overflow: hidden;'>   <\/div>\n<\/p><\/div>\n<div style='flex: 1 1 300px; min-width: 280px; max-width: 560px;'>\n<div style='position: relative; padding-bottom: 56.25%; height: 0; overflow: hidden;'>   <\/div>\n<\/p><\/div>\n<div style='flex: 1 1 300px; min-width: 280px; max-width: 560px;'>\n<div style='position: relative; padding-bottom: 56.25%; height: 0; overflow: hidden;'>   <\/div>\n<\/p><\/div>\n<div style='flex: 1 1 300px; min-width: 280px; max-width: 560px;'>\n<div style='position: relative; padding-bottom: 56.25%; height: 0; overflow: hidden;'>   <\/div>\n<\/p><\/div>\n<div style='flex: 1 1 300px; min-width: 280px; max-width: 560px;'>\n<div style='position: relative; padding-bottom: 56.25%; height: 0; overflow: hidden;'>   <\/div>\n<\/p><\/div>\n<\/p><\/div>\n<\/p><\/div>\n","protected":false},"excerpt":{"rendered":"<p>Kit COMPLETO Barrera Derecha XB \/ 3M \/ Incluye Sensor de masa, Transformador, Lazo, Ancla, Fotoceldas 2 Controles Inal\u00e1mbricos<\/p>\n","protected":false},"featured_media":32,"comment_status":"open","ping_status":"closed","template":"","meta":[],"product_brand":[],"product_cat":[748],"product_tag":[401,234,749],"class_list":{"0":"post-20998","1":"product","2":"type-product","3":"status-publish","4":"has-post-thumbnail","6":"product_cat-barreras-vehiculares","7":"product_tag-acceso-vehicular","8":"product_tag-accesspro","9":"product_tag-barreras-vehiculares","11":"first","12":"outofstock","13":"sale","14":"shipping-taxable","15":"purchasable","16":"product-type-simple"},"_links":{"self":[{"href":"https:\/\/soydeaqui.ddns.net\/pachuca\/index.php\/wp-json\/wp\/v2\/product\/20998","targetHints":{"allow":["GET"]}}],"collection":[{"href":"https:\/\/soydeaqui.ddns.net\/pachuca\/index.php\/wp-json\/wp\/v2\/product"}],"about":[{"href":"https:\/\/soydeaqui.ddns.net\/pachuca\/index.php\/wp-json\/wp\/v2\/types\/product"}],"replies":[{"embeddable":true,"href":"https:\/\/soydeaqui.ddns.net\/pachuca\/index.php\/wp-json\/wp\/v2\/comments?post=20998"}],"wp:featuredmedia":[{"embeddable":true,"href":"https:\/\/soydeaqui.ddns.net\/pachuca\/index.php\/wp-json\/wp\/v2\/media\/32"}],"wp:attachment":[{"href":"https:\/\/soydeaqui.ddns.net\/pachuca\/index.php\/wp-json\/wp\/v2\/media?parent=20998"}],"wp:term":[{"taxonomy":"product_brand","embeddable":true,"href":"https:\/\/soydeaqui.ddns.net\/pachuca\/index.php\/wp-json\/wp\/v2\/product_brand?post=20998"},{"taxonomy":"product_cat","embeddable":true,"href":"https:\/\/soydeaqui.ddns.net\/pachuca\/index.php\/wp-json\/wp\/v2\/product_cat?post=20998"},{"taxonomy":"product_tag","embeddable":true,"href":"https:\/\/soydeaqui.ddns.net\/pachuca\/index.php\/wp-json\/wp\/v2\/product_tag?post=20998"}],"curies":[{"name":"wp","href":"https:\/\/api.w.org\/{rel}","templated":true}]}}