{"id":20927,"date":"2026-03-18T10:29:29","date_gmt":"2026-03-18T10:29:29","guid":{"rendered":"https:\/\/soydeaqui.ddns.net\/pachuca\/index.php\/producto\/lector-biometrico-facial-bew3-lector-de-tarjetas-prox-em-mifare-tarjetas-virtuales-por-bluetooth-con-proteccion-ip67-ik08-2\/"},"modified":"2026-03-18T10:29:34","modified_gmt":"2026-03-18T10:29:34","slug":"lector-biometrico-facial-bew3-lector-de-tarjetas-prox-em-mifare-tarjetas-virtuales-por-bluetooth-con-proteccion-ip67-ik08-2","status":"publish","type":"product","link":"https:\/\/soydeaqui.ddns.net\/pachuca\/index.php\/producto\/lector-biometrico-facial-bew3-lector-de-tarjetas-prox-em-mifare-tarjetas-virtuales-por-bluetooth-con-proteccion-ip67-ik08-2\/","title":{"rendered":"Lector Biom\u00e9trico Facial (BEW3) \/ lector de tarjetas Prox EM, mifare, Tarjetas Virtuales por Bluetooth \/ con protecci\u00f3n IP67, IK08"},"content":{"rendered":"<div style='width: 100%; max-width: 1200px; margin: 0 auto; font-family: sans-serif; line-height: 1.6; color: inherit; background-color: transparent;'> <!-- Im\u00e1genes --> <\/p>\n<div style='display: flex; flex-wrap: wrap; gap: 20px; margin-bottom: 30px;'> <img style='width: 100%; height: auto; max-width: 567px; border: 1px solid rgba(150&comma;150&comma;150&comma;0.3); border-radius: 8px;' src='https:\/\/ftp3.syscom.mx\/usuarios\/gjimenez\/SUPREMA\/BEW3\/logo%20suprema.jpg' alt='logo suprema'> <img style='width: 100%; height: auto; max-width: 895px; border: 1px solid rgba(150&comma;150&comma;150&comma;0.3); border-radius: 8px;' src='https:\/\/ftp3.syscom.mx\/usuarios\/gjimenez\/SUPREMA\/BEW3\/BEW3%20%20%20%20ok%20%20sin%20fondo.jpg' alt='BEW3'> <\/div>\n<p> <!-- Descripci\u00f3n principal --> <\/p>\n<div style='margin-bottom: 30px; font-size: 15px; color: inherit;'>\n<p>BioEntry W3 es un innovador dispositivo de control de acceso con autenticaci\u00f3n facial impulsado por la avanzada tecnolog\u00eda de inteligencia artificial de Suprema. Su procesador de IA&comma; optimizado con aprendizaje profundo (NPU)&comma; garantiza una alta precisi\u00f3n y velocidades de procesamiento facial ultrarr\u00e1pidas. Dise\u00f1ado para ofrecer durabilidad y resistencia&comma; BioEntry W3 resiste impactos externos y condiciones extremas&comma; manteniendo un perfil delgado y compacto. Experimente el futuro de la seguridad con un dispositivo que prioriza la seguridad de los datos privados&comma; la simplicidad elegante y la durabilidad.<\/p>\n<\/p><\/div>\n<p> <!-- Secci\u00f3n de construcci\u00f3n duradera --> <\/p>\n<div style='margin-bottom: 30px;'>\n<h2 style='font-size: 22px; border-bottom: 2px solid currentColor; padding-bottom: 5px; margin-top: 0; color: inherit; opacity: 0.8;'>Construcci\u00f3n Durable<\/h2>\n<p style='margin-top: 15px; font-size: 15px; color: inherit;'>BioEntry W3 est\u00e1 dise\u00f1ado para durar. Puede soportar un uso prolongado y condiciones dif\u00edciles sin perder su integridad o funcionalidad<\/p>\n<p> <img style='width: 100%; height: auto; margin-top: 20px; border: 1px solid rgba(150&comma;150&comma;150&comma;0.3); border-radius: 8px;' src='https:\/\/ftp3.syscom.mx\/usuarios\/gjimenez\/SUPREMA\/BEW3\/BEW3%20%20agua%20y%20polvo.jpg' alt='BEW3 proteccion'> <\/div>\n<p> <!-- Especificaciones --> <\/p>\n<div id='specification' style='margin-bottom: 30px;'>\n<h2 style='font-size: 24px; border-bottom: 2px solid currentColor; padding-bottom: 5px; margin-top: 30px; margin-bottom: 20px; color: inherit; opacity: 0.8;'>Especificaciones<\/h2>\n<p> <!-- Secci\u00f3n de cards --> <\/p>\n<div style='display: flex; flex-wrap: wrap; gap: 20px; margin-top: 20px;'> <!-- Credenciales --> <\/p>\n<div style='flex: 1 1 250px; border: 1px solid rgba(150&comma;150&comma;150&comma;0.4); border-radius: 8px; overflow: hidden;'>\n<div style='padding: 15px; border-bottom: 1px solid rgba(150&comma;150&comma;150&comma;0.2); font-weight: bold; font-size: 18px; color: inherit;'>Credenciales<\/div>\n<div style='padding: 15px; color: inherit;'>\n<ul style='padding-left: 20px; margin: 0; font-size: 14px; list-style-type: disc;'>\n<li style='margin-bottom: 5px;'><strong>Biometrics:<\/strong> Face<\/li>\n<li style='margin-bottom: 5px;'><strong>RF Option:<\/strong> 125kHz EM &#038; 13.56MHz MIFARE&comma; MIFARE Plus&comma; DESFire&comma; DESFire EV1\/EV2\/EV3&comma; FeliCa<\/li>\n<li style='margin-bottom: 5px;'><strong>RF read range:<\/strong> MIFARE\/DESFire\/EM: 50 mm&comma; FeliCa: 30 mm<\/li>\n<li style='margin-bottom: 5px;'><strong>Mobile Card:<\/strong> NFC&comma; BLE<\/li>\n<\/ul><\/div>\n<\/p><\/div>\n<p> <!-- Protections --> <\/p>\n<div style='flex: 1 1 250px; border: 1px solid rgba(150&comma;150&comma;150&comma;0.4); border-radius: 8px; overflow: hidden;'>\n<div style='padding: 15px; border-bottom: 1px solid rgba(150&comma;150&comma;150&comma;0.2); font-weight: bold; font-size: 18px; color: inherit;'>Protections<\/div>\n<div style='padding: 15px; color: inherit;'>\n<ul style='padding-left: 20px; margin: 0; font-size: 14px; list-style-type: disc;'>\n<li style='margin-bottom: 5px;'><strong>IP rating:<\/strong> IP67<\/li>\n<li style='margin-bottom: 5px;'><strong>IK rating:<\/strong> IK08<\/li>\n<\/ul><\/div>\n<\/p><\/div>\n<p> <!-- Face --> <\/p>\n<div style='flex: 1 1 250px; border: 1px solid rgba(150&comma;150&comma;150&comma;0.4); border-radius: 8px; overflow: hidden;'>\n<div style='padding: 15px; border-bottom: 1px solid rgba(150&comma;150&comma;150&comma;0.2); font-weight: bold; font-size: 18px; color: inherit;'>Face<\/div>\n<div style='padding: 15px; color: inherit;'>\n<ul style='padding-left: 20px; margin: 0; font-size: 14px; list-style-type: disc;'>\n<li style='margin-bottom: 5px;'><strong>Authentication Distance:<\/strong> 0.3 ~ 1.0 m<\/li>\n<li style='margin-bottom: 5px;'><strong>Authentication Height:<\/strong> 1.4 ~ 1.9 m<\/li>\n<li style='margin-bottom: 5px;'><strong>Matching speed:<\/strong> Within 0.2 seconds<\/li>\n<li style='margin-bottom: 5px;'><strong>Live Face Detection:<\/strong> Supported<\/li>\n<\/ul><\/div>\n<\/p><\/div>\n<p> <!-- Capacity --> <\/p>\n<div style='flex: 1 1 250px; border: 1px solid rgba(150&comma;150&comma;150&comma;0.4); border-radius: 8px; overflow: hidden;'>\n<div style='padding: 15px; border-bottom: 1px solid rgba(150&comma;150&comma;150&comma;0.2); font-weight: bold; font-size: 18px; color: inherit;'>Capacity<\/div>\n<div style='padding: 15px; color: inherit;'>\n<ul style='padding-left: 20px; margin: 0; font-size: 14px; list-style-type: disc;'>\n<li style='margin-bottom: 5px;'><strong>Max. User:<\/strong> 100&comma;000<\/li>\n<li style='margin-bottom: 5px;'><strong>Max. Credential (1:N):<\/strong> Face: 30&comma;000 \/ Card: 100&comma;000<\/li>\n<li style='margin-bottom: 5px;'><strong>Max. Credential (1:1):<\/strong> Face: 30&comma;000 \/ Card: 100&comma;000<\/li>\n<li style='margin-bottom: 5px;'><strong>Max. Text Log:<\/strong> 1&comma;000&comma;000<\/li>\n<li style='margin-bottom: 5px;'><strong>Max. Image Log:<\/strong> 10&comma;000<\/li>\n<\/ul><\/div>\n<\/p><\/div>\n<p> <!-- General --> <\/p>\n<div style='flex: 1 1 250px; border: 1px solid rgba(150&comma;150&comma;150&comma;0.4); border-radius: 8px; overflow: hidden;'>\n<div style='padding: 15px; border-bottom: 1px solid rgba(150&comma;150&comma;150&comma;0.2); font-weight: bold; font-size: 18px; color: inherit;'>General<\/div>\n<div style='padding: 15px; color: inherit;'>\n<ul style='padding-left: 20px; margin: 0; font-size: 14px; list-style-type: disc;'>\n<li style='margin-bottom: 5px;'><strong>CPU:<\/strong> 1.5 GHz Quad Core<\/li>\n<li style='margin-bottom: 5px;'><strong>Memory:<\/strong> 16 GB Flash + 2 GB RAM<\/li>\n<li style='margin-bottom: 5px;'><strong>Crypto Chip:<\/strong> Supported<\/li>\n<li style='margin-bottom: 5px;'><strong>LCD Type:<\/strong> 1.3\u201d PMOLED<\/li>\n<li style='margin-bottom: 5px;'><strong>Camera:<\/strong> IR: 2M pixels \/ Visual: 2M pixels<\/li>\n<li style='margin-bottom: 5px;'><strong>LED:<\/strong> Multi-color<\/li>\n<li style='margin-bottom: 5px;'><strong>Sound:<\/strong> 16 bit<\/li>\n<li style='margin-bottom: 5px;'><strong>Operating Temperature:<\/strong> -20 \u00b0C ~ 50 \u00b0C<\/li>\n<li style='margin-bottom: 5px;'><strong>Storage Temperature:<\/strong> -40 \u00b0C ~ 70 \u00b0C<\/li>\n<li style='margin-bottom: 5px;'><strong>Operating Humidity:<\/strong> 0 % ~ 80 %&comma; non-condensing<\/li>\n<li style='margin-bottom: 5px;'><strong>Storage Humidity:<\/strong> 0 % ~ 90 %&comma; non-condensing<\/li>\n<li style='margin-bottom: 5px;'><strong>Weight:<\/strong> Device: 283 g \/ Bracket: 36 g<\/li>\n<li style='margin-bottom: 5px;'><strong>Dimension (WxHxD&comma; mm):<\/strong> 50 x 160 x 34.15 (mm)<\/li>\n<li style='margin-bottom: 5px;'><strong>Certifications:<\/strong> CE&comma; UKCA&comma; KC&comma; FCC&comma; IC&comma; RCM&comma; BIS&comma; ANATEL&comma; SIG&comma; RoHS&comma; REACH&comma; WEEE&comma; EAC&comma; TELEC<\/li>\n<\/ul><\/div>\n<\/p><\/div>\n<p> <!-- Interface --> <\/p>\n<div style='flex: 1 1 250px; border: 1px solid rgba(150&comma;150&comma;150&comma;0.4); border-radius: 8px; overflow: hidden;'>\n<div style='padding: 15px; border-bottom: 1px solid rgba(150&comma;150&comma;150&comma;0.2); font-weight: bold; font-size: 18px; color: inherit;'>Interface<\/div>\n<div style='padding: 15px; color: inherit;'>\n<ul style='padding-left: 20px; margin: 0; font-size: 14px; list-style-type: disc;'>\n<li style='margin-bottom: 5px;'><strong>Ethernet:<\/strong> Supported (10\/100 Mbps&comma; auto MDI\/MDI-X)<\/li>\n<li style='margin-bottom: 5px;'><strong>RS-485:<\/strong> 1 ch Master \/ Slave (Selectable)<\/li>\n<li style='margin-bottom: 5px;'><strong>RS-485 Communication Protocol:<\/strong> OSDP V2 compliant<\/li>\n<li style='margin-bottom: 5px;'><strong>Wiegand:<\/strong> 1 ch Input and 1 ch Output<\/li>\n<li style='margin-bottom: 5px;'><strong>Input:<\/strong> 3 ch Inputs<\/li>\n<li style='margin-bottom: 5px;'><strong>Relay:<\/strong> 1 Relay<\/li>\n<li style='margin-bottom: 5px;'><strong>USB:<\/strong> USB 2.0 (Type C)&comma; only FW-Upgrade<\/li>\n<li style='margin-bottom: 5px;'><strong>USB expansion port:<\/strong> Supported<\/li>\n<li style='margin-bottom: 5px;'><strong>PoE:<\/strong> Not supported<\/li>\n<li style='margin-bottom: 5px;'><strong>RTSP:<\/strong> Supported (Real Time Streaming Protocol)<\/li>\n<li style='margin-bottom: 5px;'><strong>Tamper:<\/strong> Supported<\/li>\n<\/ul><\/div>\n<\/p><\/div>\n<p> <!-- Electrical --> <\/p>\n<div style='flex: 1 1 250px; border: 1px solid rgba(150&comma;150&comma;150&comma;0.4); border-radius: 8px; overflow: hidden;'>\n<div style='padding: 15px; border-bottom: 1px solid rgba(150&comma;150&comma;150&comma;0.2); font-weight: bold; font-size: 18px; color: inherit;'>Electrical<\/div>\n<div style='padding: 15px; color: inherit;'>\n<ul style='padding-left: 20px; margin: 0; font-size: 14px; list-style-type: disc;'>\n<li style='margin-bottom: 5px;'><strong>Power:<\/strong> Voltage: 12 Vdc&comma; Current: Max. 1.0 A \/ Voltage: 24 Vdc&comma; Current: Max. 0.6 A<\/li>\n<\/ul><\/div>\n<\/p><\/div>\n<\/p><\/div>\n<\/p><\/div>\n<p> <!-- Separador final --> <\/p>\n<hr style='border: 0; border-top: 1px solid rgba(150&comma;150&comma;150&comma;0.3); margin: 30px 0;'> <\/div>\n","protected":false},"excerpt":{"rendered":"<p>Lector Biom\u00e9trico Facial (BEW3) \/ lector de tarjetas Prox EM, mifare, Tarjetas Virtuales por Bluetooth \/ con protecci\u00f3n IP67, IK08<\/p>\n","protected":false},"featured_media":20926,"comment_status":"open","ping_status":"closed","template":"","meta":[],"product_brand":[],"product_cat":[743],"product_tag":[744,745,798],"class_list":{"0":"post-20927","1":"product","2":"type-product","3":"status-publish","4":"has-post-thumbnail","6":"product_cat-para-tiempo-y-asistencia-checadores","7":"product_tag-biometricos","8":"product_tag-para-tiempo-y-asistencia-checadores","9":"product_tag-suprema","11":"first","12":"instock","13":"sale","14":"shipping-taxable","15":"purchasable","16":"product-type-simple"},"_links":{"self":[{"href":"https:\/\/soydeaqui.ddns.net\/pachuca\/index.php\/wp-json\/wp\/v2\/product\/20927","targetHints":{"allow":["GET"]}}],"collection":[{"href":"https:\/\/soydeaqui.ddns.net\/pachuca\/index.php\/wp-json\/wp\/v2\/product"}],"about":[{"href":"https:\/\/soydeaqui.ddns.net\/pachuca\/index.php\/wp-json\/wp\/v2\/types\/product"}],"replies":[{"embeddable":true,"href":"https:\/\/soydeaqui.ddns.net\/pachuca\/index.php\/wp-json\/wp\/v2\/comments?post=20927"}],"wp:featuredmedia":[{"embeddable":true,"href":"https:\/\/soydeaqui.ddns.net\/pachuca\/index.php\/wp-json\/wp\/v2\/media\/20926"}],"wp:attachment":[{"href":"https:\/\/soydeaqui.ddns.net\/pachuca\/index.php\/wp-json\/wp\/v2\/media?parent=20927"}],"wp:term":[{"taxonomy":"product_brand","embeddable":true,"href":"https:\/\/soydeaqui.ddns.net\/pachuca\/index.php\/wp-json\/wp\/v2\/product_brand?post=20927"},{"taxonomy":"product_cat","embeddable":true,"href":"https:\/\/soydeaqui.ddns.net\/pachuca\/index.php\/wp-json\/wp\/v2\/product_cat?post=20927"},{"taxonomy":"product_tag","embeddable":true,"href":"https:\/\/soydeaqui.ddns.net\/pachuca\/index.php\/wp-json\/wp\/v2\/product_tag?post=20927"}],"curies":[{"name":"wp","href":"https:\/\/api.w.org\/{rel}","templated":true}]}}