{"id":20914,"date":"2026-03-18T10:29:15","date_gmt":"2026-03-18T10:29:15","guid":{"rendered":"https:\/\/soydeaqui.ddns.net\/pachuca\/index.php\/producto\/kit-completo-barrera-izquierda-xb-3m-iluminacion-led-rojo-verde-incluye-sensor-de-masa-transformador-lazo-ancla-fotoceldas-y-2-controles-inalambricos\/"},"modified":"2026-03-18T10:29:16","modified_gmt":"2026-03-18T10:29:16","slug":"kit-completo-barrera-izquierda-xb-3m-iluminacion-led-rojo-verde-incluye-sensor-de-masa-transformador-lazo-ancla-fotoceldas-y-2-controles-inalambricos","status":"publish","type":"product","link":"https:\/\/soydeaqui.ddns.net\/pachuca\/index.php\/producto\/kit-completo-barrera-izquierda-xb-3m-iluminacion-led-rojo-verde-incluye-sensor-de-masa-transformador-lazo-ancla-fotoceldas-y-2-controles-inalambricos\/","title":{"rendered":"Kit COMPLETO Barrera Izquierda XB \/ 3M \/ Iluminacion LED Rojo-Verde \/ Incluye Sensor de masa, Transformador, Lazo, Ancla, Fotoceldas y 2 Controles Inal\u00e1mbricos"},"content":{"rendered":"<div style='width: 100%; max-width: 1200px; margin: 0 auto; font-family: sans-serif; line-height: 1.6; color: inherit; background-color: transparent;'> <!-- Secci\u00f3n de caracter\u00edsticas en 3 columnas --> <\/p>\n<div style='display: flex; flex-wrap: wrap; gap: 30px; margin-bottom: 30px;'>\n<div style='flex: 1 1 300px; min-width: 280px;'>\n<h3 style='font-size: 22px; border-bottom: 2px solid currentColor; padding-bottom: 5px; margin-top: 0; color: inherit; opacity: 0.8;'>Caracter\u00edsticas principales<\/h3>\n<ul style='padding-left: 20px; font-size: 15px; color: inherit;'>\n<li style='margin-bottom: 5px;'>Longitud m\u00e1xima del brazo 3 metros<\/li>\n<li style='margin-bottom: 5px;'>Color del gabinete: Gris<\/li>\n<li style='margin-bottom: 5px;'>Velocidad de apertura 1.5 segundos<\/li>\n<li style='margin-bottom: 5px;'>Con encoder para la programaci\u00f3n de l\u00edmites<\/li>\n<\/ul><\/div>\n<div style='flex: 1 1 300px; min-width: 280px;'>\n<h3 style='font-size: 22px; border-bottom: 2px solid currentColor; padding-bottom: 5px; margin-top: 0; color: inherit; opacity: 0.8;'>Caracter\u00edsticas F\u00edsicas y El\u00e9ctricas<\/h3>\n<ul style='padding-left: 20px; font-size: 15px; color: inherit;'>\n<li style='margin-bottom: 5px;'>Consumo de 250W<\/li>\n<li style='margin-bottom: 5px;'>Consumo en reposo 2W<\/li>\n<li style='margin-bottom: 5px;'>Uso Semi-Intensivo<\/li>\n<li style='margin-bottom: 5px;'>Voltaje de operaci\u00f3n 110V<\/li>\n<\/ul><\/div>\n<div style='flex: 1 1 300px; min-width: 280px;'>\n<h3 style='font-size: 22px; border-bottom: 2px solid currentColor; padding-bottom: 5px; margin-top: 0; color: inherit; opacity: 0.8;'>Caracter\u00edsticas adicionales<\/h3>\n<ul style='padding-left: 20px; font-size: 15px; color: inherit;'>\n<li style='margin-bottom: 5px;'>Temperatura de operaci\u00f3n -20 a 50\u00b0C<\/li>\n<li style='margin-bottom: 5px;'>Humedad relativa de <90%<\/li>\n<li style='margin-bottom: 5px;'>Incluye 2 controles XBT23 (Soporta m\u00e1ximo 5 controles agregando un solo bot\u00f3n)<\/li>\n<\/ul><\/div>\n<\/p><\/div>\n<p> <!-- Separador --> <\/p>\n<hr style='border: 0; border-top: 1px solid rgba(150&comma; 150&comma; 150&comma; 0.3); margin: 30px 0;'> <!-- Contenido del kit --> <\/p>\n<div style='display: flex; flex-wrap: wrap; gap: 30px; margin-bottom: 30px;'>\n<div style='flex: 1 1 400px; min-width: 300px;'>\n<h3 style='font-size: 20px; margin-top: 0; color: inherit;'>Kit de barrera vehicular izquierda color gris&comma; brazo de 3 metros iluminado y accesorios de seguridad.<\/h3>\n<h3 style='font-size: 20px; margin-top: 0; color: inherit;'>\u00bfQu\u00e9 contiene el kit?<\/h3>\n<ul style='padding-left: 20px; font-size: 15px; color: inherit;'>\n<li style='margin-bottom: 5px;'>1 x <strong>XBF-3002-L<\/strong> Barrera vehicular izquierda color gris de uso semi-intensivo<\/li>\n<li style='margin-bottom: 5px;'>1 x <strong>XBF-ARM-LED<\/strong> Brazo de aluminio iluminado de 3 metros<\/li>\n<li style='margin-bottom: 5px;'>1 x <strong>PS12DC4KV<\/strong> Fuente de alimentaci\u00f3n para brazo iluminado<\/li>\n<li style='margin-bottom: 5px;'>1 x <strong>XB-ANCLA<\/strong> Base de anclaje para barreras AccessPRO<\/li>\n<li style='margin-bottom: 5px;'>1 x <strong>XBS-IR33<\/strong> Fotocelda para seguridad en caso de obstrucci\u00f3n<\/li>\n<li style='margin-bottom: 5px;'>1 x <strong>XB-DLP-1101<\/strong> Sensor de masa de un canal<\/li>\n<li style='margin-bottom: 5px;'>1 x <strong>SYS-LM6<\/strong> Lazo magn\u00e9tico de 6 metros<\/li>\n<li style='margin-bottom: 5px;'>1 x <strong>PL-DC-1000<\/strong> Fuente de 12VDC para sensor de masa<\/li>\n<\/ul><\/div>\n<div style='flex: 1 1 400px; min-width: 300px;'> <img style='width: 100%; height: auto; border: 1px solid rgba(150&comma;150&comma;150&comma;0.3); border-radius: 8px;' src='https:\/\/ftp3.syscom.mx\/usuarios\/fotos\/BancoFotografiasSyscom\/ACCESSPROINDUSTRIAL\/KITXBFLEDL\/KITXBFLEDL-p.PNG' alt='Kit completo barrera vehicular'> <\/div>\n<\/p><\/div>\n<p> <!-- Separador --> <\/p>\n<hr style='border: 0; border-top: 1px solid rgba(150&comma; 150&comma; 150&comma; 0.3); margin: 30px 0;'> <!-- Caracter\u00edsticas adicionales --> <\/p>\n<div style='display: flex; flex-direction: column; gap: 15px; margin-bottom: 30px;'>\n<h3 style='font-size: 20px; text-align: center; margin-top: 0; color: inherit;'>Caracter\u00edsticas adicionales<\/h3>\n<ul style='padding-left: 20px; font-size: 15px; color: inherit; list-style: none; margin: 0; padding: 0;'>\n<li style='margin-bottom: 10px; text-align: center;'><strong>La garant\u00eda depende de cada elemento del kit&comma; revisar modelo en espec\u00edfico<\/strong><\/li>\n<li style='margin-bottom: 10px; text-align: center;'>Equipo ensamblado en M\u00e9xico<\/li>\n<li style='margin-bottom: 10px; text-align: center;'>Programaci\u00f3n de l\u00edmites mediante tarjeta electr\u00f3nica<\/li>\n<li style='margin-bottom: 10px; text-align: center;'>Cierre autom\u00e1tico programable de acuerdo a la necesidad<\/li>\n<li style='margin-bottom: 10px; text-align: center;'><strong>Operaci\u00f3n de hasta 150 ciclos por hora<\/strong><\/li>\n<\/ul><\/div>\n<p> <!-- Separador --> <\/p>\n<hr style='border: 0; border-top: 1px solid rgba(150&comma; 150&comma; 150&comma; 0.3); margin: 30px 0;'> <!-- Descripci\u00f3n de la barrera --> <\/p>\n<div style='margin-bottom: 30px;'>\n<p style='font-size: 15px; text-align: center; color: inherit;'>Las barreras XBF-3002 de AccessPRO incluyen un mecanismo equipado con un encoder que permite a la tarjeta controladora ajustar de manera electr\u00f3nica los finales de carrera&comma; logrando un movimiento m\u00e1s suave y con exactitud a la hora de hacer las aperturas y cierres<\/p>\n<\/p><\/div>\n<p> <!-- Separador --> <\/p>\n<hr style='border: 0; border-top: 1px solid rgba(150&comma; 150&comma; 150&comma; 0.3); margin: 30px 0;'> <!-- Accesorios adicionales --> <\/p>\n<div style='display: flex; flex-direction: column; gap: 15px; margin-bottom: 30px;'>\n<h3 style='font-size: 20px; text-align: center; margin-top: 0; color: inherit;'>\u00bfQu\u00e9 accesorios puedo agregar para una instalaci\u00f3n?<\/h3>\n<ul style='padding-left: 20px; font-size: 15px; color: inherit; list-style: none; margin: 0; padding: 0;'>\n<li style='margin-bottom: 10px; text-align: center;'><strong>XBS-SW-01<\/strong> Botonera triple de uso rudo para barreras y motores<\/li>\n<li style='margin-bottom: 10px; text-align: center;'><strong>XBS-RDA-06<\/strong> Radar para barreras AccessPRO con alcance de hasta 6 metros<\/li>\n<li style='margin-bottom: 10px; text-align: center;'><strong>XB-REC2<\/strong> Receptor inal\u00e1mbrico para 400 controles (agregando un bot\u00f3n por control)&comma; compatible con transmisores <strong>XBT-23<\/strong> control de llavero&comma; <strong>XBT-18-BC<\/strong> control de visera y <strong>XB-WT-01<\/strong> control tipo bot\u00f3n de pared<\/li>\n<li style='margin-bottom: 10px; text-align: center;'><strong>10LZR-H100KIT-19327<\/strong> Sensor l\u00e1ser para seguridad con un alcance de 9.6 x 9.6 metros&comma; reemplace lazos magn\u00e9ticos<\/li>\n<li style='margin-bottom: 10px; text-align: center;'><strong>PRO-LIGHT-LED<\/strong> Sem\u00e1foro de se\u00f1alizaci\u00f3n Rojo\/Verde&comma; requiere montaje <strong>XB-ML<\/strong><\/li>\n<\/ul><\/div>\n<p> <!-- Separador --> <\/p>\n<hr style='border: 0; border-top: 1px solid rgba(150&comma; 150&comma; 150&comma; 0.3); margin: 30px 0;'> <!-- Imagen adicional --> <\/p>\n<div style='margin-bottom: 30px;'> <img style='width: 100%; height: auto; border: 1px solid rgba(150&comma;150&comma;150&comma;0.3); border-radius: 8px;' src='https:\/\/ftp3.syscom.mx\/usuarios\/fotos\/KITXBFR\/142261-barreras_accesspro.png' alt='Barreras AccessPRO'> <\/div>\n<p> <!-- Separador --> <\/p>\n<hr style='border: 0; border-top: 1px solid rgba(150&comma; 150&comma; 150&comma; 0.3); margin: 30px 0;'> <!-- Videos de YouTube --> <\/p>\n<div style='display: flex; flex-wrap: wrap; gap: 20px; justify-content: center; margin-bottom: 30px;'>\n<div style='flex: 1 1 300px; min-width: 280px;'>\n<div style='position: relative; padding-bottom: 56.25%; height: 0; overflow: hidden; margin-bottom: 30px;'>   <\/div>\n<\/p><\/div>\n<div style='flex: 1 1 300px; min-width: 280px;'>\n<div style='position: relative; padding-bottom: 56.25%; height: 0; overflow: hidden; margin-bottom: 30px;'>   <\/div>\n<\/p><\/div>\n<div style='flex: 1 1 300px; min-width: 280px;'>\n<div style='position: relative; padding-bottom: 56.25%; height: 0; overflow: hidden; margin-bottom: 30px;'>   <\/div>\n<\/p><\/div>\n<div style='flex: 1 1 300px; min-width: 280px;'>\n<div style='position: relative; padding-bottom: 56.25%; height: 0; overflow: hidden; margin-bottom: 30px;'>   <\/div>\n<\/p><\/div>\n<div style='flex: 1 1 300px; min-width: 280px;'>\n<div style='position: relative; padding-bottom: 56.25%; height: 0; overflow: hidden; margin-bottom: 30px;'>   <\/div>\n<\/p><\/div>\n<div style='flex: 1 1 300px; min-width: 280px;'>\n<div style='position: relative; padding-bottom: 56.25%; height: 0; overflow: hidden; margin-bottom: 30px;'>   <\/div>\n<\/p><\/div>\n<\/p><\/div>\n<p> <!-- Separador --> <\/p>\n<hr style='border: 0; border-top: 1px solid rgba(150&comma; 150&comma; 150&comma; 0.3); margin: 30px 0;'> <!-- Nota importante --> <\/p>\n<div style='margin-bottom: 30px;'>\n<p style='font-size: 15px; text-align: center; color: inherit;'>NOTA: Considerar descansabrazos <a href='https:\/\/www.syscom.mx\/principal\/searchcont?route=XB-POST-AccessPRO-Industrial-183352&#038;autodetect=xbpost' target='_blank' rel='noopener' style='color: inherit; text-decoration: underline;'>XB-POST<\/a> en brazos de 4 m o m\u00e1s para evitar da\u00f1o prematuro del mecanismo<\/p>\n<\/p><\/div>\n<p> <!-- Separador final --> <\/p>\n<hr style='border: 0; border-top: 1px solid rgba(150&comma; 150&comma; 150&comma; 0.3); margin: 30px 0;'> <\/div>\n","protected":false},"excerpt":{"rendered":"<p>Kit COMPLETO Barrera Izquierda XB \/ 3M \/ Iluminacion LED Rojo-Verde \/ Incluye Sensor de masa, Transformador, Lazo, Ancla, Fotoceldas y 2 Controles Inal\u00e1mbricos<\/p>\n","protected":false},"featured_media":32,"comment_status":"open","ping_status":"closed","template":"","meta":[],"product_brand":[],"product_cat":[748],"product_tag":[401,234,749],"class_list":{"0":"post-20914","1":"product","2":"type-product","3":"status-publish","4":"has-post-thumbnail","6":"product_cat-barreras-vehiculares","7":"product_tag-acceso-vehicular","8":"product_tag-accesspro","9":"product_tag-barreras-vehiculares","11":"first","12":"instock","13":"sale","14":"shipping-taxable","15":"purchasable","16":"product-type-simple"},"_links":{"self":[{"href":"https:\/\/soydeaqui.ddns.net\/pachuca\/index.php\/wp-json\/wp\/v2\/product\/20914","targetHints":{"allow":["GET"]}}],"collection":[{"href":"https:\/\/soydeaqui.ddns.net\/pachuca\/index.php\/wp-json\/wp\/v2\/product"}],"about":[{"href":"https:\/\/soydeaqui.ddns.net\/pachuca\/index.php\/wp-json\/wp\/v2\/types\/product"}],"replies":[{"embeddable":true,"href":"https:\/\/soydeaqui.ddns.net\/pachuca\/index.php\/wp-json\/wp\/v2\/comments?post=20914"}],"wp:featuredmedia":[{"embeddable":true,"href":"https:\/\/soydeaqui.ddns.net\/pachuca\/index.php\/wp-json\/wp\/v2\/media\/32"}],"wp:attachment":[{"href":"https:\/\/soydeaqui.ddns.net\/pachuca\/index.php\/wp-json\/wp\/v2\/media?parent=20914"}],"wp:term":[{"taxonomy":"product_brand","embeddable":true,"href":"https:\/\/soydeaqui.ddns.net\/pachuca\/index.php\/wp-json\/wp\/v2\/product_brand?post=20914"},{"taxonomy":"product_cat","embeddable":true,"href":"https:\/\/soydeaqui.ddns.net\/pachuca\/index.php\/wp-json\/wp\/v2\/product_cat?post=20914"},{"taxonomy":"product_tag","embeddable":true,"href":"https:\/\/soydeaqui.ddns.net\/pachuca\/index.php\/wp-json\/wp\/v2\/product_tag?post=20914"}],"curies":[{"name":"wp","href":"https:\/\/api.w.org\/{rel}","templated":true}]}}