{"id":20764,"date":"2026-03-18T10:26:36","date_gmt":"2026-03-18T10:26:36","guid":{"rendered":"https:\/\/soydeaqui.ddns.net\/pachuca\/index.php\/producto\/puerta-metalica-galvanizada-3x7-pies-resistente-a-fuego-por-180-min-preparacion-para-cerradura-cilindrica-y-refuerzo-para-cierra-puerta\/"},"modified":"2026-03-18T10:26:37","modified_gmt":"2026-03-18T10:26:37","slug":"puerta-metalica-galvanizada-3x7-pies-resistente-a-fuego-por-180-min-preparacion-para-cerradura-cilindrica-y-refuerzo-para-cierra-puerta","status":"publish","type":"product","link":"https:\/\/soydeaqui.ddns.net\/pachuca\/index.php\/producto\/puerta-metalica-galvanizada-3x7-pies-resistente-a-fuego-por-180-min-preparacion-para-cerradura-cilindrica-y-refuerzo-para-cierra-puerta\/","title":{"rendered":"Puerta met\u00e1lica galvanizada 3&#215;7 pies \/ Resistente a fuego por 180 min. \/Preparaci\u00f3n para cerradura cil\u00edndrica y refuerzo para cierra puerta"},"content":{"rendered":"<div style='width: 100%; max-width: 1200px; margin: 0 auto; font-family: sans-serif; line-height: 1.6; color: inherit; background-color: transparent;'> <!-- Secci\u00f3n de caracter\u00edsticas --> <\/p>\n<div style='display: flex; flex-wrap: wrap; gap: 30px; margin-bottom: 30px;'>\n<div style='flex: 1 1 300px; min-width: 280px;'>\n<h3 style='font-size: 22px; border-bottom: 2px solid currentColor; padding-bottom: 5px; margin-top: 0; color: inherit; opacity: 0.8;'>Caracter\u00edsticas Especiales<\/h3>\n<ul style='padding-left: 20px; font-size: 15px; color: inherit;'>\n<li style='margin-bottom: 5px;'>Enclavados mec\u00e1nicamente para mayor resistencia y rigidez<\/li>\n<li style='margin-bottom: 5px;'>N\u00facleo de panal de abeja que proporciona resistencia natural<\/li>\n<li style='margin-bottom: 5px;'>Canales invertidos&comma; finales soldadas a ambas l\u00e1minas de cara<\/li>\n<\/ul><\/div>\n<\/p><\/div>\n<p> <!-- Secci\u00f3n de especificaciones --> <\/p>\n<div style='display: flex; flex-wrap: wrap; gap: 30px; margin-bottom: 30px;'>\n<div style='flex: 1 1 300px; min-width: 280px;'>\n<h3 style='font-size: 22px; border-bottom: 2px solid currentColor; padding-bottom: 5px; margin-top: 0; color: inherit; opacity: 0.8;'>Descripci\u00f3n de la Puerta<\/h3>\n<ul style='padding-left: 20px; font-size: 15px; color: inherit;'>\n<li style='margin-bottom: 5px;'>Resistente al fuego por 180 min.<\/li>\n<li style='margin-bottom: 5px;'>1-3\/4&#8242; espesor.<\/li>\n<li style='margin-bottom: 5px;'>Interior Honeycomb.<\/li>\n<li style='margin-bottom: 5px;'>Uniones por &#8216;Interlocked&#8217;.<\/li>\n<li style='margin-bottom: 5px;'>Canales invertidos &#8216;Top\/Bttm&#8217;.<\/li>\n<li style='margin-bottom: 5px;'>Refuerzo de bisagra calibre 7.<\/li>\n<li style='margin-bottom: 5px;'>Acabado &#8216;Prime&#8217; anti corrosi\u00f3n.<\/li>\n<li style='margin-bottom: 5px;'>Preparaciones est\u00e1ndares.<\/li>\n<li style='margin-bottom: 5px;'>STC 32 (en calibre 18).<\/li>\n<li style='margin-bottom: 5px;'>Uniones por &#8216;Interlocked&#8217;.<\/li>\n<li style='margin-bottom: 5px;'>Certificaci\u00f3n WARNOCK HERSEY<\/li>\n<li style='margin-bottom: 5px;'>Calibre: 18<\/li>\n<li style='margin-bottom: 5px;'>1&comma;000&comma;000 ciclos de uso en calibre 18.<\/li>\n<li style='margin-bottom: 5px;'><strong>Dimensiones:<\/strong> 3&#8217;0&#8242; x 7&#8217;0&#8242; (de solo la Puerta)<\/li>\n<li style='margin-bottom: 5px;'><strong>El vano requerido para instalar la puerta con jambas y marcos es de:<\/strong> 1025 x 2190 mm<\/li>\n<\/ul><\/div>\n<\/p><\/div>\n<p> <!-- Secci\u00f3n de accesorios --> <\/p>\n<div style='display: flex; flex-wrap: wrap; gap: 30px; margin-bottom: 30px;'>\n<div style='flex: 1 1 300px; min-width: 280px;'>\n<h3 style='font-size: 22px; border-bottom: 2px solid currentColor; padding-bottom: 5px; margin-top: 0; color: inherit; opacity: 0.8;'>ACCESORIOS INDISPENSABLES<\/h3>\n<p style='font-style: italic; margin-bottom: 15px; color: inherit;'>Determinar el tipo de puerta (ver imagen abajo)<\/p>\n<ul style='padding-left: 20px; font-size: 15px; color: inherit;'>\n<li style='margin-bottom: 5px;'>Marco puerta derecha <strong>MX9042<\/strong> (incluye las dos jambas y el cabezal)<\/li>\n<li style='margin-bottom: 5px;'>Marco para puerta izquierda <strong>MX9044<\/strong> (incluye las dos jambas y el cabezal)<\/li>\n<li style='margin-bottom: 5px;'>Bisagras <strong>MX105155<\/strong><\/li>\n<\/ul><\/div>\n<\/p><\/div>\n<p> <!-- Secci\u00f3n de accesorios adicionales --> <\/p>\n<div style='display: flex; flex-wrap: wrap; gap: 30px; margin-bottom: 30px;'>\n<div style='flex: 1 1 300px; min-width: 280px;'>\n<h3 style='font-size: 22px; border-bottom: 2px solid currentColor; padding-bottom: 5px; margin-top: 0; color: inherit; opacity: 0.8;'>Accesorios para puerta corta fuego<\/h3>\n<ul style='padding-left: 20px; font-size: 15px; color: inherit;'>\n<li style='margin-bottom: 5px;'><strong>Sello perimetral:<\/strong> modelo 5018<\/li>\n<li style='margin-bottom: 5px;'><strong>Sardinel:<\/strong> 5020A&comma; o bien 5024 (opci\u00f3n con tope)<\/li>\n<li style='margin-bottom: 5px;'><strong>Sello bajo puerta:<\/strong> 5016 o bien 5032 (con goma)<\/li>\n<li style='margin-bottom: 5px;'><strong>Goter\u00f3n:<\/strong> 5036 (para uso en puertas con vista al exterior)<\/li>\n<li style='margin-bottom: 5px;'><strong>Cierrapuertas:<\/strong> 84887<\/li>\n<\/ul>\n<p style='margin-top: 15px; color: inherit;'>*Opcional puede utilizar barra para puerta de emergencia&comma; cerradura mec\u00e1nica y se\u00f1alizaci\u00f3n.<\/p>\n<\/p><\/div>\n<\/p><\/div>\n<p> <!-- Secci\u00f3n de certificaci\u00f3n Warnock Hersey --> <\/p>\n<div style='display: flex; flex-wrap: wrap; gap: 30px; margin-bottom: 30px;'>\n<div style='flex: 1 1 300px; min-width: 280px;'>\n<h3 style='font-size: 22px; border-bottom: 2px solid currentColor; padding-bottom: 5px; margin-top: 0; color: inherit; opacity: 0.8;'>Certificaci\u00f3n Warnock Hersey<\/h3>\n<p style='color: inherit;'>Warnock Hersey es el sello l\u00edder en productos de seguridad y desempe\u00f1o para productos de construcci\u00f3n y edificaci\u00f3n en Norteam\u00e9rica.<\/p>\n<p style='color: inherit;'>Los productos que llevan el sello Warnock Hersey (WH-ETL) indican el cumplimiento de los c\u00f3digos de construcci\u00f3n pertinentes&comma; criterios de asociaciones y la seguridad del producto y normas de funcionamiento por parte de los fabricantes.<\/p>\n<p style='color: inherit;'>Los servicios de prueba y certificaci\u00f3n de Warnock Hersey incluyen:<\/p>\n<ul style='padding-left: 20px; font-size: 15px; color: inherit;'>\n<li style='margin-bottom: 5px;'>Pruebas contra fuego<\/li>\n<li style='margin-bottom: 5px;'>Etiquetado de Puertas en Campo<\/li>\n<li style='margin-bottom: 5px;'>Pruebas de fenestraci\u00f3n<\/li>\n<li style='margin-bottom: 5px;'>Pruebas de Clima Severo<\/li>\n<li style='margin-bottom: 5px;'>Ensayos estructurales<\/li>\n<li style='margin-bottom: 5px;'>Pruebas de rendimiento<\/li>\n<\/ul>\n<p style='margin-top: 15px; color: inherit;'>Los est\u00e1ndares de prueba de marca WH tambi\u00e9n incluyen los siguientes est\u00e1ndares:<\/p>\n<p style='color: inherit; margin-bottom: 5px;'>ANSI<\/p>\n<p style='color: inherit; margin-bottom: 5px;'>UL<\/p>\n<p style='color: inherit; margin-bottom: 5px;'>ASTM<\/p>\n<p style='color: inherit; margin-bottom: 5px;'>CCMC<\/p>\n<p style='color: inherit; margin-bottom: 5px;'>CSA<\/p>\n<p style='color: inherit; margin-bottom: 5px;'>EPA<\/p>\n<p style='color: inherit; margin-bottom: 5px;'>ICBO<\/p>\n<p style='color: inherit; margin-bottom: 5px;'>ULC<\/p>\n<\/p><\/div>\n<\/p><\/div>\n<p> <!-- Imagen del producto --> <\/p>\n<div style='display: flex; flex-wrap: wrap; gap: 30px; margin-bottom: 30px;'>\n<div style='flex: 1 1 100%;'> <img style='width: 100%; height: auto; border: 1px solid rgba(150&comma;150&comma;150&comma;0.3); border-radius: 8px;' src='http:\/\/ftp3.syscom.mx\/usuarios\/hterrazas\/assabloy\/puerta.jpg' alt=''> <\/div>\n<\/p><\/div>\n<\/p><\/div>\n","protected":false},"excerpt":{"rendered":"<p>Puerta met\u00e1lica galvanizada 3&#215;7 pies \/ Resistente a fuego por 180 min. \/Preparaci\u00f3n para cerradura cil\u00edndrica y refuerzo para cierra puerta<\/p>\n","protected":false},"featured_media":20763,"comment_status":"open","ping_status":"closed","template":"","meta":[],"product_brand":[],"product_cat":[216],"product_tag":[218,217,126],"class_list":{"0":"post-20764","1":"product","2":"type-product","3":"status-publish","4":"has-post-thumbnail","6":"product_cat-puertas-de-emergencia","7":"product_tag-assa-abloy","8":"product_tag-puertas-de-emergencia","9":"product_tag-sistemas-de-emergencia","11":"first","12":"instock","13":"sale","14":"shipping-taxable","15":"purchasable","16":"product-type-simple"},"_links":{"self":[{"href":"https:\/\/soydeaqui.ddns.net\/pachuca\/index.php\/wp-json\/wp\/v2\/product\/20764","targetHints":{"allow":["GET"]}}],"collection":[{"href":"https:\/\/soydeaqui.ddns.net\/pachuca\/index.php\/wp-json\/wp\/v2\/product"}],"about":[{"href":"https:\/\/soydeaqui.ddns.net\/pachuca\/index.php\/wp-json\/wp\/v2\/types\/product"}],"replies":[{"embeddable":true,"href":"https:\/\/soydeaqui.ddns.net\/pachuca\/index.php\/wp-json\/wp\/v2\/comments?post=20764"}],"wp:featuredmedia":[{"embeddable":true,"href":"https:\/\/soydeaqui.ddns.net\/pachuca\/index.php\/wp-json\/wp\/v2\/media\/20763"}],"wp:attachment":[{"href":"https:\/\/soydeaqui.ddns.net\/pachuca\/index.php\/wp-json\/wp\/v2\/media?parent=20764"}],"wp:term":[{"taxonomy":"product_brand","embeddable":true,"href":"https:\/\/soydeaqui.ddns.net\/pachuca\/index.php\/wp-json\/wp\/v2\/product_brand?post=20764"},{"taxonomy":"product_cat","embeddable":true,"href":"https:\/\/soydeaqui.ddns.net\/pachuca\/index.php\/wp-json\/wp\/v2\/product_cat?post=20764"},{"taxonomy":"product_tag","embeddable":true,"href":"https:\/\/soydeaqui.ddns.net\/pachuca\/index.php\/wp-json\/wp\/v2\/product_tag?post=20764"}],"curies":[{"name":"wp","href":"https:\/\/api.w.org\/{rel}","templated":true}]}}