{"id":20696,"date":"2026-03-18T10:25:31","date_gmt":"2026-03-18T10:25:31","guid":{"rendered":"https:\/\/soydeaqui.ddns.net\/pachuca\/index.php\/producto\/unifi-access-hub-door-puede-conectar-2-lectores-y-2-camaras-no-incluidos-para-controlar-solo-una-puerta-2-terminales-aux-y-4-entradas-adicionales-sensores-y-botones-poe-802-3bt-no-incluido\/"},"modified":"2026-03-18T10:25:35","modified_gmt":"2026-03-18T10:25:35","slug":"unifi-access-hub-door-puede-conectar-2-lectores-y-2-camaras-no-incluidos-para-controlar-solo-una-puerta-2-terminales-aux-y-4-entradas-adicionales-sensores-y-botones-poe-802-3bt-no-incluido","status":"publish","type":"product","link":"https:\/\/soydeaqui.ddns.net\/pachuca\/index.php\/producto\/unifi-access-hub-door-puede-conectar-2-lectores-y-2-camaras-no-incluidos-para-controlar-solo-una-puerta-2-terminales-aux-y-4-entradas-adicionales-sensores-y-botones-poe-802-3bt-no-incluido\/","title":{"rendered":"UniFi Access Hub Door, puede conectar 2 lectores y 2 c\u00e1maras (no incluidos) para controlar solo una puerta \/ 2 terminales AUX y 4 entradas adicionales (sensores y botones) POE 802.3bt no incluido"},"content":{"rendered":"<div style='width: 100%; max-width: 1200px; margin: 0 auto; font-family: sans-serif; line-height: 1.6; color: inherit; background-color: transparent;'> <!-- Imagen principal y caracter\u00edsticas --> <\/p>\n<div style='display: flex; flex-wrap: wrap; gap: 30px; margin-bottom: 30px;'>\n<div style='flex: 1 1 300px; min-width: 280px;'> <img style='width: 100%; height: auto; border: 1px solid rgba(150&comma;150&comma;150&comma;0.3); border-radius: 8px;' src='https:\/\/ftp3.syscom.mx\/usuarios\/fotos\/UAHUBDOOR\/235441-ua-hub-door-1.png' alt=''> <\/div>\n<div style='flex: 2 1 400px; min-width: 300px;'>\n<h3 style='font-size: 22px; border-bottom: 2px solid currentColor; padding-bottom: 5px; margin-top: 0; color: inherit; opacity: 0.8;'>Caracter\u00edsticas principales<\/h3>\n<ul style='padding-left: 20px; font-size: 15px; color: inherit;'>\n<li style='margin-bottom: 5px;'><strong>Conexiones:<\/strong> (2) Terminales de bloqueo (12V y seco)<\/li>\n<li style='margin-bottom: 5px;'><strong>Terminales AUX:<\/strong> (2) para sirena externa y abridor de puerta autom\u00e1tico<\/li>\n<li style='margin-bottom: 5px;'><strong>Entradas adicionales:<\/strong> (4) para sensores y botones<\/li>\n<li style='margin-bottom: 5px;'><strong>Alimentaci\u00f3n:<\/strong> PoE++ (No incluye alimentaci\u00f3n)<\/li>\n<li style='margin-bottom: 5px;'><strong>Compatibilidad:<\/strong> 2 lectores UniFi Access y 2 c\u00e1maras UniFi Protect o Chime<\/li>\n<\/ul><\/div>\n<\/p><\/div>\n<p> <!-- Im\u00e1genes adicionales --> <\/p>\n<div style='display: flex; flex-wrap: wrap; gap: 30px; margin-bottom: 30px;'>\n<div style='flex: 1 1 400px; min-width: 300px;'> <img style='width: 100%; height: auto; border: 1px solid rgba(150&comma;150&comma;150&comma;0.3); border-radius: 8px;' src='https:\/\/ftp3.syscom.mx\/usuarios\/fotos\/UAHUBDOOR\/235441-uahubdoorgif.gif' alt=''> <\/div>\n<div style='flex: 1 1 400px; min-width: 300px;'> <img style='width: 100%; height: auto; border: 1px solid rgba(150&comma;150&comma;150&comma;0.3); border-radius: 8px;' src='https:\/\/ftp3.syscom.mx\/usuarios\/fotos\/UAHUBDOOR\/235441-uahub_puertos.png' alt=''> <\/div>\n<\/p><\/div>\n<p> <!-- Imagen de topolog\u00eda --> <\/p>\n<div style='margin-bottom: 30px;'> <img style='width: 100%; height: auto; border: 1px solid rgba(150&comma;150&comma;150&comma;0.3); border-radius: 8px;' src='https:\/\/ftp3.syscom.mx\/usuarios\/fotos\/UAHUBDOOR\/235441-uahubdoor_topologia.png' alt=''> <\/div>\n<p> <!-- Especificaciones --> <\/p>\n<div style='display: flex; flex-wrap: wrap; gap: 20px; margin-bottom: 30px;'>\n<div style='flex: 1 1 300px; border: 1px solid rgba(150&comma; 150&comma; 150&comma; 0.4); border-radius: 8px; overflow: hidden;'>\n<div style='padding: 15px; border-bottom: 1px solid rgba(150&comma; 150&comma; 150&comma; 0.2); font-weight: bold; font-size: 18px; color: inherit;'>Mec\u00e1nico<\/div>\n<div style='padding: 15px; color: inherit;'>\n<ul style='padding-left: 20px; margin: 0; font-size: 14px; list-style-type: disc;'>\n<li style='margin-bottom: 5px;'><strong>Dimensiones:<\/strong> 174.9 x 126 x 32.9 mm (6.9 x 5 x 1.3&#8242;)<\/li>\n<li style='margin-bottom: 5px;'><strong>Peso:<\/strong> 363 gramos (12.8 onzas)<\/li>\n<li style='margin-bottom: 5px;'><strong>Material de la carcasa:<\/strong> Policarbonato<\/li>\n<li style='margin-bottom: 5px;'><strong>Material de montaje:<\/strong> Policarbonato<\/li>\n<\/ul><\/div>\n<\/p><\/div>\n<div style='flex: 1 1 300px; border: 1px solid rgba(150&comma; 150&comma; 150&comma; 0.4); border-radius: 8px; overflow: hidden;'>\n<div style='padding: 15px; border-bottom: 1px solid rgba(150&comma; 150&comma; 150&comma; 0.2); font-weight: bold; font-size: 18px; color: inherit;'>Hardware<\/div>\n<div style='padding: 15px; color: inherit;'>\n<ul style='padding-left: 20px; margin: 0; font-size: 14px; list-style-type: disc;'>\n<li style='margin-bottom: 5px;'><strong>Interfaz de red:<\/strong> (5) 10\/100\/1000 Base-T<\/li>\n<li style='margin-bottom: 5px;'><strong>M\u00e9todo de alimentaci\u00f3n:<\/strong> Fuente de alimentaci\u00f3n PoE++ (NO incluida)<\/li>\n<li style='margin-bottom: 5px;'><strong>Consumo m\u00e1ximo:<\/strong> 30W sin salida PoE \/ 50W con salida PoE<\/li>\n<li style='margin-bottom: 5px;'><strong>Entrada PoE:<\/strong> 50V CC&comma; 1A<\/li>\n<li style='margin-bottom: 5px;'><strong>Salida PoE:<\/strong> Paso a trav\u00e9s de PoE&comma; (4) PoE&comma; 50V CC&comma; total 20W<\/li>\n<\/ul><\/div>\n<\/p><\/div>\n<div style='flex: 1 1 300px; border: 1px solid rgba(150&comma; 150&comma; 150&comma; 0.4); border-radius: 8px; overflow: hidden;'>\n<div style='padding: 15px; border-bottom: 1px solid rgba(150&comma; 150&comma; 150&comma; 0.2); font-weight: bold; font-size: 18px; color: inherit;'>Detalles t\u00e9cnicos<\/div>\n<div style='padding: 15px; color: inherit;'>\n<ul style='padding-left: 20px; margin: 0; font-size: 14px; list-style-type: disc;'>\n<li style='margin-bottom: 5px;'><strong>LED:<\/strong> Blanco\/Azul<\/li>\n<li style='margin-bottom: 5px;'><strong>Bot\u00f3n:<\/strong> Restablecimiento de f\u00e1brica<\/li>\n<li style='margin-bottom: 5px;'><strong>Entrada digital:<\/strong> Solicitud de salida\/solicitud de entrada\/liberaci\u00f3n remota\/sensor de posici\u00f3n de puerta<\/li>\n<li style='margin-bottom: 5px;'><strong>Rel\u00e9 de salida seca:<\/strong> Bloqueo: 30V CC&comma; 1A \/ Auxiliar: 30V CC&comma; 1A<\/li>\n<li style='margin-bottom: 5px;'><strong>Rel\u00e9 de salida alimentado:<\/strong> Bloqueo: 12V CC&comma; 1A \/ Auxiliar: 12V CC&comma; 0.33A<\/li>\n<li style='margin-bottom: 5px;'><strong>Entorno operativo:<\/strong> Uso en interiores \u00fanicamente<\/li>\n<li style='margin-bottom: 5px;'><strong>Temperatura operaci\u00f3n:<\/strong> 0 a 40\u00b0C (32 a 104\u00b0F)<\/li>\n<li style='margin-bottom: 5px;'><strong>Humedad operaci\u00f3n:<\/strong> 5 a 95% sin condensaci\u00f3n<\/li>\n<li style='margin-bottom: 5px;'><strong>Nivel UL 294:<\/strong> Ataque destructivo: Nivel I \/ Seguridad de l\u00ednea: Nivel I \/ Resistencia: Nivel I \/ Energ\u00eda en espera: Nivel I<\/li>\n<\/ul><\/div>\n<\/p><\/div>\n<\/p><\/div>\n<p> <!-- Contenido del paquete --> <\/p>\n<div style='margin-bottom: 30px;'>\n<h3 style='font-size: 22px; border-bottom: 2px solid currentColor; padding-bottom: 5px; margin-top: 0; color: inherit; opacity: 0.8;'>Contenido del paquete<\/h3>\n<div style='margin-top: 15px;'> <img style='width: 100%; height: auto; border: 1px solid rgba(150&comma;150&comma;150&comma;0.3); border-radius: 8px;' src='https:\/\/ftp3.syscom.mx\/usuarios\/fotos\/UAHUBDOOR\/235441-uahubdoor_contenido.png' alt=''> <\/div>\n<\/p><\/div>\n<p> <!-- Funciona con UniFi Access --> <\/p>\n<div style='display: flex; flex-wrap: wrap; gap: 30px; margin-bottom: 30px;'>\n<div style='flex: 1 1 300px; min-width: 280px;'> <img style='width: 100%; height: auto; border: 1px solid rgba(150&comma;150&comma;150&comma;0.3); border-radius: 8px;' src='https:\/\/ftp3.syscom.mx\/usuarios\/fotos\/UASK\/195002-access_gui.jpg' alt=''> <\/div>\n<div style='flex: 2 1 400px; min-width: 300px;'>\n<h3 style='font-size: 22px; border-bottom: 2px solid currentColor; padding-bottom: 5px; margin-top: 0; color: inherit; opacity: 0.8;'>Funciona con la aplicaci\u00f3n UniFi Access<\/h3>\n<ul style='padding-left: 20px; margin-top: 15px; font-size: 15px; color: inherit;'>\n<li style='margin-bottom: 5px;'>Administre de forma centralizada sus dispositivos de acceso con una interfaz intuitiva<\/li>\n<li style='margin-bottom: 5px;'>Establezca pol\u00edticas y horarios de acceso espec\u00edficos de puertas por piso y usuario<\/li>\n<li style='margin-bottom: 5px;'>Cree usuarios&comma; establezca sus roles y asigne tarjetas NFC<\/li>\n<li style='margin-bottom: 5px;'>Revise las entradas&comma; salidas y denegaciones con un registro de eventos detallado<\/li>\n<li style='margin-bottom: 5px;'>Configure dispositivos r\u00e1pidamente y admin\u00edstrelos sobre la marcha con una potente aplicaci\u00f3n m\u00f3vil<\/li>\n<\/ul><\/div>\n<\/p><\/div>\n<p> <!-- Separador --> <\/p>\n<hr style='border: 0; border-top: 1px solid rgba(150&comma; 150&comma; 150&comma; 0.3); margin: 30px 0;'> <\/div>\n","protected":false},"excerpt":{"rendered":"<p>UniFi Access Hub Door, puede conectar 2 lectores y 2 c\u00e1maras (no incluidos) para controlar solo una puerta \/ 2 terminales AUX y 4 entradas adicionales (sensores y botones) POE 802.3bt no incluido<\/p>\n","protected":false},"featured_media":20695,"comment_status":"open","ping_status":"closed","template":"","meta":[],"product_brand":[],"product_cat":[788],"product_tag":[789,166,557],"class_list":{"0":"post-20696","1":"product","2":"type-product","3":"status-publish","4":"has-post-thumbnail","6":"product_cat-intercomunicadores","7":"product_tag-intercomunicadores","8":"product_tag-ubiquiti","9":"product_tag-videoporteros-e-interfonos","11":"first","12":"outofstock","13":"sale","14":"shipping-taxable","15":"purchasable","16":"product-type-simple"},"_links":{"self":[{"href":"https:\/\/soydeaqui.ddns.net\/pachuca\/index.php\/wp-json\/wp\/v2\/product\/20696","targetHints":{"allow":["GET"]}}],"collection":[{"href":"https:\/\/soydeaqui.ddns.net\/pachuca\/index.php\/wp-json\/wp\/v2\/product"}],"about":[{"href":"https:\/\/soydeaqui.ddns.net\/pachuca\/index.php\/wp-json\/wp\/v2\/types\/product"}],"replies":[{"embeddable":true,"href":"https:\/\/soydeaqui.ddns.net\/pachuca\/index.php\/wp-json\/wp\/v2\/comments?post=20696"}],"wp:featuredmedia":[{"embeddable":true,"href":"https:\/\/soydeaqui.ddns.net\/pachuca\/index.php\/wp-json\/wp\/v2\/media\/20695"}],"wp:attachment":[{"href":"https:\/\/soydeaqui.ddns.net\/pachuca\/index.php\/wp-json\/wp\/v2\/media?parent=20696"}],"wp:term":[{"taxonomy":"product_brand","embeddable":true,"href":"https:\/\/soydeaqui.ddns.net\/pachuca\/index.php\/wp-json\/wp\/v2\/product_brand?post=20696"},{"taxonomy":"product_cat","embeddable":true,"href":"https:\/\/soydeaqui.ddns.net\/pachuca\/index.php\/wp-json\/wp\/v2\/product_cat?post=20696"},{"taxonomy":"product_tag","embeddable":true,"href":"https:\/\/soydeaqui.ddns.net\/pachuca\/index.php\/wp-json\/wp\/v2\/product_tag?post=20696"}],"curies":[{"name":"wp","href":"https:\/\/api.w.org\/{rel}","templated":true}]}}