{"id":20621,"date":"2026-03-18T10:24:17","date_gmt":"2026-03-18T10:24:17","guid":{"rendered":"https:\/\/soydeaqui.ddns.net\/pachuca\/index.php\/producto\/bobina-de-305-metros-1000-pies-de-cable-6-x-22-awg-blindado-plenum-de-color-gris-aplicaciones-de-audio-seguridad-y-control\/"},"modified":"2026-03-18T10:24:18","modified_gmt":"2026-03-18T10:24:18","slug":"bobina-de-305-metros-1000-pies-de-cable-6-x-22-awg-blindado-plenum-de-color-gris-aplicaciones-de-audio-seguridad-y-control","status":"publish","type":"product","link":"https:\/\/soydeaqui.ddns.net\/pachuca\/index.php\/producto\/bobina-de-305-metros-1000-pies-de-cable-6-x-22-awg-blindado-plenum-de-color-gris-aplicaciones-de-audio-seguridad-y-control\/","title":{"rendered":"Bobina de 305 Metros (1000 Pies) de Cable  6 x 22 AWG \/ Blindado \/ Plenum de Color Gris \/ Aplicaciones de Audio, Seguridad y Control"},"content":{"rendered":"<div style='width: 100%; max-width: 1200px; margin: 0 auto; font-family: sans-serif; line-height: 1.6; color: inherit; background-color: transparent;'>\n<p style='font-size: 18px; font-weight: bold; color: inherit; margin: 20px 0;'><strong>Cables Premium de Seguridad&comma; Audio y Control.<\/strong><\/p>\n<div style='display: flex; flex-wrap: wrap; gap: 30px; margin-bottom: 30px;'>\n<div style='flex: 1 1 300px; min-width: 280px;'>\n<div style='border-left: 5px solid #F52207; border-radius: 5px; padding: 15px; background-color: rgba(245&comma; 34&comma; 7&comma; 0.05);'>\n<h3 style='font-size: 16px; font-weight: bold; margin-top: 0; margin-bottom: 15px; color: inherit;'>Caracter\u00edsticas<\/h3>\n<ul style='padding-left: 20px; font-size: 14px; color: inherit; list-style-type: disc;'>\n<li style='margin-bottom: 8px;'>Cable para aplicaciones de Seguridad&comma; Audio y Control.<\/li>\n<\/ul><\/div>\n<\/p><\/div>\n<div style='flex: 1 1 300px; min-width: 280px;'>\n<div style='border-left: 5px solid #F52207; border-radius: 5px; padding: 15px; background-color: rgba(245&comma; 34&comma; 7&comma; 0.05);'>\n<h3 style='font-size: 16px; font-weight: bold; margin-top: 0; margin-bottom: 15px; color: inherit;'>Caracter\u00edsticas f\u00edsicas y el\u00e9ctricas<\/h3>\n<ul style='padding-left: 20px; font-size: 14px; color: inherit; list-style-type: disc;'>\n<li style='margin-bottom: 8px;'><strong>Tipo:<\/strong> 6 Conductores; BLINDADO ; PLENUM<\/li>\n<li style='margin-bottom: 8px;'><strong>Conductor:<\/strong> 22 AWG<\/li>\n<li style='margin-bottom: 8px;'><strong>Aplicaci\u00f3n uso<\/strong> INTERIOR<\/li>\n<li style='margin-bottom: 8px;'><strong>Blindaje:<\/strong> L\u00e1mina de aluminio\/Mylar con drenaje de cobre esta\u00f1ado de 24 AWG<\/li>\n<li style='margin-bottom: 8px;'><strong>Di\u00e1metro Exterior:<\/strong> 4.11 mm<\/li>\n<li style='margin-bottom: 8px;'><strong>Color interior:<\/strong> Negro&comma; Rojo&comma; Blanco&comma; Verde&comma; Caf\u00e9 y Azul.<\/li>\n<li style='margin-bottom: 8px;'><strong>Color exterior:<\/strong> Gris.<\/li>\n<li style='margin-bottom: 8px;'><strong>Temperatura de operaci\u00f3n:<\/strong> -20\u00b0C a 75\u00b0C<\/li>\n<\/ul><\/div>\n<\/p><\/div>\n<div style='flex: 1 1 300px; min-width: 280px;'>\n<div style='border-left: 5px solid #F52207; border-radius: 5px; padding: 15px; background-color: rgba(245&comma; 34&comma; 7&comma; 0.05);'>\n<h3 style='font-size: 16px; font-weight: bold; margin-top: 0; margin-bottom: 15px; color: inherit;'>Est\u00e1ndares<\/h3>\n<ul style='padding-left: 20px; font-size: 14px; color: inherit; list-style-type: disc;'>\n<li style='margin-bottom: 8px;'>Clasificaci\u00f3n CMP\/CL3P&comma; FPLP&comma; FT6<\/li>\n<li style='margin-bottom: 8px;'>Listado ETL<\/li>\n<\/ul><\/div>\n<\/p><\/div>\n<\/p><\/div>\n<p style='font-size: 14px; font-weight: bold; color: inherit; margin: 20px 0;'><strong><span style='line-height: 1.4;'>* Precio por bobina de 305 metros.<\/span><\/strong><\/p>\n<\/p><\/div>\n","protected":false},"excerpt":{"rendered":"<p>Bobina de 305 Metros (1000 Pies) de Cable  6 x 22 AWG \/ Blindado \/ Plenum de Color Gris \/ Aplicaciones de Audio, Seguridad y Control<\/p>\n","protected":false},"featured_media":20620,"comment_status":"open","ping_status":"closed","template":"","meta":[],"product_brand":[],"product_cat":[837],"product_tag":[93,838,139],"class_list":{"0":"post-20621","1":"product","2":"type-product","3":"status-publish","4":"has-post-thumbnail","6":"product_cat-cables-para-control-de-acceso","7":"product_tag-accesorios","8":"product_tag-cables-para-control-de-acceso","9":"product_tag-genesis","11":"first","12":"instock","13":"sale","14":"shipping-taxable","15":"purchasable","16":"product-type-simple"},"_links":{"self":[{"href":"https:\/\/soydeaqui.ddns.net\/pachuca\/index.php\/wp-json\/wp\/v2\/product\/20621","targetHints":{"allow":["GET"]}}],"collection":[{"href":"https:\/\/soydeaqui.ddns.net\/pachuca\/index.php\/wp-json\/wp\/v2\/product"}],"about":[{"href":"https:\/\/soydeaqui.ddns.net\/pachuca\/index.php\/wp-json\/wp\/v2\/types\/product"}],"replies":[{"embeddable":true,"href":"https:\/\/soydeaqui.ddns.net\/pachuca\/index.php\/wp-json\/wp\/v2\/comments?post=20621"}],"wp:featuredmedia":[{"embeddable":true,"href":"https:\/\/soydeaqui.ddns.net\/pachuca\/index.php\/wp-json\/wp\/v2\/media\/20620"}],"wp:attachment":[{"href":"https:\/\/soydeaqui.ddns.net\/pachuca\/index.php\/wp-json\/wp\/v2\/media?parent=20621"}],"wp:term":[{"taxonomy":"product_brand","embeddable":true,"href":"https:\/\/soydeaqui.ddns.net\/pachuca\/index.php\/wp-json\/wp\/v2\/product_brand?post=20621"},{"taxonomy":"product_cat","embeddable":true,"href":"https:\/\/soydeaqui.ddns.net\/pachuca\/index.php\/wp-json\/wp\/v2\/product_cat?post=20621"},{"taxonomy":"product_tag","embeddable":true,"href":"https:\/\/soydeaqui.ddns.net\/pachuca\/index.php\/wp-json\/wp\/v2\/product_tag?post=20621"}],"curies":[{"name":"wp","href":"https:\/\/api.w.org\/{rel}","templated":true}]}}