{"id":20597,"date":"2026-03-18T10:23:53","date_gmt":"2026-03-18T10:23:53","guid":{"rendered":"https:\/\/soydeaqui.ddns.net\/pachuca\/index.php\/producto\/teclado-exterior-wifi-antivandalico-ip65-ik08-administrable-en-la-nube-alta-y-baja-de-passwords-remotamente-con-horarios-acceso-por-pin-tarjeta-mifare-huella-y-tarjeta-virtual-bluetooth\/"},"modified":"2026-03-18T10:23:56","modified_gmt":"2026-03-18T10:23:56","slug":"teclado-exterior-wifi-antivandalico-ip65-ik08-administrable-en-la-nube-alta-y-baja-de-passwords-remotamente-con-horarios-acceso-por-pin-tarjeta-mifare-huella-y-tarjeta-virtual-bluetooth","status":"publish","type":"product","link":"https:\/\/soydeaqui.ddns.net\/pachuca\/index.php\/producto\/teclado-exterior-wifi-antivandalico-ip65-ik08-administrable-en-la-nube-alta-y-baja-de-passwords-remotamente-con-horarios-acceso-por-pin-tarjeta-mifare-huella-y-tarjeta-virtual-bluetooth\/","title":{"rendered":"Teclado Exterior WiFi Antivand\u00e1lico IP65 &#038; IK08 \/ Administrable en la Nube \/ Alta y Baja de Passwords Remotamente con Horarios \/ Acceso por PIN, Tarjeta MIFARE, Huella y Tarjeta Virtual Bluetooth"},"content":{"rendered":"<div style='width: 100%; max-width: 1200px; margin: 0 auto; font-family: sans-serif; line-height: 1.6; color: inherit; background-color: transparent;'> <!-- Banner HikConnect --> <\/p>\n<div style='display: flex; flex-wrap: wrap; gap: 30px; margin-bottom: 30px;'>\n<div style='flex: 1 1 300px; min-width: 280px;'> <img style='width: 100%; height: auto; border: 1px solid rgba(150&comma;150&comma;150&comma;0.3); border-radius: 8px;' src='https:\/\/ftp3.syscom.mx\/usuarios\/fespinoza\/HIKVISION\/banner_hikconnect_6.png' alt='Banner HikConnect'> <\/div>\n<div style='flex: 1 1 300px; min-width: 280px;'>\n<h2 style='font-size: 22px; border-bottom: 2px solid currentColor; padding-bottom: 5px; margin-top: 0; color: inherit; opacity: 0.8;'>\u00bfNecesita Administraci\u00f3n en la Nube? Use HikConnect Teams<\/h2>\n<p style='color: inherit;'><em>* Gratis para 10 Puertas y 100 personas&comma; a partir de ah\u00ed se requiere HCTACCESO1P.<\/em><\/p>\n<p style='color: inherit;'>HikConnect Teams es una plataforma <strong>SaaS<\/strong> para la gesti\u00f3n unificada en la nube de la seguridad con mayor rentabilidad&comma; f\u00e1cil de implementar&comma; altamente escalable en todos sus niveles y extremadamente seguro.<\/p>\n<p style='color: inherit;'><em><strong>*SaaS<\/strong> &#8211; Software as a Service \/ Software como servicio.<\/em><\/p>\n<ul style='padding-left: 20px; font-size: 15px; color: inherit;'>\n<li style='margin-bottom: 5px;'><em>Administraci\u00f3n de usuarios y roles<\/em><\/li>\n<li style='margin-bottom: 5px;'><em>Administraci\u00f3n de recursos y \u00e1reas<\/em><\/li>\n<li style='margin-bottom: 5px;'><em>Administraci\u00f3n de alarmas<\/em><\/li>\n<li style='margin-bottom: 5px;'><em>Administraci\u00f3n y monitoreo de video<\/em><\/li>\n<li style='margin-bottom: 5px;'><em>Administraci\u00f3n de control de acceso e intercom<\/em><\/li>\n<li style='margin-bottom: 5px;'><em>Administraci\u00f3n y monitoreo de veh\u00edculos<\/em><\/li>\n<\/ul><\/div>\n<\/p><\/div>\n<p> <!-- Secci\u00f3n de caracter\u00edsticas --> <\/p>\n<div style='display: flex; flex-wrap: wrap; gap: 20px; margin-bottom: 30px;'>\n<div style='flex: 1 1 250px; border: 1px solid rgba(150&comma; 150&comma; 150&comma; 0.4); border-radius: 8px; overflow: hidden; display: flex; flex-direction: column;'>\n<div style='padding: 15px; border-bottom: 1px solid rgba(150&comma; 150&comma; 150&comma; 0.2); font-weight: bold; font-size: 18px; color: inherit;'>Caracter\u00edsticas Principales<\/div>\n<div style='padding: 15px; color: inherit;'>\n<ul style='padding-left: 20px; margin: 0; font-size: 14px; list-style-type: disc;'>\n<li style='margin-bottom: 5px;'>Soporta 3&comma;000 Usuarios.<\/li>\n<li style='margin-bottom: 5px;'>Soporta 10&comma;000 Tarjetas.<\/li>\n<li style='margin-bottom: 5px;'>Soporta 3&comma;000 Huellas.<\/li>\n<li style='margin-bottom: 5px;'>Capacidad de 100&comma;000 eventos.<\/li>\n<li style='margin-bottom: 5px;'>Lector de tarjetas MIFARE a 13.56 Mhz<\/li>\n<li style='margin-bottom: 5px;'>Apertura por Contrase\u00f1a\/Tarjeta.<\/li>\n<li style='margin-bottom: 5px;'>Verificaci\u00f3n combinable Contrase\u00f1a + Tarjeta.<\/li>\n<li style='margin-bottom: 5px;'>Acceso por horarios.<\/li>\n<li style='margin-bottom: 5px;'>ISUP5.0<\/li>\n<li style='margin-bottom: 5px;'>Interfaz Web para programaci\u00f3n local con PC o Smartphone.<\/li>\n<li style='margin-bottom: 5px;'>Compatible con HikConnect Teams.<\/li>\n<li style='margin-bottom: 5px;'>Compatible con IVMS4200.<\/li>\n<\/ul><\/div>\n<\/p><\/div>\n<div style='flex: 1 1 250px; border: 1px solid rgba(150&comma; 150&comma; 150&comma; 0.4); border-radius: 8px; overflow: hidden; display: flex; flex-direction: column;'>\n<div style='padding: 15px; border-bottom: 1px solid rgba(150&comma; 150&comma; 150&comma; 0.2); font-weight: bold; font-size: 18px; color: inherit;'>Caracter\u00edsticas F\u00edsicas y El\u00e9ctricas<\/div>\n<div style='padding: 15px; color: inherit;'>\n<ul style='padding-left: 20px; margin: 0; font-size: 14px; list-style-type: disc;'>\n<li style='margin-bottom: 5px;'>Alimentaci\u00f3n 12 Vcd<\/li>\n<li style='margin-bottom: 5px;'>Dimensiones: 57.7 x 177 x 34.6 mm.<\/li>\n<li style='margin-bottom: 5px;'>1x TCP\/IP Cableado.<\/li>\n<li style='margin-bottom: 5px;'>1x Conexi\u00f3n RS485.<\/li>\n<li style='margin-bottom: 5px;'>1x Conexi\u00f3n Wiegand.<\/li>\n<li style='margin-bottom: 5px;'>1x Salida de relevador para cerradura.<\/li>\n<li style='margin-bottom: 5px;'>Fabricado con materiales en aleaci\u00f3n de aluminio.<\/li>\n<li style='margin-bottom: 5px; color: #c0392b;'><strong>Conexi\u00f3n WiFi<\/strong><\/li>\n<\/ul><\/div>\n<\/p><\/div>\n<div style='flex: 1 1 250px; border: 1px solid rgba(150&comma; 150&comma; 150&comma; 0.4); border-radius: 8px; overflow: hidden; display: flex; flex-direction: column;'>\n<div style='padding: 15px; border-bottom: 1px solid rgba(150&comma; 150&comma; 150&comma; 0.2); font-weight: bold; font-size: 18px; color: inherit;'>Caracter\u00edsticas Destacadas<\/div>\n<div style='padding: 15px; color: inherit;'>\n<ul style='padding-left: 20px; margin: 0; font-size: 14px; list-style-type: disc;'>\n<li style='margin-bottom: 5px;'>Alta de contrase\u00f1as remotamente con HikConnect Teams.<\/li>\n<li style='margin-bottom: 5px; color: #c0392b;'><strong>Modo Access Point:<\/strong> Para configurar por navegador (PC o Smartphone) sin necesidad de conectar a red externa<\/li>\n<li style='margin-bottom: 5px; color: #c0392b;'><strong>Funci\u00f3n de Bluetooth:<\/strong> Para acceso con tarjeta virtual (Smartphone). Requiere HikConnect Teams.<\/li>\n<\/ul><\/div>\n<\/p><\/div>\n<\/p><\/div>\n<p> <!-- Separador --> <\/p>\n<hr style='border: 0; border-top: 1px solid rgba(150&comma; 150&comma; 150&comma; 0.3); margin: 30px 0;'> <!-- T\u00edtulo videos --> <\/p>\n<h2 style='text-align: center; font-size: 22px; color: inherit; margin: 30px 0;'>VIDEOS DEMOSTRATIVOS<\/h2>\n<p> <!-- Videos --> <\/p>\n<div style='display: flex; flex-wrap: wrap; gap: 20px; margin-bottom: 30px;'>\n<div style='flex: 1 1 300px; min-width: 280px;'>\n<div style='position: relative; padding-bottom: 56.25%; height: 0; overflow: hidden; margin-bottom: 30px;'>   <\/div>\n<\/p><\/div>\n<div style='flex: 1 1 300px; min-width: 280px;'>\n<div style='position: relative; padding-bottom: 56.25%; height: 0; overflow: hidden; margin-bottom: 30px;'>   <\/div>\n<\/p><\/div>\n<\/p><\/div>\n<p> <!-- M\u00e1s videos --> <\/p>\n<div style='display: flex; flex-wrap: wrap; gap: 20px; margin-bottom: 30px;'>\n<div style='flex: 1 1 300px; min-width: 280px;'>\n<div style='position: relative; padding-bottom: 56.25%; height: 0; overflow: hidden; margin-bottom: 30px;'>   <\/div>\n<\/p><\/div>\n<div style='flex: 1 1 300px; min-width: 280px;'>\n<div style='position: relative; padding-bottom: 56.25%; height: 0; overflow: hidden; margin-bottom: 30px;'>   <\/div>\n<\/p><\/div>\n<\/p><\/div>\n<p> <!-- Separador --> <\/p>\n<hr style='border: 0; border-top: 1px solid rgba(150&comma; 150&comma; 150&comma; 0.3); margin: 30px 0;'> <!-- Im\u00e1genes de interfaz web --> <\/p>\n<div style='display: flex; flex-wrap: wrap; gap: 20px; margin-bottom: 30px;'>\n<div style='flex: 1 1 300px; min-width: 280px;'>\n<div style='border: 1px solid rgba(150&comma;150&comma;150&comma;0.3); border-radius: 8px; overflow: hidden;'>\n<div style='padding: 15px; border-bottom: 1px solid rgba(150&comma; 150&comma; 150&comma; 0.2); font-weight: bold; font-size: 18px; color: #c0392b;'>INTERFAZ WEB<\/div>\n<p> <img style='width: 100%; height: auto; border: 1px solid rgba(150&comma;150&comma;150&comma;0.3); border-radius: 8px;' src='https:\/\/ftp3.syscom.mx\/usuarios\/fespinoza\/HIKVISION\/Dispositivos\/Biometricos\/DSK1T502DBFWXC\/1.jpg' alt='Interfaz Web 1'> <\/div>\n<\/p><\/div>\n<div style='flex: 1 1 300px; min-width: 280px;'>\n<div style='border: 1px solid rgba(150&comma;150&comma;150&comma;0.3); border-radius: 8px; overflow: hidden;'>\n<div style='padding: 15px; border-bottom: 1px solid rgba(150&comma; 150&comma; 150&comma; 0.2); font-weight: bold; font-size: 18px; color: #c0392b;'>INTERFAZ WEB<\/div>\n<p> <img style='width: 100%; height: auto; border: 1px solid rgba(150&comma;150&comma;150&comma;0.3); border-radius: 8px;' src='https:\/\/ftp3.syscom.mx\/usuarios\/fespinoza\/HIKVISION\/Dispositivos\/Biometricos\/DSK1T502DBFWXC\/2.jpg' alt='Interfaz Web 2'> <\/div>\n<\/p><\/div>\n<div style='flex: 1 1 300px; min-width: 280px;'>\n<div style='border: 1px solid rgba(150&comma;150&comma;150&comma;0.3); border-radius: 8px; overflow: hidden;'>\n<div style='padding: 15px; border-bottom: 1px solid rgba(150&comma; 150&comma; 150&comma; 0.2); font-weight: bold; font-size: 18px; color: #c0392b;'>INTERFAZ WEB<\/div>\n<p> <img style='width: 100%; height: auto; border: 1px solid rgba(150&comma;150&comma;150&comma;0.3); border-radius: 8px;' src='https:\/\/ftp3.syscom.mx\/usuarios\/fespinoza\/HIKVISION\/Dispositivos\/Biometricos\/DSK1T502DBFWXC\/3.jpg' alt='Interfaz Web 3'> <\/div>\n<\/p><\/div>\n<div style='flex: 1 1 300px; min-width: 280px;'>\n<div style='border: 1px solid rgba(150&comma;150&comma;150&comma;0.3); border-radius: 8px; overflow: hidden;'>\n<div style='padding: 15px; border-bottom: 1px solid rgba(150&comma; 150&comma; 150&comma; 0.2); font-weight: bold; font-size: 18px; color: #c0392b;'>INTERFAZ WEB<\/div>\n<p> <img style='width: 100%; height: auto; border: 1px solid rgba(150&comma;150&comma;150&comma;0.3); border-radius: 8px;' src='https:\/\/ftp3.syscom.mx\/usuarios\/fespinoza\/HIKVISION\/Dispositivos\/Biometricos\/DSK1T502DBFWXC\/4.jpg' alt='Interfaz Web 4'> <\/div>\n<\/p><\/div>\n<\/p><\/div>\n<\/p><\/div>\n","protected":false},"excerpt":{"rendered":"<p>Teclado Exterior WiFi Antivand\u00e1lico IP65 &#038; IK08 \/ Administrable en la Nube \/ Alta y Baja de Passwords Remotamente con Horarios \/ Acceso por PIN, Tarjeta MIFARE, Huella y Tarjeta Virtual Bluetooth<\/p>\n","protected":false},"featured_media":20596,"comment_status":"open","ping_status":"closed","template":"","meta":[],"product_brand":[],"product_cat":[835],"product_tag":[54,836,62],"class_list":{"0":"post-20597","1":"product","2":"type-product","3":"status-publish","4":"has-post-thumbnail","6":"product_cat-todos-teclados-autonomos","7":"product_tag-hikvision","8":"product_tag-teclados-autonomos","9":"product_tag-todos","11":"first","12":"instock","13":"sale","14":"shipping-taxable","15":"purchasable","16":"product-type-simple"},"_links":{"self":[{"href":"https:\/\/soydeaqui.ddns.net\/pachuca\/index.php\/wp-json\/wp\/v2\/product\/20597","targetHints":{"allow":["GET"]}}],"collection":[{"href":"https:\/\/soydeaqui.ddns.net\/pachuca\/index.php\/wp-json\/wp\/v2\/product"}],"about":[{"href":"https:\/\/soydeaqui.ddns.net\/pachuca\/index.php\/wp-json\/wp\/v2\/types\/product"}],"replies":[{"embeddable":true,"href":"https:\/\/soydeaqui.ddns.net\/pachuca\/index.php\/wp-json\/wp\/v2\/comments?post=20597"}],"wp:featuredmedia":[{"embeddable":true,"href":"https:\/\/soydeaqui.ddns.net\/pachuca\/index.php\/wp-json\/wp\/v2\/media\/20596"}],"wp:attachment":[{"href":"https:\/\/soydeaqui.ddns.net\/pachuca\/index.php\/wp-json\/wp\/v2\/media?parent=20597"}],"wp:term":[{"taxonomy":"product_brand","embeddable":true,"href":"https:\/\/soydeaqui.ddns.net\/pachuca\/index.php\/wp-json\/wp\/v2\/product_brand?post=20597"},{"taxonomy":"product_cat","embeddable":true,"href":"https:\/\/soydeaqui.ddns.net\/pachuca\/index.php\/wp-json\/wp\/v2\/product_cat?post=20597"},{"taxonomy":"product_tag","embeddable":true,"href":"https:\/\/soydeaqui.ddns.net\/pachuca\/index.php\/wp-json\/wp\/v2\/product_tag?post=20597"}],"curies":[{"name":"wp","href":"https:\/\/api.w.org\/{rel}","templated":true}]}}