{"id":20584,"date":"2026-03-18T10:23:42","date_gmt":"2026-03-18T10:23:42","guid":{"rendered":"https:\/\/soydeaqui.ddns.net\/pachuca\/index.php\/producto\/terminal-facial-min-moe-wifi-con-pantalla-de-7-y-lector-de-huellas-codigos-qr-y-bluetooth-exterior-ip65-10000-rostros-y-50000-tarjetas-soporta-modulo-lector-de-huella-qr-y-bluetooth-hik\/"},"modified":"2026-03-18T10:23:42","modified_gmt":"2026-03-18T10:23:42","slug":"terminal-facial-min-moe-wifi-con-pantalla-de-7-y-lector-de-huellas-codigos-qr-y-bluetooth-exterior-ip65-10000-rostros-y-50000-tarjetas-soporta-modulo-lector-de-huella-qr-y-bluetooth-hik","status":"publish","type":"product","link":"https:\/\/soydeaqui.ddns.net\/pachuca\/index.php\/producto\/terminal-facial-min-moe-wifi-con-pantalla-de-7-y-lector-de-huellas-codigos-qr-y-bluetooth-exterior-ip65-10000-rostros-y-50000-tarjetas-soporta-modulo-lector-de-huella-qr-y-bluetooth-hik\/","title":{"rendered":"Terminal Facial Min Moe WiFi con pantalla de 7&#8243; y Lector de Huellas, C\u00f3digos QR y Bluetooth \/  Exterior IP65 \/ 10,000 rostros y 50,000 tarjetas \/ Soporta m\u00f3dulo lector de Huella, QR y Bluetooth \/ HIK-IA"},"content":{"rendered":"<div style='width: 100%; max-width: 1200px; margin: 0 auto; font-family: sans-serif; line-height: 1.6; color: inherit; background-color: transparent;'> <!-- Secci\u00f3n principal con imagen y descripci\u00f3n --> <\/p>\n<div style='display: flex; flex-wrap: wrap; gap: 30px; margin-bottom: 30px;'>\n<div style='flex: 1 1 300px; min-width: 280px;'> <img style='width: 100%; height: auto; border: 1px solid rgba(150&comma;150&comma;150&comma;0.3); border-radius: 8px;' src='https:\/\/ftp3.syscom.mx\/usuarios\/fespinoza\/HIKVISION\/banner_hikconnect_6.png' alt='Banner Hik-Connect'> <\/div>\n<div style='flex: 1 1 300px; min-width: 280px;'>\n<h2 style='font-size: 24px; color: inherit; margin-top: 0; margin-bottom: 15px;'>Administre este equipo en la Nube Aproveche <span style='color: #c0392b;'>Hik-Connect Teams<\/span><\/h2>\n<p style='margin-bottom: 10px;'><span style='color: #c0392b;'>* Gratis para 10 Dispositivos y 100 empleados. <\/span><span style='color: #000000;'>Reg\u00edstrese en<\/span> <a href='https:\/\/ius.hik-connect.com\/' style='color: #2880b9;'><strong>www.hik-connect.com<\/strong><\/a><\/p>\n<p>HikConnect Teams es una plataforma <strong>SaaS<\/strong> para la gesti\u00f3n unificada en la nube de la seguridad con mayor rentabilidad&comma; f\u00e1cil de implementar&comma; altamente escalable en todos sus niveles y extremadamente seguro.<\/p>\n<p><em><strong>*SaaS<\/strong> &#8211; Software as a Service \/ Software como servicio.<\/em><\/p>\n<ul style='padding-left: 20px; font-size: 15px; color: inherit;'>\n<li style='margin-bottom: 5px;'><em>Administraci\u00f3n de usuarios&comma; roles&comma; y sucursales.<\/em><\/li>\n<li style='margin-bottom: 5px;'><em>Sincronizaci\u00f3n autom\u00e1tica de usuarios por \u00e1reas.<\/em><\/li>\n<li style='margin-bottom: 5px;'><em>Chequeo de Asistencia por App de Smartphone con ubicaci\u00f3n GPS.<\/em><\/li>\n<li style='margin-bottom: 5px;'><em>Reportes de acceso y asistencia remotos.<\/em><\/li>\n<li style='margin-bottom: 5px;'><em>Pases temporales para visitantes generados desde App.<\/em><\/li>\n<li style='margin-bottom: 5px;'><em>Integrable con Videovigilancia&comma; Intercom&comma; Monitoreo de Veh\u00edculos etc<\/em><\/li>\n<\/ul><\/div>\n<\/p><\/div>\n<p> <!-- Secci\u00f3n de caracter\u00edsticas en 3 columnas --> <\/p>\n<div style='display: flex; flex-wrap: wrap; gap: 20px; margin-bottom: 30px;'> <!-- Caracter\u00edsticas Principales --> <\/p>\n<div style='flex: 1 1 250px; border: 1px solid rgba(150&comma; 150&comma; 150&comma; 0.4); border-radius: 8px; overflow: hidden; display: flex; flex-direction: column;'>\n<div style='padding: 15px; border-bottom: 1px solid rgba(150&comma; 150&comma; 150&comma; 0.2); font-weight: bold; font-size: 18px; color: inherit;'>Caracter\u00edsticas Principales:<\/div>\n<div style='padding: 15px; color: inherit;'>\n<ul style='padding-left: 20px; margin: 0; font-size: 14px; list-style-type: disc;'>\n<li style='margin-bottom: 5px;'>Pantalla LCD touch 7&#8242; (1024&#215;600)<\/li>\n<li style='margin-bottom: 5px;'>Doble C\u00e1mara de 2 mp&comma; con luz complementaria (IR&comma; WDR).<\/li>\n<li style='margin-bottom: 5px;'>Comunicaci\u00f3n IP (10\/100\/1000 Mbps)<\/li>\n<li style='margin-bottom: 5px;'>Distancia para reconocer rostro: 0.3 a 3 metros.<\/li>\n<li style='margin-bottom: 5px;'>M\u00faltiple autentificaci\u00f3n.<\/li>\n<li style='margin-bottom: 5px;'>Soporta hasta 10&comma;000 rostros.<\/li>\n<li style='margin-bottom: 5px;'>Soporta hasta 50&comma;000 tarjetas Mifare&comma; Fe\u00edca&comma; Desfire. <strong><u><span style='font-size: 10.5pt; line-height: 107%; font-family: 'Helvetica'&comma;sans-serif; color: #333333;'>Ver <a href='https:\/\/www.syscom.mx\/principal\/promociones\/tarjetas_mifare-7359.html?ordenar=Relevancia&#038;pag=1' style='color: #2880b9;'>aqu\u00ed.<\/a><\/span><\/u><\/strong><\/li>\n<li style='margin-bottom: 5px;'>Soporta hasta 10&comma;000 huellas con m\u00f3dulo<strong> DS-KAB673-FBQR (Incluido).<\/strong><\/li>\n<li style='margin-bottom: 5px;'>Soporta hasta 150&comma;000 eventos.<\/li>\n<li style='margin-bottom: 5px;'>Control de acceso por horarios.<\/li>\n<li style='margin-bottom: 5px;'>Audio bidireccional.<\/li>\n<li style='margin-bottom: 5px;'>Detecci\u00f3n de cubrebocas.<\/li>\n<\/ul><\/div>\n<\/p><\/div>\n<p> <!-- Caracter\u00edsticas F\u00edsicas y El\u00e9ctricas --> <\/p>\n<div style='flex: 1 1 250px; border: 1px solid rgba(150&comma; 150&comma; 150&comma; 0.4); border-radius: 8px; overflow: hidden; display: flex; flex-direction: column;'>\n<div style='padding: 15px; border-bottom: 1px solid rgba(150&comma; 150&comma; 150&comma; 0.2); font-weight: bold; font-size: 18px; color: inherit;'>Caracter\u00edsticas F\u00edsicas y El\u00e9ctricas<\/div>\n<div style='padding: 15px; color: inherit;'>\n<ul style='padding-left: 20px; margin: 0; font-size: 14px; list-style-type: disc;'>\n<li style='margin-bottom: 5px;'>Alimentaci\u00f3n: 12 Vcc a 24 Vcc @ 2A (No incluida)<\/li>\n<li style='margin-bottom: 5px;'>Temperatura de operaci\u00f3n: -30\u00b0C a 60\u00b0C.<\/li>\n<li style='margin-bottom: 5px;'>Humedad soportada: 0 a 90% (sin condensaci\u00f3n).<\/li>\n<li style='margin-bottom: 5px;'>Dimensiones (mm): 110.5 x 209.2 x 24<\/li>\n<li style='margin-bottom: 5px;'>\u00cdndice de protecci\u00f3n: IP65<\/li>\n<\/ul>\n<p style='margin: 15px 0 5px 0; font-weight: bold; color: #333333; font-family: 'Helvetica Neue'&comma; Helvetica&comma; Arial&comma; sans-serif; font-size: 14px; background-color: #ffffff;'>Interfaces:<\/p>\n<ul style='padding-left: 20px; margin: 0; font-size: 14px; list-style-type: disc;'>\n<li style='margin-bottom: 5px;'>Wiegand: 1<\/li>\n<li style='margin-bottom: 5px;'>Network: 1<\/li>\n<li style='margin-bottom: 5px;'>WiFi: 1<\/li>\n<li style='margin-bottom: 5px;'>USB (para m\u00f3dulo): 1<\/li>\n<li style='margin-bottom: 5px;'>RS-485: 1<\/li>\n<li style='margin-bottom: 5px;'>Alarma IN\/OUT: 2\/1<\/li>\n<li style='margin-bottom: 5px;'>Timbre de puerta: 1<\/li>\n<li style='margin-bottom: 5px;'>Bot\u00f3n de salida: 1<\/li>\n<li style='margin-bottom: 5px;'>Tamper: 1<\/li>\n<li style='margin-bottom: 5px;'>Salida de relevador para chapa<\/li>\n<li style='margin-bottom: 5px;'>Salida de audio 3.5mm<\/li>\n<\/ul><\/div>\n<\/p><\/div>\n<p> <!-- Caracter\u00edsticas Destacadas --> <\/p>\n<div style='flex: 1 1 250px; border: 1px solid rgba(150&comma; 150&comma; 150&comma; 0.4); border-radius: 8px; overflow: hidden; display: flex; flex-direction: column;'>\n<div style='padding: 15px; border-bottom: 1px solid rgba(150&comma; 150&comma; 150&comma; 0.2); font-weight: bold; font-size: 18px; color: inherit;'>Caracter\u00edsticas Destacadas:<\/div>\n<div style='padding: 15px; color: inherit;'>\n<ul style='padding-left: 20px; margin: 0; font-size: 14px; list-style-type: disc;'>\n<li style='margin-bottom: 5px;'>El terminal frontal de la serie DS-K1T673 adopta un algoritmo DEEP LEARNING con <strong>HIK-IA<\/strong> que ayuda a reconocer el rostro de las personas m\u00e1s r\u00e1pido y con mayor precisi\u00f3n. Aplicable en escenarios&comma; como edificios&comma; empresas&comma; industrias y otras \u00e1reas importantes.<\/li>\n<li style='margin-bottom: 5px;'><span style='color: #000000;'>Soporta pases temporales para visitantes (c\u00f3digo QR y PIN) con HikConnect Teams.<\/span><\/li>\n<li style='margin-bottom: 5px;'><span style='color: #c0392b;'><span style='color: #000000;'>Soporta lector esclavo<\/span> <a href='https:\/\/soporte.syscom.mx\/es\/articles\/6445856-conexion-de-lectores-esclavos-rs485-en-biometricos-hikvision' style='color: #2880b9;'>Ver aqu\u00ed<\/a><\/span><\/li>\n<li style='margin-bottom: 5px;'><span style='color: #000000;'>Soporta SIP Estandar.<\/span><\/li>\n<\/ul><\/div>\n<\/p><\/div>\n<\/p><\/div>\n<p> <!-- Otras Plataformas Compatibles --> <\/p>\n<div style='margin-bottom: 30px;'>\n<h2 style='font-size: 22px; text-align: center; color: inherit; margin-bottom: 20px;'>Otras Plataformas Compatibles<\/h2>\n<\/p><\/div>\n<p> <!-- Instalaciones seguras con m\u00f3dulo esclavo --> <\/p>\n<div style='border: 1px solid rgba(150&comma; 150&comma; 150&comma; 0.4); border-radius: 8px; overflow: hidden; padding: 20px; margin-bottom: 30px;'>\n<div style='text-align: center; margin-bottom: 20px;'> <strong style='font-size: 16px; color: #1a1a1a; font-family: system-ui&comma; 'Segoe UI'&comma; Roboto&comma; Helvetica&comma; Arial&comma; sans-serif; background-color: #ffffff;'>Instalaciones seguras con m\u00f3dulo esclavo <a href='https:\/\/www.syscom.mx\/producto\/DS-K2M061-HIKVISION-205871.html' style='color: #2880b9;'>DS-K2M061<\/a><\/strong> <\/div>\n<ul style='padding-left: 20px; font-size: 14px; margin: 0 0 15px 0;'>\n<li style='margin-bottom: 10px;'><span style='color: #1a1a1a; font-family: system-ui&comma; 'Segoe UI'&comma; Roboto&comma; Helvetica&comma; Arial&comma; sans-serif; font-size: 16px; background-color: #ffffff;'>En una instalaci\u00f3n de control de acceso convencional con dispositivos aut\u00f3nomos es recomendado a\u00f1adir un sistema que permita mantener el control de la puerta desde el interior del recinto aumentando significativamente la seguridad de nuestra instalaci\u00f3n.<\/span><\/li>\n<\/ul>\n<div style='text-align: center; margin: 20px 0;'> <a href='https:\/\/soporte.syscom.mx\/es\/articles\/5608107-hikvision-instalacion-segura-de-control-de-acceso-con-equipo-autonomo-y-ds-k2m061' style='color: #2880b9; font-size: 18px; text-decoration: none;'> <strong>\u00bfPor qu\u00e9 es recomendado usar un m\u00f3dulo seguro para sistemas aut\u00f3nomos?<\/strong> <\/a> <\/div>\n<div style='text-align: center; margin-top: 20px;'> <img style='width: 100%; max-width: 700px; height: auto; border: 1px solid rgba(150&comma;150&comma;150&comma;0.3); border-radius: 8px; margin: 0 auto; display: block;' src='http:\/\/ftp3.syscom.mx\/usuarios\/fespinoza\/modulo%20seguro.png' alt='M\u00f3dulo Seguro'> <\/div>\n<\/p><\/div>\n<p> <!-- Demostraci\u00f3n de Desempe\u00f1o --> <\/p>\n<div style='margin-bottom: 30px;'>\n<h2 style='font-size: 22px; text-align: center; color: inherit; margin-bottom: 30px;'>Demostraci\u00f3n de Desempe\u00f1o<\/h2>\n<div style='display: flex; flex-wrap: wrap; gap: 30px; justify-content: center;'> <!-- Video 1 --> <\/p>\n<div style='flex: 1 1 300px; min-width: 280px; max-width: 560px;'>\n<div style='position: relative; padding-bottom: 56.25%; height: 0; overflow: hidden; margin-bottom: 15px;'>   <\/div>\n<div style='text-align: center; font-size: 16px; color: #2880b9; margin-bottom: 20px;'><strong>Lectura de Rostros Ultra R\u00e1pida<\/strong><\/div>\n<\/p><\/div>\n<p> <!-- Video 2 --> <\/p>\n<div style='flex: 1 1 300px; min-width: 280px; max-width: 560px;'>\n<div style='position: relative; padding-bottom: 56.25%; height: 0; overflow: hidden; margin-bottom: 15px;'>   <\/div>\n<div style='text-align: center; font-size: 16px; color: #2880b9; margin-bottom: 20px;'><strong>Prueba con Hermanos Gemelos<\/strong><\/div>\n<\/p><\/div>\n<p> <!-- Video 3 --> <\/p>\n<div style='flex: 1 1 300px; min-width: 280px; max-width: 560px;'>\n<div style='position: relative; padding-bottom: 56.25%; height: 0; overflow: hidden; margin-bottom: 15px;'>   <\/div>\n<div style='text-align: center; font-size: 16px; color: #2880b9; margin-bottom: 20px;'><strong>Integraci\u00f3n con Torniquetes<\/strong><\/div>\n<\/p><\/div>\n<\/p><\/div>\n<\/p><\/div>\n<p> <!-- Separador --> <\/p>\n<hr style='border: 0; border-top: 1px solid rgba(150&comma; 150&comma; 150&comma; 0.3); margin: 30px 0;'> <!-- Configuraci\u00f3n con IVMS4200 --> <\/p>\n<div style='margin-bottom: 30px;'>\n<h2 style='font-size: 22px; text-align: center; color: inherit; margin-bottom: 20px;'>\u00bfConfiguraci\u00f3n con IVMS4200? Consulte el video paso a paso<\/h2>\n<div style='position: relative; padding-bottom: 56.25%; height: 0; overflow: hidden; margin-bottom: 30px;'>   <\/div>\n<div style='text-align: center; margin-top: 20px;'> <a href='http:\/\/soporte.syscom.mx\/es\/articles\/3879039-hikvision-control-de-acceso-lista-de-videos-y-tips-tecnicos'> <img style='width: 100%; max-width: 600px; height: auto; border: 1px solid rgba(150&comma;150&comma;150&comma;0.3); border-radius: 8px; margin: 0 auto; display: block;' src='https:\/\/ftp3.syscom.mx\/usuarios\/fotos\/DSK1T607E\/171893-hikvision-controlacceso.png' alt='Control de Acceso'> <\/a> <\/div>\n<\/p><\/div>\n<\/p><\/div>\n","protected":false},"excerpt":{"rendered":"<p>Terminal Facial Min Moe WiFi con pantalla de 7&#8243; y Lector de Huellas, C\u00f3digos QR y Bluetooth \/  Exterior IP65 \/ 10,000 rostros y 50,000 tarjetas \/ Soporta m\u00f3dulo lector de Huella, QR y Bluetooth \/ HIK-IA<\/p>\n","protected":false},"featured_media":20583,"comment_status":"open","ping_status":"closed","template":"","meta":[],"product_brand":[],"product_cat":[780],"product_tag":[765,744,54],"class_list":{"0":"post-20584","1":"product","2":"type-product","3":"status-publish","4":"has-post-thumbnail","6":"product_cat-acceso-sin-contacto-biometricos","7":"product_tag-acceso-sin-contacto","8":"product_tag-biometricos","9":"product_tag-hikvision","11":"first","12":"outofstock","13":"sale","14":"shipping-taxable","15":"purchasable","16":"product-type-simple"},"_links":{"self":[{"href":"https:\/\/soydeaqui.ddns.net\/pachuca\/index.php\/wp-json\/wp\/v2\/product\/20584","targetHints":{"allow":["GET"]}}],"collection":[{"href":"https:\/\/soydeaqui.ddns.net\/pachuca\/index.php\/wp-json\/wp\/v2\/product"}],"about":[{"href":"https:\/\/soydeaqui.ddns.net\/pachuca\/index.php\/wp-json\/wp\/v2\/types\/product"}],"replies":[{"embeddable":true,"href":"https:\/\/soydeaqui.ddns.net\/pachuca\/index.php\/wp-json\/wp\/v2\/comments?post=20584"}],"wp:featuredmedia":[{"embeddable":true,"href":"https:\/\/soydeaqui.ddns.net\/pachuca\/index.php\/wp-json\/wp\/v2\/media\/20583"}],"wp:attachment":[{"href":"https:\/\/soydeaqui.ddns.net\/pachuca\/index.php\/wp-json\/wp\/v2\/media?parent=20584"}],"wp:term":[{"taxonomy":"product_brand","embeddable":true,"href":"https:\/\/soydeaqui.ddns.net\/pachuca\/index.php\/wp-json\/wp\/v2\/product_brand?post=20584"},{"taxonomy":"product_cat","embeddable":true,"href":"https:\/\/soydeaqui.ddns.net\/pachuca\/index.php\/wp-json\/wp\/v2\/product_cat?post=20584"},{"taxonomy":"product_tag","embeddable":true,"href":"https:\/\/soydeaqui.ddns.net\/pachuca\/index.php\/wp-json\/wp\/v2\/product_tag?post=20584"}],"curies":[{"name":"wp","href":"https:\/\/api.w.org\/{rel}","templated":true}]}}