{"id":20500,"date":"2026-03-18T10:22:12","date_gmt":"2026-03-18T10:22:12","guid":{"rendered":"https:\/\/soydeaqui.ddns.net\/pachuca\/index.php\/producto\/tablilla-de-expansion-4-lectores-a-ac825\/"},"modified":"2026-03-18T10:22:13","modified_gmt":"2026-03-18T10:22:13","slug":"tablilla-de-expansion-4-lectores-a-ac825","status":"publish","type":"product","link":"https:\/\/soydeaqui.ddns.net\/pachuca\/index.php\/producto\/tablilla-de-expansion-4-lectores-a-ac825\/","title":{"rendered":"Tablilla de expansi\u00f3n, 4 lectores a AC825"},"content":{"rendered":"<div style='width: 100%; max-width: 1200px; margin: 0 auto; font-family: sans-serif; line-height: 1.6; color: inherit; background-color: transparent;'>\n<div style='position: relative; width: 100%; background: linear-gradient(to bottom&comma; #595959 0%&comma; #a80007 100%); border-bottom: 6px solid #a80007; border-left: 6px solid #a80007; border-right: 6px solid #a80007; padding: 30px; margin-bottom: 30px;'> <img style='width: 100%; max-width: 450px; height: auto; border: 1px solid rgba(150&comma;150&comma;150&comma;0.3); border-radius: 8px; margin-bottom: 15px;' src='https:\/\/ftp3.syscom.mx\/usuarios\/fotos\/ACF44\/10062-rosslare.png' alt='Imagen del producto'> <\/p>\n<h2 style='color: black; margin-top: -65px; font-size: 28px;'>D-805<\/h2>\n<h2 style='color: black; font-size: 24px;'>Tablilla de expansi\u00f3n de 4 lectores para uso con AC825.<\/h2>\n<\/p><\/div>\n<div style='width: 100%; padding: 0 20px;'>\n<div style='display: flex; flex-wrap: wrap; gap: 30px; margin-bottom: 30px;'>\n<div style='flex: 1 1 300px; min-width: 280px;'>\n<h3 style='font-size: 22px; border-bottom: 2px solid currentColor; padding-bottom: 5px; margin-top: 0; color: inherit; opacity: 0.8;'>Caracter\u00edsticas<\/h3>\n<p style='font-size: 15px; color: inherit;'>Es una de las 4 tarjetas expansoras de la nueva serie de controladores de la serie AC.<\/p>\n<\/p><\/div>\n<\/p><\/div>\n<div style='display: flex; flex-wrap: wrap; gap: 20px; margin-bottom: 30px;'>\n<div style='flex: 1 1 300px; border: 1px solid rgba(150&comma; 150&comma; 150&comma; 0.4); border-radius: 8px; overflow: hidden; display: flex; flex-direction: column;'>\n<div style='padding: 15px; border-bottom: 1px solid rgba(150&comma; 150&comma; 150&comma; 0.2); font-weight: bold; font-size: 18px; color: inherit;'>Descripci\u00f3n<\/div>\n<div style='padding: 15px; color: inherit;'>\n<p style='margin: 0; font-size: 14px;'>Ideal para soluciones residenciales y comerciales. La tarjeta expansora incrementa la flexibilidad del sistema de control de acceso dando un incremento de 4 lectoras&comma; 4 relevadores\/puertas y 8 entradas supervisadas por el panel.<\/p>\n<\/p><\/div>\n<\/p><\/div>\n<div style='flex: 1 1 300px; border: 1px solid rgba(150&comma; 150&comma; 150&comma; 0.4); border-radius: 8px; overflow: hidden; display: flex; flex-direction: column;'>\n<div style='padding: 15px; border-bottom: 1px solid rgba(150&comma; 150&comma; 150&comma; 0.2); font-weight: bold; font-size: 18px; color: inherit;'>Caracter\u00edsticas principales<\/div>\n<div style='padding: 15px; color: inherit;'>\n<ul style='padding-left: 20px; margin: 0; font-size: 14px; list-style-type: disc;'>\n<li style='margin-bottom: 5px;'>Compatible con el panel AC825IPL<\/li>\n<li style='margin-bottom: 5px;'>Una sola tarjeta expansora puede ser conectada a la tarjeta principal directamente&comma; y acepta hasta 16 tarjetas expansoras por medio del puerto OSDP<\/li>\n<li style='margin-bottom: 5px;'>Adiciona 4 lectoras<\/li>\n<li style='margin-bottom: 5px;'>4 salidas de relevador y 8 salidas supervisadas por el panel<\/li>\n<li style='margin-bottom: 5px;'>Formatos de transmisi\u00f3n de datos Wiegand y Clock y Data<\/li>\n<li style='margin-bottom: 5px;'>LED indicador de estatus de la fuente y el estado de los relevadores<\/li>\n<li style='margin-bottom: 5px;'>Mejor y m\u00e1s r\u00e1pida instalaci\u00f3n modular<\/li>\n<\/ul><\/div>\n<\/p><\/div>\n<div style='flex: 1 1 300px; border: 1px solid rgba(150&comma; 150&comma; 150&comma; 0.4); border-radius: 8px; overflow: hidden; display: flex; flex-direction: column;'>\n<div style='padding: 15px; border-bottom: 1px solid rgba(150&comma; 150&comma; 150&comma; 0.2); font-weight: bold; font-size: 18px; color: inherit;'>Nota<\/div>\n<div style='padding: 15px; color: inherit;'>\n<p style='margin: 0; font-size: 14px;'>Es posible conectar una sola tarjeta directamente al panel&comma; si se desea instalar m\u00e1s de una tarjeta expansora es necesario adicionar en gabinete ME-1505 por cada par de tarjetas expansoras.<\/p>\n<\/p><\/div>\n<\/p><\/div>\n<\/p><\/div>\n<\/p><\/div>\n<\/p><\/div>\n","protected":false},"excerpt":{"rendered":"<p>Tablilla de expansi\u00f3n, 4 lectores a AC825<\/p>\n","protected":false},"featured_media":20499,"comment_status":"open","ping_status":"closed","template":"","meta":[],"product_brand":[],"product_cat":[818],"product_tag":[93,784,830],"class_list":{"0":"post-20500","1":"product","2":"type-product","3":"status-publish","4":"has-post-thumbnail","6":"product_cat-accesorios-paneles-de-control-de-acceso","7":"product_tag-accesorios","8":"product_tag-paneles-de-control-de-acceso","9":"product_tag-rosslare","11":"first","12":"outofstock","13":"sale","14":"shipping-taxable","15":"purchasable","16":"product-type-simple"},"_links":{"self":[{"href":"https:\/\/soydeaqui.ddns.net\/pachuca\/index.php\/wp-json\/wp\/v2\/product\/20500","targetHints":{"allow":["GET"]}}],"collection":[{"href":"https:\/\/soydeaqui.ddns.net\/pachuca\/index.php\/wp-json\/wp\/v2\/product"}],"about":[{"href":"https:\/\/soydeaqui.ddns.net\/pachuca\/index.php\/wp-json\/wp\/v2\/types\/product"}],"replies":[{"embeddable":true,"href":"https:\/\/soydeaqui.ddns.net\/pachuca\/index.php\/wp-json\/wp\/v2\/comments?post=20500"}],"wp:featuredmedia":[{"embeddable":true,"href":"https:\/\/soydeaqui.ddns.net\/pachuca\/index.php\/wp-json\/wp\/v2\/media\/20499"}],"wp:attachment":[{"href":"https:\/\/soydeaqui.ddns.net\/pachuca\/index.php\/wp-json\/wp\/v2\/media?parent=20500"}],"wp:term":[{"taxonomy":"product_brand","embeddable":true,"href":"https:\/\/soydeaqui.ddns.net\/pachuca\/index.php\/wp-json\/wp\/v2\/product_brand?post=20500"},{"taxonomy":"product_cat","embeddable":true,"href":"https:\/\/soydeaqui.ddns.net\/pachuca\/index.php\/wp-json\/wp\/v2\/product_cat?post=20500"},{"taxonomy":"product_tag","embeddable":true,"href":"https:\/\/soydeaqui.ddns.net\/pachuca\/index.php\/wp-json\/wp\/v2\/product_tag?post=20500"}],"curies":[{"name":"wp","href":"https:\/\/api.w.org\/{rel}","templated":true}]}}