{"id":20375,"date":"2026-03-18T10:19:55","date_gmt":"2026-03-18T10:19:55","guid":{"rendered":"https:\/\/soydeaqui.ddns.net\/pachuca\/index.php\/producto\/kit-de-operadores-subterraneos-faac-s800-a-115v-para-puertas-abatibles-para-puertas-de-hasta-2-metros-y-800-kg\/"},"modified":"2026-03-18T10:19:56","modified_gmt":"2026-03-18T10:19:56","slug":"kit-de-operadores-subterraneos-faac-s800-a-115v-para-puertas-abatibles-para-puertas-de-hasta-2-metros-y-800-kg","status":"publish","type":"product","link":"https:\/\/soydeaqui.ddns.net\/pachuca\/index.php\/producto\/kit-de-operadores-subterraneos-faac-s800-a-115v-para-puertas-abatibles-para-puertas-de-hasta-2-metros-y-800-kg\/","title":{"rendered":"Kit de Operadores Subterraneos FAAC S800 a 115V Para Puertas Abatibles \/ Para Puertas de Hasta  2 Metros y  800 Kg"},"content":{"rendered":"<div style='width: 100%; max-width: 1200px; margin: 0 auto; font-family: sans-serif; line-height: 1.6; color: inherit; background-color: transparent;'>\n<div style='display: flex; flex-wrap: wrap; gap: 30px; margin-bottom: 30px;'>\n<div style='flex: 1 1 300px; min-width: 280px;'>\n<h3 style='font-size: 22px; border-bottom: 2px solid currentColor; padding-bottom: 5px; margin-top: 0; color: inherit; opacity: 0.8;'>Caracter\u00edsticas principales<\/h3>\n<ul style='padding-left: 20px; font-size: 15px; color: inherit;'>\n<li style='margin-bottom: 5px;'>Equipo subterr\u00e1neo para puertas abatibles<\/li>\n<li style='margin-bottom: 5px;'>Para puertas de hasta 800 kg<\/li>\n<li style='margin-bottom: 5px;'>Frecuencia de 45 ciclos por hora<\/li>\n<\/ul><\/div>\n<div style='flex: 1 1 300px; min-width: 280px;'>\n<h3 style='font-size: 22px; border-bottom: 2px solid currentColor; padding-bottom: 5px; margin-top: 0; color: inherit; opacity: 0.8;'>Caracter\u00edsticas F\u00edsicas y El\u00e9ctricas<\/h3>\n<ul style='padding-left: 20px; font-size: 15px; color: inherit;'>\n<li style='margin-bottom: 5px;'>Voltaje de alimentaci\u00f3n 115V<\/li>\n<li style='margin-bottom: 5px;'>Potencia m\u00e1xima de 220W<\/li>\n<li style='margin-bottom: 5px;'>Grado de protecci\u00f3n IP67<\/li>\n<\/ul><\/div>\n<div style='flex: 1 1 300px; min-width: 280px;'>\n<h3 style='font-size: 22px; border-bottom: 2px solid currentColor; padding-bottom: 5px; margin-top: 0; color: inherit; opacity: 0.8;'>Caracter\u00edsticas Destacadas<\/h3>\n<ul style='padding-left: 20px; font-size: 15px; color: inherit;'>\n<li style='margin-bottom: 5px;'>Velocidad angular m\u00e1xima 7.8 \u00b0\/s<\/li>\n<li style='margin-bottom: 5px;'>Temperatura de operaci\u00f3n -20 a 55\u00b0C<\/li>\n<li style='margin-bottom: 5px;'>Dimensiones del operador 380 x 220 x 160 mm<\/li>\n<\/ul><\/div>\n<\/p><\/div>\n<hr style='border: 0; border-top: 1px solid rgba(150&comma; 150&comma; 150&comma; 0.3); margin: 30px 0;'>\n<div style='display: flex; flex-wrap: wrap; gap: 30px; margin-bottom: 30px;'>\n<div style='flex: 1 1 400px;'>\n<h2 style='font-size: 20px; margin-top: 0; color: inherit;'>Kit de operadores subterr\u00e1neos para puertas abatibles<\/h2>\n<ul style='padding-left: 20px; font-size: 15px; color: inherit;'>\n<li style='margin-bottom: 5px;'>Operador invisible&comma; ya que se instala bajo la puerta<\/li>\n<li style='margin-bottom: 5px;'>Operadores con bloqueo version S800 CBAC<\/li>\n<\/ul>\n<h2 style='font-size: 20px; margin-top: 20px; color: inherit;'>Caracter\u00edsticas adicionales<\/h2>\n<ul style='padding-left: 20px; font-size: 15px; color: inherit;'>\n<li style='margin-bottom: 5px;'><strong style='color: inherit;'>Equipo con un a\u00f1o de garant\u00eda contra defectos de fabricaci\u00f3n.<\/strong><\/li>\n<li style='margin-bottom: 5px;'>Se requiere el uso de topes fisicos para las puertas.<\/li>\n<li style='margin-bottom: 5px;'>Requiere agregar electrocerradura.<\/li>\n<\/ul><\/div>\n<div style='flex: 1 1 400px;'> <img style='width: 100%; height: auto; border: 1px solid rgba(150&comma;150&comma;150&comma;0.3); border-radius: 8px;' src='https:\/\/ftp3.syscom.mx\/usuarios\/fotos\/FAACS800CBAC\/217125-medidas_s800.jpg' alt='Medidas S800'> <\/div>\n<\/p><\/div>\n<hr style='border: 0; border-top: 1px solid rgba(150&comma; 150&comma; 150&comma; 0.3); margin: 30px 0;'>\n<div style='margin-bottom: 30px;'>\n<h2 style='text-align: center; font-size: 20px; margin-top: 0; margin-bottom: 20px; color: inherit;'>\u00bfCu\u00e1l es el contenido del kit FAAC-S800-CBAC?<\/h2>\n<div style='display: flex; flex-wrap: wrap; justify-content: center; gap: 20px; font-size: 15px; color: inherit;'>\n<div style='flex: 1 1 250px;'>\n<p style='margin: 5px 0;'>2 x <strong>108804<\/strong> Operador subterr\u00e1neo S800 a 115V CBAC<\/p>\n<p style='margin: 5px 0;'>2 x <strong>490112<\/strong> Caja de cimentaci\u00f3n para motores S800<\/p>\n<p style='margin: 5px 0;'>1 x <strong>790919<\/strong> Tarjeta electr\u00f3nica 455D<\/p>\n<\/p><\/div>\n<div style='flex: 1 1 250px;'>\n<p style='margin: 5px 0;'>2 x <strong>390972<\/strong> Junta para operador S800<\/p>\n<p style='margin: 5px 0;'>1 x <strong>390035<\/strong> Liberador manual para operador S800<\/p>\n<p style='margin: 5px 0;'>1 x <strong>720119<\/strong> Contenedor para tarjeta electr\u00f3nica<\/p>\n<\/p><\/div>\n<\/p><\/div>\n<\/p><\/div>\n<hr style='border: 0; border-top: 1px solid rgba(150&comma; 150&comma; 150&comma; 0.3); margin: 30px 0;'>\n<div style='margin-bottom: 30px;'>\n<h2 style='text-align: center; font-size: 20px; margin-top: 0; margin-bottom: 20px; color: inherit;'>\u00bfQu\u00e9 accesorios puedo agregar para mi instalaci\u00f3n?<\/h2>\n<div style='display: flex; flex-wrap: wrap; justify-content: center; gap: 20px; font-size: 15px; color: inherit;'>\n<div style='flex: 1 1 250px;'>\n<p style='margin: 5px 0; text-align: center;'><strong style='color: inherit;'>785102<\/strong> Fotocalda infrarroja FAAC XP20D con alcance de hasta 20 metros<\/p>\n<p style='margin: 5px 0; text-align: center;'><strong style='color: inherit;'>787856<\/strong> Receptor de frecuencia FAAC RP1<\/p>\n<p style='margin: 5px 0; text-align: center;'><strong style='color: inherit;'>787456<\/strong> Control remoto inal\u00e1mbrico FAAC XT4 de 4 canales<\/p>\n<\/p><\/div>\n<div style='flex: 1 1 250px;'>\n<p style='margin: 5px 0; text-align: center;'><strong style='color: inherit;'>XBSSW01<\/strong> Botonera triple de uso rudo para aplicaciones de acceso vehicular<\/p>\n<p style='margin: 5px 0; text-align: center;'><strong style='color: inherit;'>410029<\/strong> L\u00e1mpara preventiva FAAC para motores corredizos y abatibles<\/p>\n<p style='margin: 5px 0; text-align: center;'><strong style='color: inherit;'>712650<\/strong> Electrocerradura FAAC para puertas abatibles<\/p>\n<\/p><\/div>\n<\/p><\/div>\n<\/p><\/div>\n<hr style='border: 0; border-top: 1px solid rgba(150&comma; 150&comma; 150&comma; 0.3); margin: 30px 0;'>\n<div style='margin-bottom: 30px;'>\n<h2 style='text-align: center; font-size: 16px; margin-top: 0; margin-bottom: 0; color: inherit;'>Es importante tener en cuenta la resistencia que el viento puede generar en los portones sin ranuras de ventilaci\u00f3n al operar los motores en apertura y cierre de puertas abatibles. Recomendamos considerar la instalaci\u00f3n de rejillas que permitan la adecuada ventilaci\u00f3n para facilitar el correcto funcionamiento de los dispositivos.<\/h2>\n<\/p><\/div>\n<\/p><\/div>\n","protected":false},"excerpt":{"rendered":"<p>Kit de Operadores Subterraneos FAAC S800 a 115V Para Puertas Abatibles \/ Para Puertas de Hasta  2 Metros y  800 Kg<\/p>\n","protected":false},"featured_media":20374,"comment_status":"open","ping_status":"closed","template":"","meta":[],"product_brand":[],"product_cat":[821],"product_tag":[401,778,822],"class_list":{"0":"post-20375","1":"product","2":"type-product","3":"status-publish","4":"has-post-thumbnail","6":"product_cat-puertas-abatibles","7":"product_tag-acceso-vehicular","8":"product_tag-faac","9":"product_tag-puertas-abatibles","11":"first","12":"outofstock","13":"sale","14":"shipping-taxable","15":"purchasable","16":"product-type-simple"},"_links":{"self":[{"href":"https:\/\/soydeaqui.ddns.net\/pachuca\/index.php\/wp-json\/wp\/v2\/product\/20375","targetHints":{"allow":["GET"]}}],"collection":[{"href":"https:\/\/soydeaqui.ddns.net\/pachuca\/index.php\/wp-json\/wp\/v2\/product"}],"about":[{"href":"https:\/\/soydeaqui.ddns.net\/pachuca\/index.php\/wp-json\/wp\/v2\/types\/product"}],"replies":[{"embeddable":true,"href":"https:\/\/soydeaqui.ddns.net\/pachuca\/index.php\/wp-json\/wp\/v2\/comments?post=20375"}],"wp:featuredmedia":[{"embeddable":true,"href":"https:\/\/soydeaqui.ddns.net\/pachuca\/index.php\/wp-json\/wp\/v2\/media\/20374"}],"wp:attachment":[{"href":"https:\/\/soydeaqui.ddns.net\/pachuca\/index.php\/wp-json\/wp\/v2\/media?parent=20375"}],"wp:term":[{"taxonomy":"product_brand","embeddable":true,"href":"https:\/\/soydeaqui.ddns.net\/pachuca\/index.php\/wp-json\/wp\/v2\/product_brand?post=20375"},{"taxonomy":"product_cat","embeddable":true,"href":"https:\/\/soydeaqui.ddns.net\/pachuca\/index.php\/wp-json\/wp\/v2\/product_cat?post=20375"},{"taxonomy":"product_tag","embeddable":true,"href":"https:\/\/soydeaqui.ddns.net\/pachuca\/index.php\/wp-json\/wp\/v2\/product_tag?post=20375"}],"curies":[{"name":"wp","href":"https:\/\/api.w.org\/{rel}","templated":true}]}}