{"id":20216,"date":"2026-03-18T10:17:05","date_gmt":"2026-03-18T10:17:05","guid":{"rendered":"https:\/\/soydeaqui.ddns.net\/pachuca\/index.php\/producto\/bisagra-p-puertas-de-garage-p-techo-bajo\/"},"modified":"2026-03-18T10:17:09","modified_gmt":"2026-03-18T10:17:09","slug":"bisagra-p-puertas-de-garage-p-techo-bajo","status":"publish","type":"product","link":"https:\/\/soydeaqui.ddns.net\/pachuca\/index.php\/producto\/bisagra-p-puertas-de-garage-p-techo-bajo\/","title":{"rendered":"Bisagra P \/ Puertas de garage P \/ Techo bajo."},"content":{"rendered":"<div style='width: 100%; max-width: 1200px; margin: 0 auto; font-family: sans-serif; line-height: 1.6; color: inherit; background-color: transparent;'> <!-- Secci\u00f3n de caracter\u00edsticas --> <\/p>\n<div style='display: flex; flex-wrap: wrap; gap: 30px; margin-bottom: 30px;'>\n<div style='flex: 1 1 300px; min-width: 280px;'>\n<h3 style='font-size: 22px; border-bottom: 2px solid currentColor; padding-bottom: 5px; margin-top: 0; color: inherit; opacity: 0.8;'>Caracter\u00edsticas principales<\/h3>\n<ul style='padding-left: 20px; font-size: 15px; color: inherit;'>\n<li style='margin-bottom: 5px;'>Compatible con techos bajos&comma; optimiza espacio<\/li>\n<li style='margin-bottom: 5px;'>Estructura robusta de 35 cm de largo<\/li>\n<li style='margin-bottom: 5px;'>Ancho de 8 cm para estabilidad mejorada<\/li>\n<li style='margin-bottom: 5px;'>F\u00e1cil instalaci\u00f3n en garajes est\u00e1ndar<\/li>\n<li style='margin-bottom: 5px;'>Material duradero para uso prolongado<\/li>\n<\/ul><\/div>\n<p> <!-- Secci\u00f3n de dimensiones --> <\/p>\n<div style='flex: 1 1 300px; min-width: 280px;'>\n<h3 style='font-size: 22px; border-bottom: 2px solid currentColor; padding-bottom: 5px; margin-top: 0; color: inherit; opacity: 0.8;'>Especificaciones t\u00e9cnicas<\/h3>\n<ul style='padding-left: 20px; font-size: 15px; color: inherit;'>\n<li style='margin-bottom: 5px;'><strong>Largo:<\/strong> 35 cm<\/li>\n<li style='margin-bottom: 5px;'><strong>Ancho:<\/strong> 8 cm<\/li>\n<\/ul><\/div>\n<\/p><\/div>\n<p> <!-- Secci\u00f3n de modelos compatibles --> <\/p>\n<div style='display: flex; flex-wrap: wrap; gap: 20px; margin-bottom: 30px;'>\n<div style='flex: 1 1 100%; border: 1px solid rgba(150&comma; 150&comma; 150&comma; 0.4); border-radius: 8px; overflow: hidden;'>\n<div style='padding: 15px; border-bottom: 1px solid rgba(150&comma; 150&comma; 150&comma; 0.2); font-weight: bold; font-size: 18px; color: inherit;'>Modelos compatibles<\/div>\n<div style='padding: 15px; color: inherit;'>\n<p style='margin-top: 0;'>La bisagra ACCEHINGE6 es compatible con los siguientes modelos de puertas de garage:<\/p>\n<div style='display: flex; flex-wrap: wrap; gap: 10px; margin-top: 15px;'>\n<div style='flex: 1 1 150px; font-size: 14px;'> <strong style='color: inherit;'>Modelo<\/strong><br \/> GARAGE87<br \/> GARAGE88<br \/> GARAGE89<br \/> GARAGE97<br \/> GARAGE98<br \/> GARAGE99 <\/div>\n<div style='flex: 1 1 150px; font-size: 14px;'> <strong style='color: inherit;'>Pies<\/strong><br \/> 8 x 7\u2019<br \/> 8 x 8\u2019<br \/> 8 x 9\u2019<br \/> 9 x 7\u2019<br \/> 9 x 8\u2019<br \/> 9 x 9\u2019 <\/div>\n<div style='flex: 1 1 150px; font-size: 14px;'> <strong style='color: inherit;'>Metros<\/strong><br \/> 2.44 x 2.13 m<br \/> 2.44 x 2.44 m<br \/> 2.44 x 2.74 m<br \/> 2.74 x 2.13 m<br \/> 2.74 x 2.44 m<br \/> 2.74 x 2.74 m <\/div>\n<div style='flex: 1 1 150px; font-size: 14px;'> <strong style='color: inherit;'>Modelo<\/strong><br \/> GARAGE107<br \/> GARAGE108<br \/> GARAGE109<br \/> GARAGE127<br \/> GARAGE128<br \/> GARAGE129 <\/div>\n<div style='flex: 1 1 150px; font-size: 14px;'> <strong style='color: inherit;'>Pies<\/strong><br \/> 10 x 7\u2019<br \/> 10 x 8\u2019<br \/> 10 x 9\u2019<br \/> 12 x 7\u2019<br \/> 12 x 8\u2019<br \/> 12 x 9\u2019 <\/div>\n<div style='flex: 1 1 150px; font-size: 14px;'> <strong style='color: inherit;'>Metros<\/strong><br \/> 3.05 x 2.13 m<br \/> 3.05 x 2.44 m<br \/> 3.05 x 2.74 m<br \/> 3.67 x 2.13 m<br \/> 3.67 x 2.44 m<br \/> 3.67 x 2.74 m <\/div>\n<div style='flex: 1 1 150px; font-size: 14px;'> <strong style='color: inherit;'>Modelo<\/strong><br \/> GARAGE147<br \/> GARAGE148<br \/> GARAGE149<br \/> GARAGE167<br \/> GARAGE168<br \/> GARAGE169 <\/div>\n<div style='flex: 1 1 150px; font-size: 14px;'> <strong style='color: inherit;'>Pies<\/strong><br \/> 14 x 7\u2019<br \/> 14 x 8\u2019<br \/> 14 x 9\u2019<br \/> 16 x 7\u2019<br \/> 16 x 8\u2019<br \/> 16 x 9\u2019 <\/div>\n<div style='flex: 1 1 150px; font-size: 14px;'> <strong style='color: inherit;'>Metros<\/strong><br \/> 4.27 x 2.13 m<br \/> 4.27 x 2.44 m<br \/> 4.27 x 2.74 m<br \/> 4.88 x 2.13 m<br \/> 4.88 x 2.44 m<br \/> 4.88 x 2.74 m <\/div>\n<div style='flex: 1 1 150px; font-size: 14px;'> <strong style='color: inherit;'>Modelo<\/strong><br \/> GARAGE187<br \/> GARAGE188<br \/> GARAGE189<br \/> GARAGE207<br \/> GARAGE208<br \/> GARAGE209 <\/div>\n<div style='flex: 1 1 150px; font-size: 14px;'> <strong style='color: inherit;'>Pies<\/strong><br \/> 18 x 7\u2019<br \/> 18 x 8\u2019<br \/> 18 x 9\u2019<br \/> 20 x 7\u2019<br \/> 20 x 8\u2019<br \/> 20 x 9\u2019 <\/div>\n<div style='flex: 1 1 150px; font-size: 14px;'> <strong style='color: inherit;'>Metros<\/strong><br \/> 5.49 x 2.13 m<br \/> 5.49 x 2.44 m<br \/> 5.49 x 2.74 m<br \/> 6.1 x 2.13 m<br \/> 6.1 x 2.44 m<br \/> 6.1 x 2.74 m <\/div>\n<\/p><\/div>\n<\/p><\/div>\n<\/p><\/div>\n<\/p><\/div>\n<p> <!-- Separador --> <\/p>\n<hr style='border: 0; border-top: 1px solid rgba(150&comma; 150&comma; 150&comma; 0.3); margin: 30px 0;'> <!-- Secci\u00f3n de im\u00e1genes --> <\/p>\n<div style='display: flex; flex-wrap: wrap; gap: 20px; margin-bottom: 30px;'>\n<div style='flex: 1 1 300px; min-width: 280px;'> <img style='width: 100%; height: auto; border: 1px solid rgba(150&comma;150&comma;150&comma;0.3); border-radius: 8px;' src='https:\/\/ftp3.syscom.mx\/usuarios\/mario.rodriguez\/PUERTADEGARAJE\/LR\/accesshinge6.gif' alt=''> <\/div>\n<\/p><\/div>\n<\/p><\/div>\n","protected":false},"excerpt":{"rendered":"<p>Bisagra P \/ Puertas de garage P \/ Techo bajo.<\/p>\n","protected":false},"featured_media":20215,"comment_status":"open","ping_status":"closed","template":"","meta":[],"product_brand":[],"product_cat":[750],"product_tag":[401,234,751],"class_list":{"0":"post-20216","1":"product","2":"type-product","3":"status-publish","4":"has-post-thumbnail","6":"product_cat-refacciones","7":"product_tag-acceso-vehicular","8":"product_tag-accesspro","9":"product_tag-refacciones","11":"first","12":"outofstock","13":"sale","14":"shipping-taxable","15":"purchasable","16":"product-type-simple"},"_links":{"self":[{"href":"https:\/\/soydeaqui.ddns.net\/pachuca\/index.php\/wp-json\/wp\/v2\/product\/20216","targetHints":{"allow":["GET"]}}],"collection":[{"href":"https:\/\/soydeaqui.ddns.net\/pachuca\/index.php\/wp-json\/wp\/v2\/product"}],"about":[{"href":"https:\/\/soydeaqui.ddns.net\/pachuca\/index.php\/wp-json\/wp\/v2\/types\/product"}],"replies":[{"embeddable":true,"href":"https:\/\/soydeaqui.ddns.net\/pachuca\/index.php\/wp-json\/wp\/v2\/comments?post=20216"}],"wp:featuredmedia":[{"embeddable":true,"href":"https:\/\/soydeaqui.ddns.net\/pachuca\/index.php\/wp-json\/wp\/v2\/media\/20215"}],"wp:attachment":[{"href":"https:\/\/soydeaqui.ddns.net\/pachuca\/index.php\/wp-json\/wp\/v2\/media?parent=20216"}],"wp:term":[{"taxonomy":"product_brand","embeddable":true,"href":"https:\/\/soydeaqui.ddns.net\/pachuca\/index.php\/wp-json\/wp\/v2\/product_brand?post=20216"},{"taxonomy":"product_cat","embeddable":true,"href":"https:\/\/soydeaqui.ddns.net\/pachuca\/index.php\/wp-json\/wp\/v2\/product_cat?post=20216"},{"taxonomy":"product_tag","embeddable":true,"href":"https:\/\/soydeaqui.ddns.net\/pachuca\/index.php\/wp-json\/wp\/v2\/product_tag?post=20216"}],"curies":[{"name":"wp","href":"https:\/\/api.w.org\/{rel}","templated":true}]}}