{"id":20184,"date":"2026-03-18T10:16:33","date_gmt":"2026-03-18T10:16:33","guid":{"rendered":"https:\/\/soydeaqui.ddns.net\/pachuca\/index.php\/producto\/puerta-de-cortesia-con-aleta-de-acrilico-no-incluida-de-alto-impacto-90-cms-ancho-del-carril-6-mcbf-acero-inoxidable-sus304-requiere-aleta-modelo-ds-k3bc430lx-dp90-1\/"},"modified":"2026-03-18T10:16:33","modified_gmt":"2026-03-18T10:16:33","slug":"puerta-de-cortesia-con-aleta-de-acrilico-no-incluida-de-alto-impacto-90-cms-ancho-del-carril-6-mcbf-acero-inoxidable-sus304-requiere-aleta-modelo-ds-k3bc430lx-dp90-1","status":"publish","type":"product","link":"https:\/\/soydeaqui.ddns.net\/pachuca\/index.php\/producto\/puerta-de-cortesia-con-aleta-de-acrilico-no-incluida-de-alto-impacto-90-cms-ancho-del-carril-6-mcbf-acero-inoxidable-sus304-requiere-aleta-modelo-ds-k3bc430lx-dp90-1\/","title":{"rendered":"Puerta de Cortesia con Aleta de Acr\u00edlico (No incluida) de Alto Impacto \/ 90 cms ancho del carril \/ 6 MCBF \/ Acero Inoxidable SUS304 \/ Requiere aleta modelo DS-K3BC430LX-DP90\/1"},"content":{"rendered":"<div style='width: 100%; max-width: 1200px; margin: 0 auto; font-family: sans-serif; line-height: 1.6; color: inherit; background-color: transparent;'>\n<div style='display: flex; flex-wrap: wrap; gap: 30px; margin-bottom: 30px;'>\n<div style='flex: 1 1 300px; min-width: 280px;'>\n<h3 style='font-size: 22px; border-bottom: 2px solid currentColor; padding-bottom: 5px; margin-top: 0; color: inherit; opacity: 0.8;'>Caracter\u00edsticas principales:<\/h3>\n<ul style='padding-left: 20px; font-size: 15px; color: inherit;'>\n<li style='margin-bottom: 5px;'>Capacidad de 35 a 60 personas por minuto.<\/li>\n<li style='margin-bottom: 5px;'>Para uso en exterior bajo techo.<\/li>\n<li style='margin-bottom: 5px;'>Cuenta con 1 bot\u00f3n de salida<\/li>\n<li style='margin-bottom: 5px;'>1 Entrada de alarma<\/li>\n<li style='margin-bottom: 5px; font-weight: bold;'>Compatible con cualquier sistema de control de acceso por medio de contacto seco (se cotiza por separado).<\/li>\n<li style='margin-bottom: 5px; font-weight: bold;'>Normalmente abierto en caso de alarma<\/li>\n<\/ul><\/div>\n<div style='flex: 1 1 300px; min-width: 280px;'>\n<h3 style='font-size: 22px; border-bottom: 2px solid currentColor; padding-bottom: 5px; margin-top: 0; color: inherit; opacity: 0.8;'>Caracter\u00edsticas F\u00edsicas y El\u00e9ctricas:<\/h3>\n<ul style='padding-left: 20px; font-size: 15px; color: inherit;'>\n<li style='margin-bottom: 5px;'>Voltaje de entrada: 100-240Vac. 50\/60Hz<\/li>\n<li style='margin-bottom: 5px;'>Voltaje de operaci\u00f3n: 100 \/240 vca (Requiere fuente adicional 24 Vcc <a href='https:\/\/www.syscom.mx\/principal\/searchcont?route=RS-150-24-MEANWELL-70474&#038;autodetect=24vcd' style='color: inherit; text-decoration: underline;'>RS-150-24<\/a>)<\/li>\n<li style='margin-bottom: 5px;'>Consumo en espera de 36w<\/li>\n<li style='margin-bottom: 5px;'>Sistema de protecci\u00f3n contra descarga.<\/li>\n<li style='margin-bottom: 5px;'>Activaci\u00f3n por contacto seco<\/li>\n<li style='margin-bottom: 5px; color: #c0392b;'>Ancho de pasaje 90 cms con aleta DS-K3BC430LX-DP90\/1 <strong style='color: #c0392b;'>No incluida<\/strong><\/li>\n<li style='margin-bottom: 5px;'>Altura de aleta 950 por ancho de 50mm<\/li>\n<\/ul><\/div>\n<div style='flex: 1 1 300px; min-width: 280px;'>\n<h3 style='font-size: 22px; border-bottom: 2px solid currentColor; padding-bottom: 5px; margin-top: 0; color: inherit; opacity: 0.8;'>Modos de operaci\u00f3n:<\/h3>\n<ul style='padding-left: 20px; font-size: 15px; color: inherit;'>\n<li style='margin-bottom: 5px;'>Tiempo de operaci\u00f3n: 0.2 Segundos<\/li>\n<li style='margin-bottom: 5px;'>Entrada bi direccional.<\/li>\n<li style='margin-bottom: 5px;'>Paso libre en direcci\u00f3n deseada.<\/li>\n<li style='margin-bottom: 5px;'>Siempre libre o siempre bloqueado.<\/li>\n<li style='margin-bottom: 5px;'>Sistema de bloqueo<\/li>\n<\/ul><\/div>\n<\/p><\/div>\n<hr style='border: 0; border-top: 1px solid rgba(150&comma; 150&comma; 150&comma; 0.3); margin: 30px 0;'>\n<div style='width: 100%; margin: 30px 0;'>\n<h2 style='text-align: center; font-size: 20px; margin-bottom: 20px; color: inherit;'>Video Ilustrativo<\/h2>\n<div style='position: relative; padding-bottom: 56.25%; height: 0; overflow: hidden; margin-bottom: 30px;'>   <\/div>\n<p style='text-align: center; margin-top: 15px;'> <a href='http:\/\/soporte.syscom.mx\/es\/articles\/3879039-hikvision-control-de-acceso-lista-de-videos-y-tips-tecnicos' style='color: inherit; text-decoration: underline;'>M\u00e1s videos y tips t\u00e9cnicos<\/a> <\/p>\n<\/p><\/div>\n<\/p><\/div>\n","protected":false},"excerpt":{"rendered":"<p>Puerta de Cortesia con Aleta de Acr\u00edlico (No incluida) de Alto Impacto \/ 90 cms ancho del carril \/ 6 MCBF \/ Acero Inoxidable SUS304 \/ Requiere aleta modelo DS-K3BC430LX-DP90\/1<\/p>\n","protected":false},"featured_media":20183,"comment_status":"open","ping_status":"closed","template":"","meta":[],"product_brand":[],"product_cat":[758],"product_tag":[54,760,759],"class_list":{"0":"post-20184","1":"product","2":"type-product","3":"status-publish","4":"has-post-thumbnail","6":"product_cat-torniquetes-de-medio-cuerpo","7":"product_tag-hikvision","8":"product_tag-torniquetes-de-medio-cuerpo","9":"product_tag-torniquetes-y-puertas-de-cortesia","11":"first","12":"outofstock","13":"sale","14":"shipping-taxable","15":"purchasable","16":"product-type-simple"},"_links":{"self":[{"href":"https:\/\/soydeaqui.ddns.net\/pachuca\/index.php\/wp-json\/wp\/v2\/product\/20184","targetHints":{"allow":["GET"]}}],"collection":[{"href":"https:\/\/soydeaqui.ddns.net\/pachuca\/index.php\/wp-json\/wp\/v2\/product"}],"about":[{"href":"https:\/\/soydeaqui.ddns.net\/pachuca\/index.php\/wp-json\/wp\/v2\/types\/product"}],"replies":[{"embeddable":true,"href":"https:\/\/soydeaqui.ddns.net\/pachuca\/index.php\/wp-json\/wp\/v2\/comments?post=20184"}],"wp:featuredmedia":[{"embeddable":true,"href":"https:\/\/soydeaqui.ddns.net\/pachuca\/index.php\/wp-json\/wp\/v2\/media\/20183"}],"wp:attachment":[{"href":"https:\/\/soydeaqui.ddns.net\/pachuca\/index.php\/wp-json\/wp\/v2\/media?parent=20184"}],"wp:term":[{"taxonomy":"product_brand","embeddable":true,"href":"https:\/\/soydeaqui.ddns.net\/pachuca\/index.php\/wp-json\/wp\/v2\/product_brand?post=20184"},{"taxonomy":"product_cat","embeddable":true,"href":"https:\/\/soydeaqui.ddns.net\/pachuca\/index.php\/wp-json\/wp\/v2\/product_cat?post=20184"},{"taxonomy":"product_tag","embeddable":true,"href":"https:\/\/soydeaqui.ddns.net\/pachuca\/index.php\/wp-json\/wp\/v2\/product_tag?post=20184"}],"curies":[{"name":"wp","href":"https:\/\/api.w.org\/{rel}","templated":true}]}}