{"id":20107,"date":"2026-03-18T10:15:17","date_gmt":"2026-03-18T10:15:17","guid":{"rendered":"https:\/\/soydeaqui.ddns.net\/pachuca\/index.php\/producto\/torniquete-con-reconocimiento-facial-y-lector-qr-embebidos-central-100-mil-usuarios-carril-de-90-cms-requiere-torniquete-izquierdo-y-derecho\/"},"modified":"2026-03-18T10:15:18","modified_gmt":"2026-03-18T10:15:18","slug":"torniquete-con-reconocimiento-facial-y-lector-qr-embebidos-central-100-mil-usuarios-carril-de-90-cms-requiere-torniquete-izquierdo-y-derecho","status":"publish","type":"product","link":"https:\/\/soydeaqui.ddns.net\/pachuca\/index.php\/producto\/torniquete-con-reconocimiento-facial-y-lector-qr-embebidos-central-100-mil-usuarios-carril-de-90-cms-requiere-torniquete-izquierdo-y-derecho\/","title":{"rendered":"Torniquete con Reconocimiento Facial y Lector QR Embebidos \/ CENTRAL \/ 100 mil usuarios \/ Carril de 90 Cms \/ Requiere Torniquete Izquierdo y Derecho"},"content":{"rendered":"<div style='width: 100%; max-width: 1200px; margin: 0 auto; font-family: sans-serif; line-height: 1.6; color: inherit; background-color: transparent;'>\n<div style='display: flex; flex-wrap: wrap; gap: 30px; margin-bottom: 30px;'>\n<div style='flex: 1 1 300px; min-width: 280px;'>\n<h3 style='font-size: 22px; border-bottom: 2px solid currentColor; padding-bottom: 5px; margin-top: 0; color: inherit; opacity: 0.8;'>Caracter\u00edsticas principales<\/h3>\n<ul style='padding-left: 20px; font-size: 15px; color: inherit;'>\n<li style='margin-bottom: 5px;'><strong>Capacidad de Rostros:<\/strong> 100&comma;000<\/li>\n<li style='margin-bottom: 5px;'><strong>Pantalla:<\/strong> 6.95&#8242; no touch<\/li>\n<li style='margin-bottom: 5px;'><strong>Lector QR:<\/strong> Embebido<\/li>\n<li style='margin-bottom: 5px;'><strong>Lector Facial:<\/strong> 2MP embebido<\/li>\n<li style='margin-bottom: 5px;'><strong>Controlador de acceso:<\/strong> Embebido<\/li>\n<li style='margin-bottom: 5px;'><strong>Capacidad de Tarjetas:<\/strong> 500&comma;000<\/li>\n<li style='margin-bottom: 5px;'><strong>Capacidad de Eventos:<\/strong> 1&comma;000&comma;000<\/li>\n<\/ul><\/div>\n<div style='flex: 1 1 300px; min-width: 280px;'>\n<h3 style='font-size: 22px; border-bottom: 2px solid currentColor; padding-bottom: 5px; margin-top: 0; color: inherit; opacity: 0.8;'>Caracter\u00edsticas F\u00edsicas y El\u00e9ctricas<\/h3>\n<ul style='padding-left: 20px; font-size: 15px; color: inherit;'>\n<li style='margin-bottom: 5px;'>Alimentaci\u00f3n 110 Vca<\/li>\n<li style='margin-bottom: 5px;'>24 pares de IR para detecci\u00f3n de peat\u00f3n<\/li>\n<li style='margin-bottom: 5px;'>Acero Inoxidable SUS304<\/li>\n<li style='margin-bottom: 5px;'>Barreras de acr\u00edlico<\/li>\n<li style='margin-bottom: 5px;'>Cambio de color de luces LED desde Smartphone<\/li>\n<\/ul><\/div>\n<div style='flex: 1 1 300px; min-width: 280px;'>\n<h3 style='font-size: 22px; border-bottom: 2px solid currentColor; padding-bottom: 5px; margin-top: 0; color: inherit; opacity: 0.8;'>Caracter\u00edsticas Destacadas<\/h3>\n<ul style='padding-left: 20px; font-size: 15px; color: inherit;'>\n<li style='margin-bottom: 5px;'>Apertura autom\u00e1tica en caso de emergencia o corte de energ\u00eda el\u00e9ctrica<\/li>\n<li style='margin-bottom: 5px;'>M\u00faltiples modos de trabajo (libre&comma; controlado&comma; combinado)<\/li>\n<li style='margin-bottom: 5px;'>Funciones avanzadas de alarma en caso de peat\u00f3n sin acceso&comma; vinculaci\u00f3n con software y configuraci\u00f3n Antipassback<\/li>\n<\/ul><\/div>\n<\/p><\/div>\n<hr style='border: 0; border-top: 1px solid rgba(150&comma; 150&comma; 150&comma; 0.3); margin: 30px 0;'>\n<div style='display: flex; flex-wrap: wrap; gap: 30px; margin-bottom: 30px;'>\n<div style='flex: 1 1 400px; min-width: 300px;'> <img style='width: 100%; height: auto; border: 1px solid rgba(150&comma;150&comma;150&comma;0.3); border-radius: 8px;' src='https:\/\/ftp3.syscom.mx\/usuarios\/fespinoza\/HIKVISION\/Dispositivos\/Torniquetes\/DSK3B961\/GIF5.gif' alt=''> <\/div>\n<div style='flex: 1 1 400px; min-width: 300px;'>\n<h3 style='font-size: 22px; margin-top: 0; color: inherit; opacity: 0.8;'>Reconocimiento Facial y QR desde F\u00e1brica<\/h3>\n<p style='color: inherit;'>Torniquete inteligente top en tecnolog\u00eda y est\u00e9tica para los gustos y necesidades m\u00e1s exigentes. Viene embebido con reconocimiento facial y lector de c\u00f3digo QR instalados desde f\u00e1brica listos para usarse. Excelente experiencia de usuario tanto para integrador como para usuario final.<\/p>\n<h4 style='font-size: 18px; margin-top: 20px; color: inherit; opacity: 0.8;'>Caracter\u00edsticas<\/h4>\n<ul style='padding-left: 20px; font-size: 15px; color: inherit;'>\n<li style='margin-bottom: 5px;'>Mecanismo robusto para uso continuo&comma; r\u00e1pido y silencioso<\/li>\n<li style='margin-bottom: 5px;'>30 Millones de ciclos garantizados antes de falla (MCBF)<\/li>\n<li style='margin-bottom: 5px;'>Paso de 30 a 60 personas por minuto<\/li>\n<li style='margin-bottom: 5px;'>Soporta hasta 100&comma;000 usuarios<\/li>\n<li style='margin-bottom: 5px;'>Carril de 90 cms para el paso de los peatones<\/li>\n<li style='margin-bottom: 5px;'>F\u00e1cil de administrar desde navegador&comma; software o Smartphone<\/li>\n<\/ul><\/div>\n<\/p><\/div>\n<hr style='border: 0; border-top: 1px solid rgba(150&comma; 150&comma; 150&comma; 0.3); margin: 30px 0;'>\n<div style='display: flex; flex-wrap: wrap; gap: 30px; margin-bottom: 30px;'>\n<div style='flex: 1 1 400px; min-width: 300px;'>\n<h3 style='font-size: 22px; margin-top: 0; color: inherit; opacity: 0.8;'>Requiere<\/h3>\n<ul style='padding-left: 20px; font-size: 15px; color: inherit;'>\n<li style='margin-bottom: 5px; color: #c0392b;'><strong>Torniquetes Izquierdo y Derecho (por separado)<\/strong><\/li>\n<\/ul>\n<p style='color: inherit;'>La soluci\u00f3n completa depende de la cantidad de carriles que quiera implementar (siempre va un izquierdo + un derecho y se van a\u00f1adiendo torniquetes centrales seg\u00fan se necesite).<\/p>\n<ul style='padding-left: 20px; font-size: 15px; color: inherit;'>\n<li style='margin-bottom: 5px;'>DS-K3B961TX-R\/DPiQL-Dp90 &#8211; Torniquete Derecho<\/li>\n<li style='margin-bottom: 5px;'>DS-K3B961TX-L\/DPiQL-Dp90 &#8211; Torniquete Izquierdo<\/li>\n<li style='margin-bottom: 5px;'>DS-K3B961TX-M\/DPiQL-Dp90 &#8211; Torniquete Central<\/li>\n<\/ul>\n<p style='color: inherit;'>La soluci\u00f3n perfecta para cualquier acceso de oficinas&comma; corporativos&comma; edificios de coworking&comma; multiapartamentos etc. por su est\u00e9tica&comma; configuraci\u00f3n de color en los LEDs de bienvenida y su adaptabilidad por n\u00famero y tama\u00f1o de carriles.<\/p>\n<\/p><\/div>\n<div style='flex: 1 1 400px; min-width: 300px;'> <img style='width: 100%; height: auto; border: 1px solid rgba(150&comma;150&comma;150&comma;0.3); border-radius: 8px;' src='https:\/\/ftp3.syscom.mx\/usuarios\/fespinoza\/HIKVISION\/Dispositivos\/Torniquetes\/DSK3B961\/GIF3.gif' alt=''> <\/div>\n<\/p><\/div>\n<hr style='border: 0; border-top: 1px solid rgba(150&comma; 150&comma; 150&comma; 0.3); margin: 30px 0;'>\n<div style='display: flex; flex-wrap: wrap; gap: 30px;'>\n<div style='flex: 1 1 400px; min-width: 300px;'> <img style='width: 100%; height: auto; border: 1px solid rgba(150&comma;150&comma;150&comma;0.3); border-radius: 8px;' src='https:\/\/ftp3.syscom.mx\/usuarios\/fespinoza\/HIKVISION\/Dispositivos\/Torniquetes\/DSK3B961\/GIF2.gif' alt=''> <\/div>\n<div style='flex: 1 1 400px; min-width: 300px;'> <img style='width: 100%; height: auto; border: 1px solid rgba(150&comma;150&comma;150&comma;0.3); border-radius: 8px;' src='https:\/\/ftp3.syscom.mx\/usuarios\/fespinoza\/HIKVISION\/Dispositivos\/Torniquetes\/DSK3B961\/GIF4.gif' alt=''> <\/div>\n<\/p><\/div>\n<\/p><\/div>\n","protected":false},"excerpt":{"rendered":"<p>Torniquete con Reconocimiento Facial y Lector QR Embebidos \/ CENTRAL \/ 100 mil usuarios \/ Carril de 90 Cms \/ Requiere Torniquete Izquierdo y Derecho<\/p>\n","protected":false},"featured_media":20106,"comment_status":"open","ping_status":"closed","template":"","meta":[],"product_brand":[],"product_cat":[758],"product_tag":[54,760,759],"class_list":{"0":"post-20107","1":"product","2":"type-product","3":"status-publish","4":"has-post-thumbnail","6":"product_cat-torniquetes-de-medio-cuerpo","7":"product_tag-hikvision","8":"product_tag-torniquetes-de-medio-cuerpo","9":"product_tag-torniquetes-y-puertas-de-cortesia","11":"first","12":"outofstock","13":"sale","14":"shipping-taxable","15":"purchasable","16":"product-type-simple"},"_links":{"self":[{"href":"https:\/\/soydeaqui.ddns.net\/pachuca\/index.php\/wp-json\/wp\/v2\/product\/20107","targetHints":{"allow":["GET"]}}],"collection":[{"href":"https:\/\/soydeaqui.ddns.net\/pachuca\/index.php\/wp-json\/wp\/v2\/product"}],"about":[{"href":"https:\/\/soydeaqui.ddns.net\/pachuca\/index.php\/wp-json\/wp\/v2\/types\/product"}],"replies":[{"embeddable":true,"href":"https:\/\/soydeaqui.ddns.net\/pachuca\/index.php\/wp-json\/wp\/v2\/comments?post=20107"}],"wp:featuredmedia":[{"embeddable":true,"href":"https:\/\/soydeaqui.ddns.net\/pachuca\/index.php\/wp-json\/wp\/v2\/media\/20106"}],"wp:attachment":[{"href":"https:\/\/soydeaqui.ddns.net\/pachuca\/index.php\/wp-json\/wp\/v2\/media?parent=20107"}],"wp:term":[{"taxonomy":"product_brand","embeddable":true,"href":"https:\/\/soydeaqui.ddns.net\/pachuca\/index.php\/wp-json\/wp\/v2\/product_brand?post=20107"},{"taxonomy":"product_cat","embeddable":true,"href":"https:\/\/soydeaqui.ddns.net\/pachuca\/index.php\/wp-json\/wp\/v2\/product_cat?post=20107"},{"taxonomy":"product_tag","embeddable":true,"href":"https:\/\/soydeaqui.ddns.net\/pachuca\/index.php\/wp-json\/wp\/v2\/product_tag?post=20107"}],"curies":[{"name":"wp","href":"https:\/\/api.w.org\/{rel}","templated":true}]}}