{"id":19986,"date":"2026-03-18T10:13:01","date_gmt":"2026-03-18T10:13:01","guid":{"rendered":"https:\/\/soydeaqui.ddns.net\/pachuca\/index.php\/producto\/unifi-access-kit-de-inicio-gen2-profesional-para-1-puerta-1-lector-nfc-con-pantalla-tactil-audio-2-vias-y-camara-1-lector-nfc-y-de-movimiento-ua-g2-hub-para-conexiones-para-controlar-una-pue\/"},"modified":"2026-03-18T10:13:01","modified_gmt":"2026-03-18T10:13:01","slug":"unifi-access-kit-de-inicio-gen2-profesional-para-1-puerta-1-lector-nfc-con-pantalla-tactil-audio-2-vias-y-camara-1-lector-nfc-y-de-movimiento-ua-g2-hub-para-conexiones-para-controlar-una-pue","status":"publish","type":"product","link":"https:\/\/soydeaqui.ddns.net\/pachuca\/index.php\/producto\/unifi-access-kit-de-inicio-gen2-profesional-para-1-puerta-1-lector-nfc-con-pantalla-tactil-audio-2-vias-y-camara-1-lector-nfc-y-de-movimiento-ua-g2-hub-para-conexiones-para-controlar-una-pue\/","title":{"rendered":"UniFi Access Kit de Inicio Gen2 Profesional para 1 puerta, (1) Lector NFC con pantalla t\u00e1ctil, audio 2 v\u00edas y c\u00e1mara \/ (1) Lector NFC y de movimiento UA-G2 \/ Hub para conexiones para controlar una puerta con salida POE y energizar acc"},"content":{"rendered":"<div style='width: 100%; max-width: 1200px; margin: 0 auto; font-family: sans-serif; line-height: 1.6; color: inherit; background-color: transparent;'>\n<div style='display: flex; flex-wrap: wrap; gap: 30px; margin-bottom: 30px;'>\n<div style='flex: 1 1 300px; min-width: 280px;'>\n<h3 style='font-size: 22px; border-bottom: 2px solid currentColor; padding-bottom: 5px; margin-top: 0; color: inherit; opacity: 0.8;'>UniFi Access G2 Starter Kit Pro<\/h3>\n<ul style='padding-left: 20px; font-size: 15px; color: inherit;'>\n<li style='margin-bottom: 5px;'><strong>Modelo:<\/strong> UA-G2-SK-Pro<\/li>\n<\/ul><\/div>\n<\/p><\/div>\n<div style='display: flex; flex-wrap: wrap; gap: 30px; margin-bottom: 30px;'>\n<div style='flex: 1 1 300px; min-width: 280px;'>\n<h3 style='font-size: 20px; border-bottom: 2px solid currentColor; padding-bottom: 5px; margin-top: 0; color: inherit; opacity: 0.8;'>Contenido del kit<\/h3>\n<ul style='padding-left: 20px; font-size: 15px; color: inherit;'>\n<li style='margin-bottom: 5px;'><img style='width: 16px; height: 16px; vertical-align: middle; margin-right: 8px; border: none;' src='https:\/\/assets.ecomm.ui.com\/static\/key-features\/door_hub.svg' alt=''> (1) Hub para 1 puerta<\/li>\n<li style='margin-bottom: 5px;'><img style='width: 16px; height: 16px; vertical-align: middle; margin-right: 8px; border: none;' src='https:\/\/assets.ecomm.ui.com\/static\/key-features\/dimmer.svg' alt=''> (1) Lector UA-G2-PRO<\/li>\n<li style='margin-bottom: 5px;'><img style='width: 16px; height: 16px; vertical-align: middle; margin-right: 8px; border: none;' src='https:\/\/assets.ecomm.ui.com\/static\/key-features\/door_access.svg' alt=''> (1) Lector UA-G2 para aperturar por el interior la puerta&comma; o puede usarse para abrir una puerta adicional (se requiere un segundo UA-HUB-DOOR)<\/li>\n<li style='margin-bottom: 5px;'><img style='width: 16px; height: 16px; vertical-align: middle; margin-right: 8px; border: none;' src='https:\/\/assets.ecomm.ui.com\/static\/key-features\/door_access.svg' alt=''> (2) Pocket Keyfobs (Llaveros tag NFC impermeables)<\/li>\n<\/ul><\/div>\n<div style='flex: 1 1 300px; min-width: 280px;'>\n<h3 style='font-size: 20px; border-bottom: 2px solid currentColor; padding-bottom: 5px; margin-top: 0; color: inherit; opacity: 0.8;'>Caracter\u00edsticas principales<\/h3>\n<p style='font-size: 15px; color: inherit;'>Empiece a trabajar con Access&comma; que ofrece una experiencia profesional para una puerta con dos lectores.<\/p>\n<\/p><\/div>\n<\/p><\/div>\n<div style='display: flex; flex-wrap: wrap; gap: 30px; margin-bottom: 30px;'>\n<div style='flex: 1 1 300px; min-width: 280px;'>\n<h3 style='font-size: 20px; border-bottom: 2px solid currentColor; padding-bottom: 5px; margin-top: 0; color: inherit; opacity: 0.8;'>Funciona con la aplicaci\u00f3n UniFi Access<\/h3>\n<ul style='padding-left: 20px; font-size: 15px; color: inherit;'>\n<li style='margin-bottom: 5px;'>Administre de forma centralizada sus dispositivos de acceso con una interfaz intuitiva<\/li>\n<li style='margin-bottom: 5px;'>Establezca pol\u00edticas y horarios de acceso espec\u00edficos de puertas por piso y usuario<\/li>\n<li style='margin-bottom: 5px;'>Cree usuarios&comma; establezca sus roles y asigne tarjetas NFC<\/li>\n<li style='margin-bottom: 5px;'>Revise las entradas&comma; salidas y denegaciones con un registro de eventos detallado<\/li>\n<li style='margin-bottom: 5px;'>Configure dispositivos r\u00e1pidamente y admin\u00edstrelos sobre la marcha con una potente aplicaci\u00f3n m\u00f3vil<\/li>\n<\/ul><\/div>\n<\/p><\/div>\n<div style='display: flex; flex-wrap: wrap; gap: 30px; margin-bottom: 30px;'>\n<div style='flex: 1 1 100%;'>\n<h3 style='font-size: 20px; border-bottom: 2px solid currentColor; padding-bottom: 5px; margin-top: 0; color: inherit; opacity: 0.8;'>V\u00eddeo del producto<\/h3>\n<div style='position: relative; padding-bottom: 56.25%; height: 0; overflow: hidden; margin-bottom: 30px;'>   <\/div>\n<\/p><\/div>\n<\/p><\/div>\n<div style='display: flex; flex-wrap: wrap; gap: 30px; margin-bottom: 30px;'>\n<div style='flex: 1 1 100%;'>\n<h3 style='font-size: 20px; border-bottom: 2px solid currentColor; padding-bottom: 5px; margin-top: 0; color: inherit; opacity: 0.8;'>Im\u00e1genes del producto<\/h3>\n<\/p><\/div>\n<div style='flex: 1 1 100%; display: flex; flex-wrap: wrap; gap: 15px;'>\n<div style='flex: 1 1 48%; min-width: 280px;'> <img style='width: 100%; height: auto; border: 1px solid rgba(150&comma;150&comma;150&comma;0.3); border-radius: 8px;' src='https:\/\/images.svc.ui.com\/?u=https%3A%2F%2Fcdn.ecomm.ui.com%2Fproducts%2F8e00b35d-0ca9-45c9-93f7-9b24e465744f%2F31d11630-f664-455a-bfe4-03935b0eada3.png&#038;q=75&#038;w=1920' alt=''> <\/div>\n<div style='flex: 1 1 48%; min-width: 280px;'> <img style='width: 100%; height: auto; border: 1px solid rgba(150&comma;150&comma;150&comma;0.3); border-radius: 8px;' src='https:\/\/images.svc.ui.com\/?u=https%3A%2F%2Fcdn.ecomm.ui.com%2Fproducts%2F8e00b35d-0ca9-45c9-93f7-9b24e465744f%2F1499f974-ed17-4c6d-8869-5283006aab76.png&#038;q=75&#038;w=1920' alt=''> <\/div>\n<div style='flex: 1 1 48%; min-width: 280px;'> <img style='width: 100%; height: auto; border: 1px solid rgba(150&comma;150&comma;150&comma;0.3); border-radius: 8px;' src='https:\/\/images.svc.ui.com\/?u=https%3A%2F%2Fcdn.ecomm.ui.com%2Fproducts%2F8e00b35d-0ca9-45c9-93f7-9b24e465744f%2F9d840910-0bb9-4843-9972-c8ea9884bf62.png&#038;q=75&#038;w=1920' alt=''> <\/div>\n<div style='flex: 1 1 48%; min-width: 280px;'> <img style='width: 100%; height: auto; border: 1px solid rgba(150&comma;150&comma;150&comma;0.3); border-radius: 8px;' src='https:\/\/images.svc.ui.com\/?u=https%3A%2F%2Fcdn.ecomm.ui.com%2Fproducts%2F8e00b35d-0ca9-45c9-93f7-9b24e465744f%2F0ec877eb-e61a-452c-a266-f561e5f594ee.png&#038;q=75&#038;w=1920' alt=''> <\/div>\n<div style='flex: 1 1 48%; min-width: 280px;'> <img style='width: 100%; height: auto; border: 1px solid rgba(150&comma;150&comma;150&comma;0.3); border-radius: 8px;' src='https:\/\/images.svc.ui.com\/?u=https%3A%2F%2Fcdn.ecomm.ui.com%2Fproducts%2F8e00b35d-0ca9-45c9-93f7-9b24e465744f%2F9c65763d-e8db-4476-9c41-d466cb80491d.png&#038;q=75&#038;w=2048' alt=''> <\/div>\n<div style='flex: 1 1 48%; min-width: 280px;'> <img style='width: 100%; height: auto; border: 1px solid rgba(150&comma;150&comma;150&comma;0.3); border-radius: 8px;' src='https:\/\/ftp3.syscom.mx\/usuarios\/fotos\/UASK\/195002-access_gui.jpg' alt=''> <\/div>\n<\/p><\/div>\n<\/p><\/div>\n<\/p><\/div>\n","protected":false},"excerpt":{"rendered":"<p>UniFi Access Kit de Inicio Gen2 Profesional para 1 puerta, (1) Lector NFC con pantalla t\u00e1ctil, audio 2 v\u00edas y c\u00e1mara \/ (1) Lector NFC y de movimiento UA-G2 \/ Hub para conexiones para controlar una puerta con salida POE y energizar acc<\/p>\n","protected":false},"featured_media":19985,"comment_status":"open","ping_status":"closed","template":"","meta":[],"product_brand":[],"product_cat":[788],"product_tag":[789,166,557],"class_list":{"0":"post-19986","1":"product","2":"type-product","3":"status-publish","4":"has-post-thumbnail","6":"product_cat-intercomunicadores","7":"product_tag-intercomunicadores","8":"product_tag-ubiquiti","9":"product_tag-videoporteros-e-interfonos","11":"first","12":"instock","13":"sale","14":"shipping-taxable","15":"purchasable","16":"product-type-simple"},"_links":{"self":[{"href":"https:\/\/soydeaqui.ddns.net\/pachuca\/index.php\/wp-json\/wp\/v2\/product\/19986","targetHints":{"allow":["GET"]}}],"collection":[{"href":"https:\/\/soydeaqui.ddns.net\/pachuca\/index.php\/wp-json\/wp\/v2\/product"}],"about":[{"href":"https:\/\/soydeaqui.ddns.net\/pachuca\/index.php\/wp-json\/wp\/v2\/types\/product"}],"replies":[{"embeddable":true,"href":"https:\/\/soydeaqui.ddns.net\/pachuca\/index.php\/wp-json\/wp\/v2\/comments?post=19986"}],"wp:featuredmedia":[{"embeddable":true,"href":"https:\/\/soydeaqui.ddns.net\/pachuca\/index.php\/wp-json\/wp\/v2\/media\/19985"}],"wp:attachment":[{"href":"https:\/\/soydeaqui.ddns.net\/pachuca\/index.php\/wp-json\/wp\/v2\/media?parent=19986"}],"wp:term":[{"taxonomy":"product_brand","embeddable":true,"href":"https:\/\/soydeaqui.ddns.net\/pachuca\/index.php\/wp-json\/wp\/v2\/product_brand?post=19986"},{"taxonomy":"product_cat","embeddable":true,"href":"https:\/\/soydeaqui.ddns.net\/pachuca\/index.php\/wp-json\/wp\/v2\/product_cat?post=19986"},{"taxonomy":"product_tag","embeddable":true,"href":"https:\/\/soydeaqui.ddns.net\/pachuca\/index.php\/wp-json\/wp\/v2\/product_tag?post=19986"}],"curies":[{"name":"wp","href":"https:\/\/api.w.org\/{rel}","templated":true}]}}