{"id":1993,"date":"2026-03-18T05:52:03","date_gmt":"2026-03-18T05:52:03","guid":{"rendered":"https:\/\/soydeaqui.ddns.net\/pachuca\/index.php\/producto\/altavoz-para-montaje-en-plafon-6-5-6w-12-5w-25w-50w-y-8-ohms\/"},"modified":"2026-03-18T05:52:03","modified_gmt":"2026-03-18T05:52:03","slug":"altavoz-para-montaje-en-plafon-6-5-6w-12-5w-25w-50w-y-8-ohms","status":"publish","type":"product","link":"https:\/\/soydeaqui.ddns.net\/pachuca\/index.php\/producto\/altavoz-para-montaje-en-plafon-6-5-6w-12-5w-25w-50w-y-8-ohms\/","title":{"rendered":"Altavoz Para Montaje en Plaf\u00f3n 6.5&#8243; | 6W, 12.5W, 25W, 50W y 8 Ohms"},"content":{"rendered":"<div style='width: 100%; max-width: 1200px; margin: 0 auto; font-family: sans-serif; line-height: 1.6; color: inherit; background-color: transparent;'>\n<div style='display: flex; flex-wrap: wrap; gap: 30px; margin-bottom: 30px;'>\n<div style='flex: 1 1 300px; min-width: 280px;'>\n<h3 style='font-size: 22px; border-bottom: 2px solid currentColor; padding-bottom: 5px; margin-top: 0; color: inherit; opacity: 0.8;'>Descripci\u00f3n<\/h3>\n<p style='font-size: 15px; color: inherit; text-align: center;'>Es un altavoz para techo con un transformador incorporado de 70v \/ 100v y 8 Ohms. La tecnolog\u00eda del transformador reduce las p\u00e9rdidas de l\u00ednea en mayor distancia y permite una f\u00e1cil conexi\u00f3n en paralelo de m\u00faltiples altavoces. Con su potencia de 40W m\u00e1ximo es ideal para instalaci\u00f3nes que requieren audio de gran calidad donde el plaf\u00f3n esta m\u00e1s arriba de la altura promedio.<\/p>\n<\/p><\/div>\n<\/p><\/div>\n<div style='display: flex; flex-wrap: wrap; gap: 30px; margin-bottom: 30px;'>\n<div style='flex: 1 1 300px; min-width: 280px;'>\n<h3 style='font-size: 22px; border-bottom: 2px solid currentColor; padding-bottom: 5px; margin-top: 0; color: inherit; opacity: 0.8;'>Aplicaciones<\/h3>\n<ul style='padding-left: 20px; font-size: 15px; color: inherit; display: flex; flex-wrap: wrap; list-style-type: disc; padding: 0 20px;'>\n<li style='flex: 0 0 45%; margin-bottom: 10px; color: inherit;'>Restaurantes<\/li>\n<li style='flex: 0 0 45%; margin-bottom: 10px; color: inherit;'>Gimnasios<\/li>\n<li style='flex: 0 0 45%; margin-bottom: 10px; color: inherit;'>Oficinas<\/li>\n<li style='flex: 0 0 45%; margin-bottom: 10px; color: inherit;'>Salas de junta<\/li>\n<li style='flex: 0 0 45%; margin-bottom: 10px; color: inherit;'>Universidades<\/li>\n<li style='flex: 0 0 45%; margin-bottom: 10px; color: inherit;'>Escuelas<\/li>\n<\/ul><\/div>\n<div style='flex: 1 1 300px; min-width: 280px;'>\n<h3 style='font-size: 22px; border-bottom: 2px solid currentColor; padding-bottom: 5px; margin-top: 0; color: inherit; opacity: 0.8;'>Especificaciones<\/h3>\n<ul style='padding-left: 20px; font-size: 15px; color: inherit;'>\n<li style='margin-bottom: 5px; color: inherit;'><strong>Potencia a 100V:<\/strong> 6W&comma; 12.5W&comma; 25W&comma; 50W<\/li>\n<li style='margin-bottom: 5px; color: inherit;'><strong>Potencia a 70V:<\/strong> 3W&comma; 6W&comma; 12.5W&comma; 25W&comma; 50W<\/li>\n<li style='margin-bottom: 5px; color: inherit;'><strong>Entrada:<\/strong> 8 Ohms<\/li>\n<li style='margin-bottom: 5px; color: inherit;'><strong>Material:<\/strong> Pl\u00e1stico&comma; rejilla met\u00e1lica<\/li>\n<li style='margin-bottom: 5px; color: inherit;'><strong>Di\u00e1metro Empotrable:<\/strong> 250 mm<\/li>\n<li style='margin-bottom: 5px; color: inherit;'><strong>Dimensiones:<\/strong> 280 x 190 mm<\/li>\n<\/ul><\/div>\n<\/p><\/div>\n<div style='display: flex; flex-wrap: wrap; gap: 30px; margin-bottom: 30px;'>\n<div style='flex: 1 1 300px; min-width: 280px;'>\n<h3 style='font-size: 22px; border-bottom: 2px solid currentColor; padding-bottom: 5px; margin-top: 0; color: inherit; opacity: 0.8;'>Im\u00e1genes<\/h3>\n<div style='margin-bottom: 20px;'> <img style='width: 100%; height: auto; border: 1px solid rgba(150&comma;150&comma;150&comma;0.3); border-radius: 8px;' src='https:\/\/ftp3.syscom.mx\/usuarios\/fotos\/SF208P\/196708-bocinas.png' alt=''> <\/div>\n<div> <img style='width: 100%; height: auto; border: 1px solid rgba(150&comma;150&comma;150&comma;0.3); border-radius: 8px;' src='https:\/\/ftp3.syscom.mx\/usuarios\/fotos\/SF208P\/196708-sf-208p.jpg' alt=''> <\/div>\n<\/p><\/div>\n<\/p><\/div>\n<\/p><\/div>\n","protected":false},"excerpt":{"rendered":"<p>Altavoz Para Montaje en Plaf\u00f3n 6.5&#8243; | 6W, 12.5W, 25W, 50W y 8 Ohms<\/p>\n","protected":false},"featured_media":1992,"comment_status":"open","ping_status":"closed","template":"","meta":[],"product_brand":[],"product_cat":[108],"product_tag":[110,109],"class_list":{"0":"post-1993","1":"product","2":"type-product","3":"status-publish","4":"has-post-thumbnail","6":"product_cat-epcom-proaudio","7":"product_tag-epcom-proaudio","8":"product_tag-megafonia-y-audioevacuacion","10":"first","11":"instock","12":"sale","13":"shipping-taxable","14":"purchasable","15":"product-type-simple"},"_links":{"self":[{"href":"https:\/\/soydeaqui.ddns.net\/pachuca\/index.php\/wp-json\/wp\/v2\/product\/1993","targetHints":{"allow":["GET"]}}],"collection":[{"href":"https:\/\/soydeaqui.ddns.net\/pachuca\/index.php\/wp-json\/wp\/v2\/product"}],"about":[{"href":"https:\/\/soydeaqui.ddns.net\/pachuca\/index.php\/wp-json\/wp\/v2\/types\/product"}],"replies":[{"embeddable":true,"href":"https:\/\/soydeaqui.ddns.net\/pachuca\/index.php\/wp-json\/wp\/v2\/comments?post=1993"}],"wp:featuredmedia":[{"embeddable":true,"href":"https:\/\/soydeaqui.ddns.net\/pachuca\/index.php\/wp-json\/wp\/v2\/media\/1992"}],"wp:attachment":[{"href":"https:\/\/soydeaqui.ddns.net\/pachuca\/index.php\/wp-json\/wp\/v2\/media?parent=1993"}],"wp:term":[{"taxonomy":"product_brand","embeddable":true,"href":"https:\/\/soydeaqui.ddns.net\/pachuca\/index.php\/wp-json\/wp\/v2\/product_brand?post=1993"},{"taxonomy":"product_cat","embeddable":true,"href":"https:\/\/soydeaqui.ddns.net\/pachuca\/index.php\/wp-json\/wp\/v2\/product_cat?post=1993"},{"taxonomy":"product_tag","embeddable":true,"href":"https:\/\/soydeaqui.ddns.net\/pachuca\/index.php\/wp-json\/wp\/v2\/product_tag?post=1993"}],"curies":[{"name":"wp","href":"https:\/\/api.w.org\/{rel}","templated":true}]}}