{"id":1953,"date":"2026-03-18T05:51:40","date_gmt":"2026-03-18T05:51:40","guid":{"rendered":"https:\/\/soydeaqui.ddns.net\/pachuca\/index.php\/producto\/kit-de-microfonia-inalambrico-2-microfonos-de-lavalier-receptor-uhf-pantalla-lcd-200-canales-gran-cobertura\/"},"modified":"2026-03-18T05:51:42","modified_gmt":"2026-03-18T05:51:42","slug":"kit-de-microfonia-inalambrico-2-microfonos-de-lavalier-receptor-uhf-pantalla-lcd-200-canales-gran-cobertura","status":"publish","type":"product","link":"https:\/\/soydeaqui.ddns.net\/pachuca\/index.php\/producto\/kit-de-microfonia-inalambrico-2-microfonos-de-lavalier-receptor-uhf-pantalla-lcd-200-canales-gran-cobertura\/","title":{"rendered":"Kit de Microfon\u00eda inal\u00e1mbrico | 2 Micr\u00f3fonos de Lavalier | Receptor UHF | Pantalla LCD | 200 Canales |\u00a0Gran cobertura"},"content":{"rendered":"<div style='width: 100%; max-width: 1200px; margin: 0 auto; font-family: sans-serif; line-height: 1.6; color: inherit; background-color: transparent;'> <!-- Imagen principal --> <\/p>\n<div style='width: 100%; display: flex; justify-content: center; margin: 30px 0;'> <img style='width: 40%; height: auto; border: 1px solid rgba(150&comma;150&comma;150&comma;0.3); border-radius: 8px;' src='https:\/\/ftp3.syscom.mx\/usuarios\/luis.vargas\/EpcomProAudio\/epcom_proaudio.png' alt=''> <\/div>\n<p> <!-- Secci\u00f3n de contenido con flex\/grid --> <\/p>\n<div style='display: flex; flex-wrap: wrap; gap: 30px; margin-bottom: 30px;'>\n<div style='flex: 1 1 300px; min-width: 280px;'>\n<h3 style='font-size: 22px; border-bottom: 2px solid currentColor; padding-bottom: 5px; margin-top: 0; color: inherit; opacity: 0.8;'>Informaci\u00f3n del Producto<\/h3>\n<ul style='padding-left: 20px; font-size: 15px; color: inherit;'>\n<li style='margin-bottom: 5px;'>El receptor utiliza un avanzado sistema de control de CPU de microordenador y circuito cerrado de fase PLL y puede ser compatible con la selecci\u00f3n manual de frecuencia y el bloqueo autom\u00e1tico de frecuencia infrarroja.<\/li>\n<\/ul><\/div>\n<div style='flex: 1 1 300px; min-width: 280px;'>\n<h3 style='font-size: 22px; border-bottom: 2px solid currentColor; padding-bottom: 5px; margin-top: 0; color: inherit; opacity: 0.8;'>Caracter\u00edsticas Generales<\/h3>\n<ul style='padding-left: 20px; font-size: 15px; color: inherit;'>\n<li style='margin-bottom: 5px;'>Admite 6 conjuntos de 12 frecuencias al mismo tiempo y se puede evitar la interfaz en uso.<\/li>\n<li style='margin-bottom: 5px;'>La calidad del sonido es profesional dise\u00f1ada de acuerdo con el aula y la sala de reuniones.<\/li>\n<li style='margin-bottom: 5px;'>Distancia de recepci\u00f3n de los microfonos inal\u00e1mbricos (100 Metros dependiendo del ambiente).<\/li>\n<li style='margin-bottom: 5px;'>Duraci\u00f3n de la bater\u00eda en microfonos: 10 Horas a 30mW&comma; 15 Horas a 3mW.<\/li>\n<li style='margin-bottom: 5px;'>Acepta 2 microfonos inal\u00e1mbricos.<\/li>\n<\/ul><\/div>\n<div style='flex: 1 1 300px; min-width: 280px;'>\n<h3 style='font-size: 22px; border-bottom: 2px solid currentColor; padding-bottom: 5px; margin-top: 0; color: inherit; opacity: 0.8;'>Especificaciones<\/h3>\n<ul style='padding-left: 20px; font-size: 15px; color: inherit;'>\n<li style='margin-bottom: 5px;'><strong>N\u00famero de canales:<\/strong> 200<\/li>\n<li style='margin-bottom: 5px;'><strong>Frecuencia de trabajo:<\/strong> 640-857MHz<\/li>\n<li style='margin-bottom: 5px;'><strong>Espacio entre canal:<\/strong> 250KHz<\/li>\n<li style='margin-bottom: 5px;'><strong>Rango din\u00e1mico:<\/strong> 100dB<\/li>\n<li style='margin-bottom: 5px;'><strong>M\u00e1xima desviaci\u00f3n:<\/strong> +\/- 45KHz<\/li>\n<li style='margin-bottom: 5px;'><strong>Temperatura de operaci\u00f3n:<\/strong> -10\u00b0C + 60\u00b0C<\/li>\n<\/ul><\/div>\n<\/p><\/div>\n<p> <!-- Separador --> <\/p>\n<hr style='border: 0; border-top: 1px solid rgba(150&comma; 150&comma; 150&comma; 0.3); margin: 30px 0;'> <\/div>\n","protected":false},"excerpt":{"rendered":"<p>Kit de Microfon\u00eda inal\u00e1mbrico | 2 Micr\u00f3fonos de Lavalier | Receptor UHF | Pantalla LCD | 200 Canales |\u00a0Gran cobertura<\/p>\n","protected":false},"featured_media":1952,"comment_status":"open","ping_status":"closed","template":"","meta":[],"product_brand":[],"product_cat":[108],"product_tag":[110,109],"class_list":{"0":"post-1953","1":"product","2":"type-product","3":"status-publish","4":"has-post-thumbnail","6":"product_cat-epcom-proaudio","7":"product_tag-epcom-proaudio","8":"product_tag-megafonia-y-audioevacuacion","10":"first","11":"outofstock","12":"sale","13":"shipping-taxable","14":"purchasable","15":"product-type-simple"},"_links":{"self":[{"href":"https:\/\/soydeaqui.ddns.net\/pachuca\/index.php\/wp-json\/wp\/v2\/product\/1953","targetHints":{"allow":["GET"]}}],"collection":[{"href":"https:\/\/soydeaqui.ddns.net\/pachuca\/index.php\/wp-json\/wp\/v2\/product"}],"about":[{"href":"https:\/\/soydeaqui.ddns.net\/pachuca\/index.php\/wp-json\/wp\/v2\/types\/product"}],"replies":[{"embeddable":true,"href":"https:\/\/soydeaqui.ddns.net\/pachuca\/index.php\/wp-json\/wp\/v2\/comments?post=1953"}],"wp:featuredmedia":[{"embeddable":true,"href":"https:\/\/soydeaqui.ddns.net\/pachuca\/index.php\/wp-json\/wp\/v2\/media\/1952"}],"wp:attachment":[{"href":"https:\/\/soydeaqui.ddns.net\/pachuca\/index.php\/wp-json\/wp\/v2\/media?parent=1953"}],"wp:term":[{"taxonomy":"product_brand","embeddable":true,"href":"https:\/\/soydeaqui.ddns.net\/pachuca\/index.php\/wp-json\/wp\/v2\/product_brand?post=1953"},{"taxonomy":"product_cat","embeddable":true,"href":"https:\/\/soydeaqui.ddns.net\/pachuca\/index.php\/wp-json\/wp\/v2\/product_cat?post=1953"},{"taxonomy":"product_tag","embeddable":true,"href":"https:\/\/soydeaqui.ddns.net\/pachuca\/index.php\/wp-json\/wp\/v2\/product_tag?post=1953"}],"curies":[{"name":"wp","href":"https:\/\/api.w.org\/{rel}","templated":true}]}}