{"id":19465,"date":"2026-03-18T10:03:31","date_gmt":"2026-03-18T10:03:31","guid":{"rendered":"https:\/\/soydeaqui.ddns.net\/pachuca\/index.php\/producto\/estacion-manual-a-prueba-de-explosion\/"},"modified":"2026-03-18T10:03:33","modified_gmt":"2026-03-18T10:03:33","slug":"estacion-manual-a-prueba-de-explosion","status":"publish","type":"product","link":"https:\/\/soydeaqui.ddns.net\/pachuca\/index.php\/producto\/estacion-manual-a-prueba-de-explosion\/","title":{"rendered":"Estaci\u00f3n manual a prueba de explosi\u00f3n"},"content":{"rendered":"<div style='width: 100%; max-width: 1200px; margin: 0 auto; font-family: sans-serif; line-height: 1.6; color: inherit; background-color: transparent;'> <!-- Secci\u00f3n de aplicaciones --> <\/p>\n<div style='display: flex; flex-wrap: wrap; gap: 30px; margin-bottom: 30px;'>\n<div style='flex: 1 1 300px; min-width: 280px;'>\n<h3 style='font-size: 22px; border-bottom: 2px solid currentColor; padding-bottom: 5px; margin-top: 0; color: inherit; opacity: 0.8;'>Aplicaciones<\/h3>\n<ul style='padding-left: 20px; font-size: 15px; color: inherit;'>\n<li style='margin-bottom: 5px;'>\u00c1reas peligrosas por presencia de gases inflamables o vapores<\/li>\n<li style='margin-bottom: 5px;'>\u00c1reas con polvos combustibles o fibras f\u00e1cilmente inflamables<\/li>\n<li style='margin-bottom: 5px;'>Instalaci\u00f3n en refiner\u00edas de petr\u00f3leo&comma; plantas qu\u00edmicas y petroqu\u00edmicas<\/li>\n<li style='margin-bottom: 5px;'>\u00c1reas de almacenamiento y otras instalaciones de procesamiento<\/li>\n<li style='margin-bottom: 5px;'>Control de emergencia de circuitos de alarma o se\u00f1ales<\/li>\n<\/ul><\/div>\n<\/p><\/div>\n<p> <!-- Secci\u00f3n de especificaciones t\u00e9cnicas --> <\/p>\n<div style='display: flex; flex-wrap: wrap; gap: 20px; margin-bottom: 30px;'>\n<div style='flex: 1 1 250px; border: 1px solid rgba(150&comma; 150&comma; 150&comma; 0.4); border-radius: 8px; overflow: hidden; display: flex; flex-direction: column;'>\n<div style='padding: 15px; border-bottom: 1px solid rgba(150&comma; 150&comma; 150&comma; 0.2); font-weight: bold; font-size: 18px; color: inherit;'>Caracter\u00edsticas T\u00e9cnicas<\/div>\n<div style='padding: 15px; color: inherit;'>\n<ul style='padding-left: 20px; margin: 0; font-size: 14px; list-style-type: disc;'>\n<li style='margin-bottom: 5px;'>Construcci\u00f3n en aleaci\u00f3n de aluminio libre de cobre<\/li>\n<li style='margin-bottom: 5px;'>Roscas de entrada de 3\/4&#8242; NPT<\/li>\n<li style='margin-bottom: 5px;'>Acabado en pintura ep\u00f3xica roja texturizada<\/li>\n<li style='margin-bottom: 5px;'>Placa de identificaci\u00f3n biling\u00fce (seg\u00fan requisito CSA)<\/li>\n<li style='margin-bottom: 5px;'>Tornillo de tierra interno est\u00e1ndar<\/li>\n<\/ul><\/div>\n<\/p><\/div>\n<p> <!-- Secci\u00f3n de operaci\u00f3n --> <\/p>\n<div style='flex: 1 1 250px; border: 1px solid rgba(150&comma; 150&comma; 150&comma; 0.4); border-radius: 8px; overflow: hidden; display: flex; flex-direction: column;'>\n<div style='padding: 15px; border-bottom: 1px solid rgba(150&comma; 150&comma; 150&comma; 0.2); font-weight: bold; font-size: 18px; color: inherit;'>Operaci\u00f3n<\/div>\n<div style='padding: 15px; color: inherit;'>\n<ul style='padding-left: 20px; margin: 0; font-size: 14px; list-style-type: disc;'>\n<li style='margin-bottom: 5px;'>XAL-53: Activaci\u00f3n mediante anillo de tir\u00f3n<\/li>\n<li style='margin-bottom: 5px;'>Proceso de activaci\u00f3n en dos pasos: levantar tapa y tirar del anillo<\/li>\n<li style='margin-bottom: 5px;'>Reinicio mediante reemplazo del vidrio (solo XAS)<\/li>\n<li style='margin-bottom: 5px;'>Dise\u00f1o que previene operaci\u00f3n no intencional<\/li>\n<\/ul><\/div>\n<\/p><\/div>\n<p> <!-- Secci\u00f3n de contactos --> <\/p>\n<div style='flex: 1 1 250px; border: 1px solid rgba(150&comma; 150&comma; 150&comma; 0.4); border-radius: 8px; overflow: hidden; display: flex; flex-direction: column;'>\n<div style='padding: 15px; border-bottom: 1px solid rgba(150&comma; 150&comma; 150&comma; 0.2); font-weight: bold; font-size: 18px; color: inherit;'>Contactos<\/div>\n<div style='padding: 15px; color: inherit;'>\n<ul style='padding-left: 20px; margin: 0; font-size: 14px; list-style-type: disc;'>\n<li style='margin-bottom: 5px;'>Modelo XAL-53: (1) contacto NO\/NC<\/li>\n<li style='margin-bottom: 5px;'>Modelo XAL-458: (2) contactos NO y (2) contactos NC<\/li>\n<\/ul><\/div>\n<\/p><\/div>\n<p> <!-- Secci\u00f3n de ratings --> <\/p>\n<div style='flex: 1 1 250px; border: 1px solid rgba(150&comma; 150&comma; 150&comma; 0.4); border-radius: 8px; overflow: hidden; display: flex; flex-direction: column;'>\n<div style='padding: 15px; border-bottom: 1px solid rgba(150&comma; 150&comma; 150&comma; 0.2); font-weight: bold; font-size: 18px; color: inherit;'>Ratings<\/div>\n<div style='padding: 15px; color: inherit;'>\n<ul style='padding-left: 20px; margin: 0; font-size: 14px; list-style-type: disc;'>\n<li style='margin-bottom: 5px;'><strong>120V AC:<\/strong> 60VA \/ 7200VA portancia<\/li>\n<li style='margin-bottom: 5px;'><strong>240V AC:<\/strong> 30VA \/ 7200VA portancia<\/li>\n<li style='margin-bottom: 5px;'><strong>480V AC:<\/strong> 15VA \/ 7200VA portancia<\/li>\n<li style='margin-bottom: 5px;'><strong>600V AC:<\/strong> 12VA \/ 7200VA portancia<\/li>\n<\/ul><\/div>\n<\/p><\/div>\n<p> <!-- Secci\u00f3n de certificaciones --> <\/p>\n<div style='flex: 1 1 250px; border: 1px solid rgba(150&comma; 150&comma; 150&comma; 0.4); border-radius: 8px; overflow: hidden; display: flex; flex-direction: column;'>\n<div style='padding: 15px; border-bottom: 1px solid rgba(150&comma; 150&comma; 150&comma; 0.2); font-weight: bold; font-size: 18px; color: inherit;'>Certificaciones<\/div>\n<div style='padding: 15px; color: inherit;'>\n<ul style='padding-left: 20px; margin: 0; font-size: 14px; list-style-type: disc;'>\n<li style='margin-bottom: 5px;'>Clase I&comma; Div. 1 &#038; 2&comma; Grupos C&comma; D<\/li>\n<li style='margin-bottom: 5px;'>Clase I&comma; Zonas 1 &#038; 2&comma; Grupos llB&comma; llA<\/li>\n<li style='margin-bottom: 5px;'>Clase II&comma; Div. 1 &#038; 2&comma; Grupos E&comma; F&comma; G<\/li>\n<li style='margin-bottom: 5px;'>Clase III<\/li>\n<li style='margin-bottom: 5px;'>NEMA 7 (C&comma; D) 9 (E&comma; F&comma; G)<\/li>\n<li style='margin-bottom: 5px;'>Listado UL &#8211; File E50498<\/li>\n<li style='margin-bottom: 5px;'>Certificado CE69 &#8211; File LR31085<\/li>\n<li style='margin-bottom: 5px;'>Listado por California State Fire Marshall<\/li>\n<\/ul><\/div>\n<\/p><\/div>\n<p> <!-- Secci\u00f3n de repuestos --> <\/p>\n<div style='flex: 1 1 250px; border: 1px solid rgba(150&comma; 150&comma; 150&comma; 0.4); border-radius: 8px; overflow: hidden; display: flex; flex-direction: column;'>\n<div style='padding: 15px; border-bottom: 1px solid rgba(150&comma; 150&comma; 150&comma; 0.2); font-weight: bold; font-size: 18px; color: inherit;'>Repuestos<\/div>\n<div style='padding: 15px; color: inherit;'>\n<ul style='padding-left: 20px; margin: 0; font-size: 14px; list-style-type: disc;'>\n<li style='margin-bottom: 5px;'><strong>YOKK15214:<\/strong> Vidrio de repuesto para XAS<\/li>\n<li style='margin-bottom: 5px;'><strong>KIT-232:<\/strong> Martillo y cadena de repuesto para XAS<\/li>\n<\/ul><\/div>\n<\/p><\/div>\n<\/p><\/div>\n<p> <!-- Separador --> <\/p>\n<hr style='border: 0; border-top: 1px solid rgba(150&comma; 150&comma; 150&comma; 0.3); margin: 30px 0;'> <\/div>\n","protected":false},"excerpt":{"rendered":"<p>Estaci\u00f3n manual a prueba de explosi\u00f3n<\/p>\n","protected":false},"featured_media":19464,"comment_status":"open","ping_status":"closed","template":"","meta":[],"product_brand":[],"product_cat":[521],"product_tag":[522,519,704],"class_list":{"0":"post-19465","1":"product","2":"type-product","3":"status-publish","4":"has-post-thumbnail","6":"product_cat-estaciones-manuales-de-emergencia-dispositivos-convencionales","7":"product_tag-dispositivos-convencionales","8":"product_tag-estaciones-manuales-de-emergencia","9":"product_tag-hubbell-killark","11":"first","12":"instock","13":"sale","14":"shipping-taxable","15":"purchasable","16":"product-type-simple"},"_links":{"self":[{"href":"https:\/\/soydeaqui.ddns.net\/pachuca\/index.php\/wp-json\/wp\/v2\/product\/19465","targetHints":{"allow":["GET"]}}],"collection":[{"href":"https:\/\/soydeaqui.ddns.net\/pachuca\/index.php\/wp-json\/wp\/v2\/product"}],"about":[{"href":"https:\/\/soydeaqui.ddns.net\/pachuca\/index.php\/wp-json\/wp\/v2\/types\/product"}],"replies":[{"embeddable":true,"href":"https:\/\/soydeaqui.ddns.net\/pachuca\/index.php\/wp-json\/wp\/v2\/comments?post=19465"}],"wp:featuredmedia":[{"embeddable":true,"href":"https:\/\/soydeaqui.ddns.net\/pachuca\/index.php\/wp-json\/wp\/v2\/media\/19464"}],"wp:attachment":[{"href":"https:\/\/soydeaqui.ddns.net\/pachuca\/index.php\/wp-json\/wp\/v2\/media?parent=19465"}],"wp:term":[{"taxonomy":"product_brand","embeddable":true,"href":"https:\/\/soydeaqui.ddns.net\/pachuca\/index.php\/wp-json\/wp\/v2\/product_brand?post=19465"},{"taxonomy":"product_cat","embeddable":true,"href":"https:\/\/soydeaqui.ddns.net\/pachuca\/index.php\/wp-json\/wp\/v2\/product_cat?post=19465"},{"taxonomy":"product_tag","embeddable":true,"href":"https:\/\/soydeaqui.ddns.net\/pachuca\/index.php\/wp-json\/wp\/v2\/product_tag?post=19465"}],"curies":[{"name":"wp","href":"https:\/\/api.w.org\/{rel}","templated":true}]}}