{"id":19172,"date":"2026-03-18T09:57:53","date_gmt":"2026-03-18T09:57:53","guid":{"rendered":"https:\/\/soydeaqui.ddns.net\/pachuca\/index.php\/producto\/distribuidor-de-fibra-ptica-de-alta-densidad-ligthverse-plus-para-rack-de-19-pulgadas-acepta-4-placas-plug-and-play-hasta-96-fibras-1-ur\/"},"modified":"2026-03-18T09:57:58","modified_gmt":"2026-03-18T09:57:58","slug":"distribuidor-de-fibra-ptica-de-alta-densidad-ligthverse-plus-para-rack-de-19-pulgadas-acepta-4-placas-plug-and-play-hasta-96-fibras-1-ur","status":"publish","type":"product","link":"https:\/\/soydeaqui.ddns.net\/pachuca\/index.php\/producto\/distribuidor-de-fibra-ptica-de-alta-densidad-ligthverse-plus-para-rack-de-19-pulgadas-acepta-4-placas-plug-and-play-hasta-96-fibras-1-ur\/","title":{"rendered":"Distribuidor de Fibra ?ptica de Alta Densidad LigthVerse *Plus* Para Rack de 19 Pulgadas, Acepta 4 Placas Plug and Play, Hasta 96 Fibras, 1 UR"},"content":{"rendered":"<div style='width: 100%; max-width: 1200px; margin: 0 auto; font-family: sans-serif; line-height: 1.6; color: inherit; background-color: transparent;'>\n<div style='display: flex; flex-wrap: wrap; gap: 30px; margin-bottom: 30px;'>\n<div style='flex: 1 1 300px; min-width: 280px;'>\n<h3 style='font-size: 22px; border-bottom: 2px solid currentColor; padding-bottom: 5px; margin-top: 0; color: inherit; opacity: 0.8;'>Caracter\u00edsticas Principales<\/h3>\n<ul style='padding-left: 20px; font-size: 15px; color: inherit;'>\n<li style='margin-bottom: 5px;'>Bandeja deslizable para acceso f\u00e1cil delantero\/trasero<\/li>\n<li style='margin-bottom: 5px;'>Compatibilidad con placas adaptadoras LightVerse<\/li>\n<li style='margin-bottom: 5px;'>Porta etiquetas integrado y organizadores de cable<\/li>\n<li style='margin-bottom: 5px;'>Funcionalidad mejorada para todo tipo de sitios<\/li>\n<li style='margin-bottom: 5px;'>Soporta 96 fibras en 1U de rack<\/li>\n<\/ul><\/div>\n<\/p><\/div>\n<div style='display: flex; flex-wrap: wrap; gap: 30px; margin-bottom: 30px;'>\n<div style='flex: 1 1 300px; min-width: 280px;'>\n<h3 style='font-size: 22px; border-bottom: 2px solid currentColor; padding-bottom: 5px; margin-top: 0; color: inherit; opacity: 0.8;'>Especificaciones T\u00e9cnicas<\/h3>\n<ul style='padding-left: 20px; font-size: 15px; color: inherit;'>\n<li style='margin-bottom: 5px;'><strong>Capacidad:<\/strong> Hasta 96 fibras en 1U de rack<\/li>\n<li style='margin-bottom: 5px;'><strong>Acceso:<\/strong> Cubierta removible&comma; bandeja deslizable<\/li>\n<li style='margin-bottom: 5px;'><strong>Compatibilidad:<\/strong> Placas adaptadoras LightVerse&comma; m\u00f3dulos Plug &#038; Play y casetes de empalme<\/li>\n<li style='margin-bottom: 5px;'><strong>Identificaci\u00f3n:<\/strong> Porta etiquetas integrado<\/li>\n<li style='margin-bottom: 5px;'><strong>Gesti\u00f3n de cables:<\/strong> Organizadores de cable al frente y atr\u00e1s<\/li>\n<\/ul><\/div>\n<div style='flex: 1 1 300px; min-width: 280px;'>\n<h3 style='font-size: 22px; border-bottom: 2px solid currentColor; padding-bottom: 5px; margin-top: 0; color: inherit; opacity: 0.8;'>Caracter\u00edsticas de Instalaci\u00f3n<\/h3>\n<ul style='padding-left: 20px; font-size: 15px; color: inherit;'>\n<li style='margin-bottom: 5px;'><strong>Instalaci\u00f3n:<\/strong> Sistema de latch integrado para instalaci\u00f3n\/remoci\u00f3n con una mano<\/li>\n<li style='margin-bottom: 5px;'><strong>Accesibilidad:<\/strong> Acceso frontal y trasero a los adaptadores<\/li>\n<li style='margin-bottom: 5px;'><strong>Flexibilidad:<\/strong> Compatibilidad con m\u00faltiples tipos de conectores (LC&comma; MTP&comma; SC&comma; ST&comma; APC FC)<\/li>\n<li style='margin-bottom: 5px;'><strong>Opciones de fibra:<\/strong> Singlemode y Multimode<\/li>\n<\/ul><\/div>\n<\/p><\/div>\n<div style='display: flex; flex-wrap: wrap; gap: 20px; margin-bottom: 30px;'>\n<div style='flex: 1 1 250px; border: 1px solid rgba(150&comma; 150&comma; 150&comma; 0.4); border-radius: 8px; overflow: hidden; display: flex; flex-direction: column;'>\n<div style='padding: 15px; border-bottom: 1px solid rgba(150&comma; 150&comma; 150&comma; 0.2); font-weight: bold; font-size: 18px; color: inherit;'>Opciones de Conectores<\/div>\n<div style='padding: 15px; color: inherit;'>\n<ul style='padding-left: 20px; margin: 0; font-size: 14px; list-style-type: disc;'>\n<li style='margin-bottom: 5px;'>LC (Shuttered y Non Shuttered)<\/li>\n<li style='margin-bottom: 5px;'>MTP (1&comma; 2 o 4 puertos)<\/li>\n<li style='margin-bottom: 5px;'>SC<\/li>\n<li style='margin-bottom: 5px;'>ST<\/li>\n<li style='margin-bottom: 5px;'>APC FC<\/li>\n<\/ul><\/div>\n<\/p><\/div>\n<div style='flex: 1 1 250px; border: 1px solid rgba(150&comma; 150&comma; 150&comma; 0.4); border-radius: 8px; overflow: hidden; display: flex; flex-direction: column;'>\n<div style='padding: 15px; border-bottom: 1px solid rgba(150&comma; 150&comma; 150&comma; 0.2); font-weight: bold; font-size: 18px; color: inherit;'>Opciones de Fibra<\/div>\n<div style='padding: 15px; color: inherit;'>\n<ul style='padding-left: 20px; margin: 0; font-size: 14px; list-style-type: disc;'>\n<li style='margin-bottom: 5px;'>Singlemode (SM)<\/li>\n<li style='margin-bottom: 5px;'>Multimode (MM)<\/li>\n<li style='margin-bottom: 5px;'>APC (Angled Physical Contact)<\/li>\n<\/ul><\/div>\n<\/p><\/div>\n<div style='flex: 1 1 250px; border: 1px solid rgba(150&comma; 150&comma; 150&comma; 0.4); border-radius: 8px; overflow: hidden; display: flex; flex-direction: column;'>\n<div style='padding: 15px; border-bottom: 1px solid rgba(150&comma; 150&comma; 150&comma; 0.2); font-weight: bold; font-size: 18px; color: inherit;'>Opciones de Cuenta de Fibra<\/div>\n<div style='padding: 15px; color: inherit;'>\n<ul style='padding-left: 20px; margin: 0; font-size: 14px; list-style-type: disc;'>\n<li style='margin-bottom: 5px;'>6&comma; 8&comma; 12&comma; 16 y 24 fibras<\/li>\n<\/ul><\/div>\n<\/p><\/div>\n<\/p><\/div>\n<hr style='border: 0; border-top: 1px solid rgba(150&comma; 150&comma; 150&comma; 0.3); margin: 30px 0;'>\n<div style='display: flex; flex-wrap: wrap; gap: 30px; margin-bottom: 30px;'>\n<div style='flex: 1 1 300px; min-width: 280px;'>\n<h3 style='font-size: 22px; border-bottom: 2px solid currentColor; padding-bottom: 5px; margin-top: 0; color: inherit; opacity: 0.8;'>Aplicaciones<\/h3>\n<ul style='padding-left: 20px; font-size: 15px; color: inherit;'>\n<li style='margin-bottom: 5px;'>Centros de datos de alta densidad<\/li>\n<li style='margin-bottom: 5px;'>Redes empresariales<\/li>\n<li style='margin-bottom: 5px;'>Infraestructura de telecomunicaciones<\/li>\n<li style='margin-bottom: 5px;'>Instalaciones de fibra \u00f3ptica en entornos industriales<\/li>\n<\/ul><\/div>\n<div style='flex: 1 1 300px; min-width: 280px;'>\n<h3 style='font-size: 22px; border-bottom: 2px solid currentColor; padding-bottom: 5px; margin-top: 0; color: inherit; opacity: 0.8;'>Caracter\u00edsticas de Gesti\u00f3n<\/h3>\n<ul style='padding-left: 20px; font-size: 15px; color: inherit;'>\n<li style='margin-bottom: 5px;'>Dise\u00f1o modular para f\u00e1cil expansi\u00f3n<\/li>\n<li style='margin-bottom: 5px;'>Sistema de color-coding para identificaci\u00f3n r\u00e1pida<\/li>\n<li style='margin-bottom: 5px;'>Gesti\u00f3n de cables optimizada<\/li>\n<li style='margin-bottom: 5px;'>Compatibilidad con est\u00e1ndares industriales<\/li>\n<\/ul><\/div>\n<\/p><\/div>\n<\/p><\/div>\n","protected":false},"excerpt":{"rendered":"<p>Distribuidor de Fibra ?ptica de Alta Densidad LigthVerse *Plus* Para Rack de 19 Pulgadas, Acepta 4 Placas Plug and Play, Hasta 96 Fibras, 1 UR<\/p>\n","protected":false},"featured_media":19171,"comment_status":"open","ping_status":"closed","template":"","meta":[],"product_brand":[],"product_cat":[621],"product_tag":[622,611,600],"class_list":{"0":"post-19172","1":"product","2":"type-product","3":"status-publish","4":"has-post-thumbnail","6":"product_cat-distribuidores-de-fibra-optica","7":"product_tag-distribuidores-de-fibra-optica","8":"product_tag-fibra-optica","9":"product_tag-siemon","11":"first","12":"instock","13":"sale","14":"shipping-taxable","15":"purchasable","16":"product-type-simple"},"_links":{"self":[{"href":"https:\/\/soydeaqui.ddns.net\/pachuca\/index.php\/wp-json\/wp\/v2\/product\/19172","targetHints":{"allow":["GET"]}}],"collection":[{"href":"https:\/\/soydeaqui.ddns.net\/pachuca\/index.php\/wp-json\/wp\/v2\/product"}],"about":[{"href":"https:\/\/soydeaqui.ddns.net\/pachuca\/index.php\/wp-json\/wp\/v2\/types\/product"}],"replies":[{"embeddable":true,"href":"https:\/\/soydeaqui.ddns.net\/pachuca\/index.php\/wp-json\/wp\/v2\/comments?post=19172"}],"wp:featuredmedia":[{"embeddable":true,"href":"https:\/\/soydeaqui.ddns.net\/pachuca\/index.php\/wp-json\/wp\/v2\/media\/19171"}],"wp:attachment":[{"href":"https:\/\/soydeaqui.ddns.net\/pachuca\/index.php\/wp-json\/wp\/v2\/media?parent=19172"}],"wp:term":[{"taxonomy":"product_brand","embeddable":true,"href":"https:\/\/soydeaqui.ddns.net\/pachuca\/index.php\/wp-json\/wp\/v2\/product_brand?post=19172"},{"taxonomy":"product_cat","embeddable":true,"href":"https:\/\/soydeaqui.ddns.net\/pachuca\/index.php\/wp-json\/wp\/v2\/product_cat?post=19172"},{"taxonomy":"product_tag","embeddable":true,"href":"https:\/\/soydeaqui.ddns.net\/pachuca\/index.php\/wp-json\/wp\/v2\/product_tag?post=19172"}],"curies":[{"name":"wp","href":"https:\/\/api.w.org\/{rel}","templated":true}]}}