{"id":18357,"date":"2026-03-18T09:42:29","date_gmt":"2026-03-18T09:42:29","guid":{"rendered":"https:\/\/soydeaqui.ddns.net\/pachuca\/index.php\/producto\/charola-ventilada-para-soportar-equipos-en-rack-profundidad-ajustable-de-495-a-965-mm-1u-color-negro\/"},"modified":"2026-03-18T09:42:35","modified_gmt":"2026-03-18T09:42:35","slug":"charola-ventilada-para-soportar-equipos-en-rack-profundidad-ajustable-de-495-a-965-mm-1u-color-negro","status":"publish","type":"product","link":"https:\/\/soydeaqui.ddns.net\/pachuca\/index.php\/producto\/charola-ventilada-para-soportar-equipos-en-rack-profundidad-ajustable-de-495-a-965-mm-1u-color-negro\/","title":{"rendered":"Charola Ventilada para Soportar Equipos en Rack, Profundidad Ajustable de 495 a 965 mm, 1U, Color Negro"},"content":{"rendered":"<div style='width: 100%; max-width: 1200px; margin: 0 auto; font-family: sans-serif; line-height: 1.6; color: inherit; background-color: transparent;'> <!-- Secci\u00f3n de descripci\u00f3n --> <\/p>\n<div style='margin-bottom: 30px;'>\n<p style='color: inherit; font-size: 15px; margin: 0 0 15px 0;'>Las charolas de Linkedpro son la mejor opci\u00f3n para instalaci\u00f3n de equipos en Gabinetes y Racks de telecomunicaciones.<\/p>\n<\/p><\/div>\n<p> <!-- Secci\u00f3n de caracter\u00edsticas --> <\/p>\n<div style='display: flex; flex-wrap: wrap; gap: 30px; margin-bottom: 30px;'>\n<div style='flex: 1 1 300px; min-width: 280px;'>\n<h3 style='font-size: 22px; border-bottom: 2px solid currentColor; padding-bottom: 5px; margin-top: 0; color: inherit; opacity: 0.8;'>Caracter\u00edsticas Principales<\/h3>\n<ul style='padding-left: 20px; font-size: 15px; color: inherit; list-style-type: disc;'>\n<li style='margin-bottom: 5px;'>Color: Negro<\/li>\n<li style='margin-bottom: 5px;'>Aplicaci\u00f3n: Interior<\/li>\n<li style='margin-bottom: 5px;'>Unidades de Rack: 1<\/li>\n<li style='margin-bottom: 5px;'>Profundidad Ajustable: 495 a 965 mm<\/li>\n<li style='margin-bottom: 5px;'>Carga m\u00e1xima sugerida: 110kg<\/li>\n<\/ul><\/div>\n<\/p><\/div>\n<p> <!-- Secci\u00f3n de informaci\u00f3n adicional --> <\/p>\n<div style='margin-bottom: 30px;'>\n<p style='color: inherit; font-size: 15px; margin: 0 0 15px 0; font-weight: bold;'>Torniller\u00eda de fijaci\u00f3n incluida en los Racks y Gabinetes Linkedpro.<\/p>\n<p style='color: inherit; font-size: 15px; margin: 0 0 15px 0;'><strong style='color: inherit;'>Nota:<\/strong><\/p>\n<p style='color: inherit; font-size: 15px; margin: 0 0 15px 0;'>Si el equipo se monta en Rack de otra marca&comma; se tendr\u00edan que adquirir por separado la torniller\u00eda de fijaci\u00f3n.<\/p>\n<p style='color: inherit; font-size: 15px; margin: 0 0 15px 0;'>Los tornillos y tuercas compatibles con Rack de perforaci\u00f3n cuadrada Linkedpro: <a style='color: #005cb9; text-decoration: none;' href='https:\/\/www.syscom.mx\/principal\/searchcont?route=TUE-RACK-LINKEDPRO-36519&#038;autodetect=tuerack'>TUE-RACK<\/a> y <a style='color: #005cb9; text-decoration: none;' href='https:\/\/www.syscom.mx\/principal\/searchcont?route=TOR-RACK-LINKEDPRO-BY-EPCOM-33282&#038;autodetect=TOR-RACK'>TOR-RACK<\/a>. <span style='color: #c0392b;'>(No incluidos en charola)<\/span>.<\/p>\n<\/p><\/div>\n<p> <!-- Separador --> <\/p>\n<hr style='border: 0; border-top: 1px solid rgba(150&comma; 150&comma; 150&comma; 0.3); margin: 30px 0;'> <\/div>\n","protected":false},"excerpt":{"rendered":"<p>Charola Ventilada para Soportar Equipos en Rack, Profundidad Ajustable de 495 a 965 mm, 1U, Color Negro<\/p>\n","protected":false},"featured_media":18356,"comment_status":"open","ping_status":"closed","template":"","meta":[],"product_brand":[],"product_cat":[633],"product_tag":[634,435,605],"class_list":{"0":"post-18357","1":"product","2":"type-product","3":"status-publish","4":"has-post-thumbnail","6":"product_cat-accesorios-para-rack-gabinetes","7":"product_tag-accesorios-para-rack-gabinetes","8":"product_tag-linkedpro-by-epcom","9":"product_tag-racks-y-gabinetes","11":"first","12":"instock","13":"sale","14":"shipping-taxable","15":"purchasable","16":"product-type-simple"},"_links":{"self":[{"href":"https:\/\/soydeaqui.ddns.net\/pachuca\/index.php\/wp-json\/wp\/v2\/product\/18357","targetHints":{"allow":["GET"]}}],"collection":[{"href":"https:\/\/soydeaqui.ddns.net\/pachuca\/index.php\/wp-json\/wp\/v2\/product"}],"about":[{"href":"https:\/\/soydeaqui.ddns.net\/pachuca\/index.php\/wp-json\/wp\/v2\/types\/product"}],"replies":[{"embeddable":true,"href":"https:\/\/soydeaqui.ddns.net\/pachuca\/index.php\/wp-json\/wp\/v2\/comments?post=18357"}],"wp:featuredmedia":[{"embeddable":true,"href":"https:\/\/soydeaqui.ddns.net\/pachuca\/index.php\/wp-json\/wp\/v2\/media\/18356"}],"wp:attachment":[{"href":"https:\/\/soydeaqui.ddns.net\/pachuca\/index.php\/wp-json\/wp\/v2\/media?parent=18357"}],"wp:term":[{"taxonomy":"product_brand","embeddable":true,"href":"https:\/\/soydeaqui.ddns.net\/pachuca\/index.php\/wp-json\/wp\/v2\/product_brand?post=18357"},{"taxonomy":"product_cat","embeddable":true,"href":"https:\/\/soydeaqui.ddns.net\/pachuca\/index.php\/wp-json\/wp\/v2\/product_cat?post=18357"},{"taxonomy":"product_tag","embeddable":true,"href":"https:\/\/soydeaqui.ddns.net\/pachuca\/index.php\/wp-json\/wp\/v2\/product_tag?post=18357"}],"curies":[{"name":"wp","href":"https:\/\/api.w.org\/{rel}","templated":true}]}}