{"id":1835,"date":"2026-03-18T05:50:28","date_gmt":"2026-03-18T05:50:28","guid":{"rendered":"https:\/\/soydeaqui.ddns.net\/pachuca\/index.php\/producto\/amplificador-para-bocinas-de-la-serie-ma\/"},"modified":"2026-03-18T05:50:30","modified_gmt":"2026-03-18T05:50:30","slug":"amplificador-para-bocinas-de-la-serie-ma","status":"publish","type":"product","link":"https:\/\/soydeaqui.ddns.net\/pachuca\/index.php\/producto\/amplificador-para-bocinas-de-la-serie-ma\/","title":{"rendered":"Amplificador Para Bocinas de la Serie MA"},"content":{"rendered":"<div style='width: 100%; max-width: 1200px; margin: 0 auto; font-family: sans-serif; line-height: 1.6; color: inherit; background-color: transparent;'>\n<div style='margin-bottom: 30px;'>\n<h1 style='font-size: 24px; margin-top: 0; color: inherit; opacity: 0.9;'>Sistema ENCOMPASS<\/h1>\n<div style='font-size: 15px; margin-bottom: 15px; color: inherit;'> El sistema Encompass est\u00e1 dise\u00f1ado para alimentar la l\u00ednea HyperSpike\u00ae de altavoces de notificaci\u00f3n masiva. Dependiendo de la aplicaci\u00f3n espec\u00edfica&comma; es capaz de generar hasta 320 W a trav\u00e9s de cada uno de sus diez canales y cambiar autom\u00e1ticamente a una bater\u00eda de respaldo opcional si falla la alimentaci\u00f3n de CA. Para interactuar con otros equipos&comma; el sistema Encompass cuenta con entrada de l\u00ednea de audio&comma; una entrada de activaci\u00f3n del usuario y 8 juegos de salidas de contacto seco que brindan informaci\u00f3n sobre el estado del equipo. Tambi\u00e9n se instala un panel de interfaz del cliente en el que se pueden montar los componentes electr\u00f3nicos de comunicaci\u00f3n proporcionados por el cliente. La energ\u00eda del sistema de respaldo est\u00e1 disponible para suministrar el equipo del cliente. <\/div>\n<div style='font-size: 15px; margin-bottom: 15px; color: inherit;'> El sistema Encompass est\u00e1 dise\u00f1ado para autoprotegerse en caso de que sea necesario un rendimiento limitado para evitar fallas del sistema. Se puede observar una potencia de salida disminuida debido a un voltaje de CA de entrada bajo y \/ o una temperatura elevada del gabinete. Consulte la Secci\u00f3n 1.6 y la hoja de especificaciones del producto para obtener informaci\u00f3n m\u00e1s detallada. <\/div>\n<div style='font-size: 15px; margin-bottom: 15px; color: inherit;'> *Nota: La imagen es solo publicitaria&comma; no incluye bocinas ni bater\u00edas. <\/div>\n<\/p><\/div>\n<div style='margin-bottom: 30px;'>\n<h2 style='font-size: 20px; border-bottom: 2px solid currentColor; padding-bottom: 5px; margin-top: 0; color: inherit; opacity: 0.85;'>Caracteristicas<\/h2>\n<ul style='padding-left: 20px; font-size: 15px; color: inherit; margin: 15px 0;'>\n<li style='margin-bottom: 8px;'>M\u00e1xima potencia e inteligibilidad para los altavoces de la serie MA<\/li>\n<li style='margin-bottom: 8px;'>Autoprotecci\u00f3n inteligente&comma; monitoreo de parlantes y reporte de fallas<\/li>\n<li style='margin-bottom: 8px;'>Carcasa robusta a prueba de intemperie<\/li>\n<li style='margin-bottom: 8px;'>Operaci\u00f3n de energia electrica en Vca con posibilidad a respaldo de Vcc<\/li>\n<li style='margin-bottom: 8px;'>Adaptador disponible en 25\/70\/100V<\/li>\n<li style='margin-bottom: 8px;'>Opciones de montaje en pedestal&comma; poste y pared<\/li>\n<\/ul><\/div>\n<div style='margin-bottom: 30px;'>\n<h2 style='font-size: 20px; border-bottom: 2px solid currentColor; padding-bottom: 5px; margin-top: 0; color: inherit; opacity: 0.85;'>Aplicaciones<\/h2>\n<ul style='padding-left: 20px; font-size: 15px; color: inherit; margin: 15px 0;'>\n<li style='margin-bottom: 8px;'>Notificaci\u00f3n de emergencias<\/li>\n<li style='margin-bottom: 8px;'>Protecci\u00f3n de ejercito<\/li>\n<li style='margin-bottom: 8px;'>Notificaci\u00f3n en desastres naturales<\/li>\n<li style='margin-bottom: 8px;'>Seguridad militar<\/li>\n<li style='margin-bottom: 8px;'>Seguridad en Campus<\/li>\n<li style='margin-bottom: 8px;'>Cubiertas de aterrizaje<\/li>\n<li style='margin-bottom: 8px;'>F\u00e1bricas<\/li>\n<li style='margin-bottom: 8px;'>Estadios<\/li>\n<\/ul><\/div>\n<hr style='border: 0; border-top: 1px solid rgba(150&comma; 150&comma; 150&comma; 0.3); margin: 30px 0;'> <\/div>\n","protected":false},"excerpt":{"rendered":"<p>Amplificador Para Bocinas de la Serie MA<\/p>\n","protected":false},"featured_media":1834,"comment_status":"open","ping_status":"closed","template":"","meta":[],"product_brand":[],"product_cat":[196],"product_tag":[197,109],"class_list":{"0":"post-1835","1":"product","2":"type-product","3":"status-publish","4":"has-post-thumbnail","6":"product_cat-hyperspike","7":"product_tag-hyperspike","8":"product_tag-megafonia-y-audioevacuacion","10":"first","11":"outofstock","12":"sale","13":"shipping-taxable","14":"purchasable","15":"product-type-simple"},"_links":{"self":[{"href":"https:\/\/soydeaqui.ddns.net\/pachuca\/index.php\/wp-json\/wp\/v2\/product\/1835","targetHints":{"allow":["GET"]}}],"collection":[{"href":"https:\/\/soydeaqui.ddns.net\/pachuca\/index.php\/wp-json\/wp\/v2\/product"}],"about":[{"href":"https:\/\/soydeaqui.ddns.net\/pachuca\/index.php\/wp-json\/wp\/v2\/types\/product"}],"replies":[{"embeddable":true,"href":"https:\/\/soydeaqui.ddns.net\/pachuca\/index.php\/wp-json\/wp\/v2\/comments?post=1835"}],"wp:featuredmedia":[{"embeddable":true,"href":"https:\/\/soydeaqui.ddns.net\/pachuca\/index.php\/wp-json\/wp\/v2\/media\/1834"}],"wp:attachment":[{"href":"https:\/\/soydeaqui.ddns.net\/pachuca\/index.php\/wp-json\/wp\/v2\/media?parent=1835"}],"wp:term":[{"taxonomy":"product_brand","embeddable":true,"href":"https:\/\/soydeaqui.ddns.net\/pachuca\/index.php\/wp-json\/wp\/v2\/product_brand?post=1835"},{"taxonomy":"product_cat","embeddable":true,"href":"https:\/\/soydeaqui.ddns.net\/pachuca\/index.php\/wp-json\/wp\/v2\/product_cat?post=1835"},{"taxonomy":"product_tag","embeddable":true,"href":"https:\/\/soydeaqui.ddns.net\/pachuca\/index.php\/wp-json\/wp\/v2\/product_tag?post=1835"}],"curies":[{"name":"wp","href":"https:\/\/api.w.org\/{rel}","templated":true}]}}