{"id":18178,"date":"2026-03-18T09:39:27","date_gmt":"2026-03-18T09:39:27","guid":{"rendered":"https:\/\/soydeaqui.ddns.net\/pachuca\/index.php\/producto\/placa-acopladora-lightverse-12-conectores-dplex-lc-upc-shuttered-acepta-hasta-24-fibras-multimodo-om3-y-om4\/"},"modified":"2026-03-18T09:39:28","modified_gmt":"2026-03-18T09:39:28","slug":"placa-acopladora-lightverse-12-conectores-dplex-lc-upc-shuttered-acepta-hasta-24-fibras-multimodo-om3-y-om4","status":"publish","type":"product","link":"https:\/\/soydeaqui.ddns.net\/pachuca\/index.php\/producto\/placa-acopladora-lightverse-12-conectores-dplex-lc-upc-shuttered-acepta-hasta-24-fibras-multimodo-om3-y-om4\/","title":{"rendered":"Placa Acopladora LightVerse, 12 Conectores D?plex LC\/UPC Shuttered, Acepta hasta 24 Fibras Multimodo OM3 y OM4"},"content":{"rendered":"<div style='width: 100%; max-width: 1200px; margin: 0 auto; font-family: sans-serif; line-height: 1.6; color: inherit; background-color: transparent;'> <!-- Secci\u00f3n de descripci\u00f3n general --> <\/p>\n<div style='margin-bottom: 30px;'>\n<h3 style='font-size: 22px; border-bottom: 2px solid currentColor; padding-bottom: 5px; margin-top: 0; color: inherit; opacity: 0.8;'>Descripci\u00f3n General<\/h3>\n<p style='font-size: 15px; color: inherit; margin-bottom: 15px;'>Las placas adaptadoras LightVerse proporcionan conexiones de fibra de paso de alto rendimiento en un espacio compacto. Disponibles en opciones de fibra monomodo y multimodo y varios tipos de conectores&comma; las placas adaptadoras LightVerse permiten a los usuarios mezclar y combinar sin problemas diferentes tipos seg\u00fan sea necesario para satisfacer sus necesidades de aplicaci\u00f3n \u00fanicas.<\/p>\n<p style='font-size: 15px; color: inherit; margin-bottom: 15px;'><strong>Compatible con Paneles de Fibra \u00f3ptica LightVerse Core&comma; Plus y Pro<\/strong><\/p>\n<\/p><\/div>\n<p> <!-- Secci\u00f3n de caracter\u00edsticas --> <\/p>\n<div style='display: flex; flex-wrap: wrap; gap: 30px; margin-bottom: 30px;'>\n<div style='flex: 1 1 300px; min-width: 280px;'>\n<h3 style='font-size: 22px; border-bottom: 2px solid currentColor; padding-bottom: 5px; margin-top: 0; color: inherit; opacity: 0.8;'>Caracter\u00edsticas Principales<\/h3>\n<ul style='padding-left: 20px; font-size: 15px; color: inherit;'>\n<li style='margin-bottom: 5px;'>Dise\u00f1o compacto con espacio optimizado para conexiones de alto rendimiento<\/li>\n<li style='margin-bottom: 5px;'>Configuraci\u00f3n con obturador (shuttered) para mayor protecci\u00f3n<\/li>\n<li style='margin-bottom: 5px;'>Conector de color azul (Erika Violet) para codificaci\u00f3n visual<\/li>\n<li style='margin-bottom: 5px;'>Soporta hasta 24 fibras multimodo OM3 y OM4<\/li>\n<li style='margin-bottom: 5px;'>12 conectores d\u00faplex LC\/UPC<\/li>\n<li style='margin-bottom: 5px;'>Pestillo integrado para instalaci\u00f3n y extracci\u00f3n con una sola mano<\/li>\n<li style='margin-bottom: 5px;'>Permite acceso e instalaci\u00f3n desde frontales o traseros del gabinete<\/li>\n<\/ul><\/div>\n<div style='flex: 1 1 300px; min-width: 280px;'>\n<h3 style='font-size: 22px; border-bottom: 2px solid currentColor; padding-bottom: 5px; margin-top: 0; color: inherit; opacity: 0.8;'>Beneficios<\/h3>\n<ul style='padding-left: 20px; font-size: 15px; color: inherit;'>\n<li style='margin-bottom: 5px;'>Instalaci\u00f3n eficiente incluso en entornos densos<\/li>\n<li style='margin-bottom: 5px;'>F\u00e1cil identificaci\u00f3n visual mediante codificaci\u00f3n por colores<\/li>\n<li style='margin-bottom: 5px;'>Flexibilidad para configuraciones frontales o posteriores<\/li>\n<li style='margin-bottom: 5px;'>Protecci\u00f3n mejorada de los conectores con dise\u00f1o con obturador<\/li>\n<li style='margin-bottom: 5px;'>Compatibilidad con m\u00faltiples est\u00e1ndares de fibra<\/li>\n<li style='margin-bottom: 5px;'>Mantenimiento simplificado gracias al dise\u00f1o modular<\/li>\n<\/ul><\/div>\n<\/p><\/div>\n<p> <!-- Secci\u00f3n de especificaciones t\u00e9cnicas --> <\/p>\n<div style='display: flex; flex-wrap: wrap; gap: 20px; margin-bottom: 30px;'>\n<div style='flex: 1 1 250px; border: 1px solid rgba(150&comma; 150&comma; 150&comma; 0.4); border-radius: 8px; overflow: hidden; display: flex; flex-direction: column;'>\n<div style='padding: 15px; border-bottom: 1px solid rgba(150&comma; 150&comma; 150&comma; 0.2); font-weight: bold; font-size: 18px; color: inherit;'>Especificaciones T\u00e9cnicas<\/div>\n<div style='padding: 15px; color: inherit;'>\n<ul style='padding-left: 20px; margin: 0; font-size: 14px; list-style-type: disc;'>\n<li style='margin-bottom: 5px;'><strong>Tipo de conector:<\/strong> LC\/UPC d\u00faplex<\/li>\n<li style='margin-bottom: 5px;'><strong>Cantidad de conectores:<\/strong> 12<\/li>\n<li style='margin-bottom: 5px;'><strong>Tipo de fibra:<\/strong> Multimodo OM3 y OM4<\/li>\n<li style='margin-bottom: 5px;'><strong>N\u00famero de fibras:<\/strong> Hasta 24<\/li>\n<li style='margin-bottom: 5px;'><strong>Tipo de obturador:<\/strong> Con obturador (shuttered)<\/li>\n<li style='margin-bottom: 5px;'><strong>Color:<\/strong> Erika Violet (azul)<\/li>\n<\/ul><\/div>\n<\/p><\/div>\n<div style='flex: 1 1 250px; border: 1px solid rgba(150&comma; 150&comma; 150&comma; 0.4); border-radius: 8px; overflow: hidden; display: flex; flex-direction: column;'>\n<div style='padding: 15px; border-bottom: 1px solid rgba(150&comma; 150&comma; 150&comma; 0.2); font-weight: bold; font-size: 18px; color: inherit;'>Compatibilidad<\/div>\n<div style='padding: 15px; color: inherit;'>\n<ul style='padding-left: 20px; margin: 0; font-size: 14px; list-style-type: disc;'>\n<li style='margin-bottom: 5px;'>Paneles LightVerse Core<\/li>\n<li style='margin-bottom: 5px;'>Paneles LightVerse Plus<\/li>\n<li style='margin-bottom: 5px;'>Paneles LightVerse Pro<\/li>\n<\/ul><\/div>\n<\/p><\/div>\n<div style='flex: 1 1 250px; border: 1px solid rgba(150&comma; 150&comma; 150&comma; 0.4); border-radius: 8px; overflow: hidden; display: flex; flex-direction: column;'>\n<div style='padding: 15px; border-bottom: 1px solid rgba(150&comma; 150&comma; 150&comma; 0.2); font-weight: bold; font-size: 18px; color: inherit;'>Caracter\u00edsticas F\u00edsicas<\/div>\n<div style='padding: 15px; color: inherit;'>\n<ul style='padding-left: 20px; margin: 0; font-size: 14px; list-style-type: disc;'>\n<li style='margin-bottom: 5px;'>Material: Pl\u00e1stico de ingenier\u00eda<\/li>\n<li style='margin-bottom: 5px;'>Tipo de montaje: En rack<\/li>\n<li style='margin-bottom: 5px;'>Est\u00e1ndares cumplidos: TIA-568-C.3&comma; IEC 61754<\/li>\n<\/ul><\/div>\n<\/p><\/div>\n<\/p><\/div>\n<p> <!-- Secci\u00f3n de configuraciones --> <\/p>\n<div style='margin-bottom: 30px;'>\n<h3 style='font-size: 22px; border-bottom: 2px solid currentColor; padding-bottom: 5px; margin-top: 0; color: inherit; opacity: 0.8;'>Opciones de Configuraci\u00f3n<\/h3>\n<p style='font-size: 15px; color: inherit; margin-bottom: 15px;'>La placa acopladora LVA24LSQBCA permite configuraciones frontales o posteriores mediante el sistema de pestillo integrado&comma; ofreciendo flexibilidad en la gesti\u00f3n del cableado y facilitando el acceso para mantenimiento.<\/p>\n<ul style='padding-left: 20px; font-size: 15px; color: inherit;'>\n<li style='margin-bottom: 5px;'><strong>Instalaci\u00f3n frontal:<\/strong> Acceso desde la parte frontal del gabinete<\/li>\n<li style='margin-bottom: 5px;'><strong>Instalaci\u00f3n trasera:<\/strong> Acceso desde la parte trasera del gabinete<\/li>\n<\/ul><\/div>\n<p> <!-- Secci\u00f3n de opciones de color --> <\/p>\n<div style='margin-bottom: 30px;'>\n<h3 style='font-size: 22px; border-bottom: 2px solid currentColor; padding-bottom: 5px; margin-top: 0; color: inherit; opacity: 0.8;'>Opciones de Color<\/h3>\n<p style='font-size: 15px; color: inherit; margin-bottom: 15px;'>La codificaci\u00f3n por colores facilita la identificaci\u00f3n visual del tipo de fibra y aplicaci\u00f3n:<\/p>\n<ul style='padding-left: 20px; font-size: 15px; color: inherit;'>\n<li style='margin-bottom: 5px;'><strong>Azul (Erika Violet):<\/strong> Fibra multimodo<\/li>\n<li style='margin-bottom: 5px;'><strong>Negro:<\/strong> Fibra monomodo o multimodo<\/li>\n<li style='margin-bottom: 5px;'><strong>Verde:<\/strong> Fibra monomodo<\/li>\n<li style='margin-bottom: 5px;'><strong>Aqua:<\/strong> Fibra multimodo OM3\/OM4<\/li>\n<\/ul><\/div>\n<p> <!-- Separador final --> <\/p>\n<hr style='border: 0; border-top: 1px solid rgba(150&comma; 150&comma; 150&comma; 0.3); margin: 30px 0;'> <\/div>\n","protected":false},"excerpt":{"rendered":"<p>Placa Acopladora LightVerse, 12 Conectores D?plex LC\/UPC Shuttered, Acepta hasta 24 Fibras Multimodo OM3 y OM4<\/p>\n","protected":false},"featured_media":18177,"comment_status":"open","ping_status":"closed","template":"","meta":[],"product_brand":[],"product_cat":[621],"product_tag":[622,611,600],"class_list":{"0":"post-18178","1":"product","2":"type-product","3":"status-publish","4":"has-post-thumbnail","6":"product_cat-distribuidores-de-fibra-optica","7":"product_tag-distribuidores-de-fibra-optica","8":"product_tag-fibra-optica","9":"product_tag-siemon","11":"first","12":"outofstock","13":"sale","14":"shipping-taxable","15":"purchasable","16":"product-type-simple"},"_links":{"self":[{"href":"https:\/\/soydeaqui.ddns.net\/pachuca\/index.php\/wp-json\/wp\/v2\/product\/18178","targetHints":{"allow":["GET"]}}],"collection":[{"href":"https:\/\/soydeaqui.ddns.net\/pachuca\/index.php\/wp-json\/wp\/v2\/product"}],"about":[{"href":"https:\/\/soydeaqui.ddns.net\/pachuca\/index.php\/wp-json\/wp\/v2\/types\/product"}],"replies":[{"embeddable":true,"href":"https:\/\/soydeaqui.ddns.net\/pachuca\/index.php\/wp-json\/wp\/v2\/comments?post=18178"}],"wp:featuredmedia":[{"embeddable":true,"href":"https:\/\/soydeaqui.ddns.net\/pachuca\/index.php\/wp-json\/wp\/v2\/media\/18177"}],"wp:attachment":[{"href":"https:\/\/soydeaqui.ddns.net\/pachuca\/index.php\/wp-json\/wp\/v2\/media?parent=18178"}],"wp:term":[{"taxonomy":"product_brand","embeddable":true,"href":"https:\/\/soydeaqui.ddns.net\/pachuca\/index.php\/wp-json\/wp\/v2\/product_brand?post=18178"},{"taxonomy":"product_cat","embeddable":true,"href":"https:\/\/soydeaqui.ddns.net\/pachuca\/index.php\/wp-json\/wp\/v2\/product_cat?post=18178"},{"taxonomy":"product_tag","embeddable":true,"href":"https:\/\/soydeaqui.ddns.net\/pachuca\/index.php\/wp-json\/wp\/v2\/product_tag?post=18178"}],"curies":[{"name":"wp","href":"https:\/\/api.w.org\/{rel}","templated":true}]}}