{"id":17938,"date":"2026-03-18T09:35:10","date_gmt":"2026-03-18T09:35:10","guid":{"rendered":"https:\/\/soydeaqui.ddns.net\/pachuca\/index.php\/producto\/verificador-de-red-microscanner-poe-para-comprobacin-de-redes-de-voz-datos-video-y-poe-802-3af-at-bt-y-upoe-con-pantalla-lcd-retroiluminada\/"},"modified":"2026-03-18T09:35:15","modified_gmt":"2026-03-18T09:35:15","slug":"verificador-de-red-microscanner-poe-para-comprobacin-de-redes-de-voz-datos-video-y-poe-802-3af-at-bt-y-upoe-con-pantalla-lcd-retroiluminada","status":"publish","type":"product","link":"https:\/\/soydeaqui.ddns.net\/pachuca\/index.php\/producto\/verificador-de-red-microscanner-poe-para-comprobacin-de-redes-de-voz-datos-video-y-poe-802-3af-at-bt-y-upoe-con-pantalla-lcd-retroiluminada\/","title":{"rendered":"Verificador de Red MicroScanner PoE, para Comprobaci?n de Redes de Voz, Datos, Video y PoE 802.3af, at, bt y UPOE, con Pantalla LCD Retroiluminada"},"content":{"rendered":"<div style='width: 100%; max-width: 1200px; margin: 0 auto; font-family: sans-serif; line-height: 1.6; color: inherit; background-color: transparent;'> <!-- Secci\u00f3n de descripci\u00f3n --> <\/p>\n<div style='margin-bottom: 30px; font-size: 15px; color: inherit;'>\n<p>Los verificadores de cable de la serie MicroScanner<sup>TM<\/sup> simplifican la comprobaci\u00f3n de cable de voz&comma; datos y video. En primer lugar&comma; recoge lo que antes eran los resultados de cuatro modos de comprobaci\u00f3n diferentes y los muestra todos a la vez: mapa de cableado gr\u00e1fico&comma; longitud de los pares&comma; distancia hasta los fallos&comma; identificaci\u00f3n de cables y dispositivos en el extremo lejano del cable. Adem\u00e1s&comma; admite pr\u00e1cticamente cualquier tipo de comprobaci\u00f3n de cable de bajo voltaje sin necesidad de adaptadores inc\u00f3modos. Como resultado&comma; se reduce el tiempo de comprobaci\u00f3n y los errores. Asimismo&comma; las instalaciones de alta calidad son ahora m\u00e1s eficientes que nunca.<\/p>\n<\/p><\/div>\n<p> <!-- Secci\u00f3n de contenido incluido --> <\/p>\n<div style='margin-bottom: 30px;'>\n<h3 style='font-size: 22px; border-bottom: 2px solid currentColor; padding-bottom: 5px; margin-top: 0; color: inherit; opacity: 0.8;'>El Equipo Incluye<\/h3>\n<ul style='padding-left: 20px; font-size: 15px; color: inherit;'>\n<li style='margin-bottom: 5px;'>MicroScanner PoE con adaptador para mapas de cableado<\/li>\n<li style='margin-bottom: 5px;'>Gu\u00eda de introducci\u00f3n en varios idiomas<\/li>\n<li style='margin-bottom: 5px;'>Bater\u00edas<\/li>\n<li style='margin-bottom: 5px;'>Bolsa de transporte de Fluke Networks<\/li>\n<\/ul><\/div>\n<p> <!-- Secci\u00f3n de especificaciones --> <\/p>\n<div style='margin-bottom: 30px;'>\n<h3 style='font-size: 22px; border-bottom: 2px solid currentColor; padding-bottom: 5px; margin-top: 0; color: inherit; opacity: 0.8;'>Especificaciones T\u00e9cnicas<\/h3>\n<p> <!-- Secci\u00f3n de par trenzado --> <\/p>\n<div style='margin-bottom: 20px;'>\n<h4 style='font-size: 18px; margin-top: 0; color: inherit; opacity: 0.9;'>Par trenzado (RJ-11&comma; RJ-45)<\/h4>\n<div style='display: flex; flex-wrap: wrap; gap: 15px; margin-top: 10px;'>\n<div style='flex: 1 1 200px; border: 1px solid rgba(150&comma; 150&comma; 150&comma; 0.4); border-radius: 8px; overflow: hidden; display: flex; flex-direction: column;'>\n<div style='padding: 12px; border-bottom: 1px solid rgba(150&comma; 150&comma; 150&comma; 0.2); font-weight: bold; color: inherit;'>MicroScanner2<\/div>\n<div style='padding: 12px; color: inherit;'>\n<ul style='padding-left: 18px; margin: 0; font-size: 14px; list-style-type: disc;'>\n<li style='margin-bottom: 5px;'>Mapa de cableado<\/li>\n<li style='margin-bottom: 5px;'>Longitud \/ Distancia al fallo<\/li>\n<li style='margin-bottom: 5px;'>Generaci\u00f3n de tonos anal\u00f3gicos y digitales<\/li>\n<li style='margin-bottom: 5px;'>Identificadores remotos opcionales<\/li>\n<\/ul><\/div>\n<\/p><\/div>\n<div style='flex: 1 1 200px; border: 1px solid rgba(150&comma; 150&comma; 150&comma; 0.4); border-radius: 8px; overflow: hidden; display: flex; flex-direction: column;'>\n<div style='padding: 12px; border-bottom: 1px solid rgba(150&comma; 150&comma; 150&comma; 0.2); font-weight: bold; color: inherit;'>MicroScanner PoE<\/div>\n<div style='padding: 12px; color: inherit;'>\n<ul style='padding-left: 18px; margin: 0; font-size: 14px; list-style-type: disc;'>\n<li style='margin-bottom: 5px;'>Mapa de cableado<\/li>\n<li style='margin-bottom: 5px;'>Longitud \/ Distancia al fallo<\/li>\n<li style='margin-bottom: 5px;'>Informa de la clase de potencia m\u00e1xima<\/li>\n<li style='margin-bottom: 5px;'>10\/100\/1000BASE-T<\/li>\n<li style='margin-bottom: 5px;'>2.5GBASE-T&comma; 5GBASE-T&comma; 10GBASE-T<\/li>\n<li style='margin-bottom: 5px;'>Potencia sobre Ethernet: Informa de la clase y la potencia para 802.3af&comma; .3at y .3bt<\/li>\n<li style='margin-bottom: 5px;'>Generaci\u00f3n de tonos anal\u00f3gicos y digitales<\/li>\n<li style='margin-bottom: 5px;'>Identificadores remotos opcionales<\/li>\n<\/ul><\/div>\n<\/p><\/div>\n<\/p><\/div>\n<\/p><\/div>\n<p> <!-- Secci\u00f3n de coaxial --> <\/p>\n<div style='margin-bottom: 20px;'>\n<h4 style='font-size: 18px; margin-top: 0; color: inherit; opacity: 0.9;'>Coaxial<\/h4>\n<div style='display: flex; flex-wrap: wrap; gap: 15px; margin-top: 10px;'>\n<div style='flex: 1 1 200px; border: 1px solid rgba(150&comma; 150&comma; 150&comma; 0.4); border-radius: 8px; overflow: hidden; display: flex; flex-direction: column;'>\n<div style='padding: 12px; border-bottom: 1px solid rgba(150&comma; 150&comma; 150&comma; 0.2); font-weight: bold; color: inherit;'>MicroScanner2<\/div>\n<div style='padding: 12px; color: inherit;'>\n<ul style='padding-left: 18px; margin: 0; font-size: 14px; list-style-type: disc;'>\n<li style='margin-bottom: 5px;'>S\u00ed<\/li>\n<\/ul><\/div>\n<\/p><\/div>\n<div style='flex: 1 1 200px; border: 1px solid rgba(150&comma; 150&comma; 150&comma; 0.4); border-radius: 8px; overflow: hidden; display: flex; flex-direction: column;'>\n<div style='padding: 12px; border-bottom: 1px solid rgba(150&comma; 150&comma; 150&comma; 0.2); font-weight: bold; color: inherit;'>MicroScanner PoE<\/div>\n<div style='padding: 12px; color: inherit;'>\n<ul style='padding-left: 18px; margin: 0; font-size: 14px; list-style-type: disc;'>\n<li style='margin-bottom: 5px;'>No aplica<\/li>\n<\/ul><\/div>\n<\/p><\/div>\n<\/p><\/div>\n<\/p><\/div>\n<p> <!-- Secci\u00f3n de identificaci\u00f3n del servicio --> <\/p>\n<div style='margin-bottom: 20px;'>\n<h4 style='font-size: 18px; margin-top: 0; color: inherit; opacity: 0.9;'>Identificaci\u00f3n del servicio<\/h4>\n<div style='display: flex; flex-wrap: wrap; gap: 15px; margin-top: 10px;'>\n<div style='flex: 1 1 200px; border: 1px solid rgba(150&comma; 150&comma; 150&comma; 0.4); border-radius: 8px; overflow: hidden; display: flex; flex-direction: column;'>\n<div style='padding: 12px; border-bottom: 1px solid rgba(150&comma; 150&comma; 150&comma; 0.2); font-weight: bold; color: inherit;'>MicroScanner2<\/div>\n<div style='padding: 12px; color: inherit;'>\n<ul style='padding-left: 18px; margin: 0; font-size: 14px; list-style-type: disc;'>\n<li style='margin-bottom: 5px;'>10\/100\/1000BASE-T<\/li>\n<\/ul><\/div>\n<\/p><\/div>\n<div style='flex: 1 1 200px; border: 1px solid rgba(150&comma; 150&comma; 150&comma; 0.4); border-radius: 8px; overflow: hidden; display: flex; flex-direction: column;'>\n<div style='padding: 12px; border-bottom: 1px solid rgba(150&comma; 150&comma; 150&comma; 0.2); font-weight: bold; color: inherit;'>MicroScanner PoE<\/div>\n<div style='padding: 12px; color: inherit;'>\n<ul style='padding-left: 18px; margin: 0; font-size: 14px; list-style-type: disc;'>\n<li style='margin-bottom: 5px;'>10\/100\/1000BASE-T<\/li>\n<li style='margin-bottom: 5px;'>2.5GBASE-T&comma; 5GBASE-T&comma; 10GBASE-T<\/li>\n<li style='margin-bottom: 5px;'>Potencia sobre Ethernet: Informa de la clase y la potencia para 802.3af&comma; .3at y .3bt<\/li>\n<\/ul><\/div>\n<\/p><\/div>\n<\/p><\/div>\n<\/p><\/div>\n<\/p><\/div>\n<p> <!-- Imagen --> <\/p>\n<div style='margin-bottom: 30px;'> <img style='width: 100%; height: auto; border: 1px solid rgba(150&comma;150&comma;150&comma;0.3); border-radius: 8px;' src='https:\/\/es.flukenetworks.com\/sites\/default\/files\/19019_microscanner2poe_0.png' alt='MicroScanner PoE'> <\/div>\n<p> <!-- Separador final --> <\/p>\n<hr style='border: 0; border-top: 1px solid rgba(150&comma; 150&comma; 150&comma; 0.3); margin: 30px 0;'> <\/div>\n","protected":false},"excerpt":{"rendered":"<p>Verificador de Red MicroScanner PoE, para Comprobaci?n de Redes de Voz, Datos, Video y PoE 802.3af, at, bt y UPOE, con Pantalla LCD Retroiluminada<\/p>\n","protected":false},"featured_media":17937,"comment_status":"open","ping_status":"closed","template":"","meta":[],"product_brand":[],"product_cat":[608],"product_tag":[586,730,25],"class_list":{"0":"post-17938","1":"product","2":"type-product","3":"status-publish","4":"has-post-thumbnail","6":"product_cat-herramientas-cableado-de-cobre","7":"product_tag-cableado-de-cobre","8":"product_tag-fluke-networks","9":"product_tag-herramientas","11":"first","12":"instock","13":"sale","14":"shipping-taxable","15":"purchasable","16":"product-type-simple"},"_links":{"self":[{"href":"https:\/\/soydeaqui.ddns.net\/pachuca\/index.php\/wp-json\/wp\/v2\/product\/17938","targetHints":{"allow":["GET"]}}],"collection":[{"href":"https:\/\/soydeaqui.ddns.net\/pachuca\/index.php\/wp-json\/wp\/v2\/product"}],"about":[{"href":"https:\/\/soydeaqui.ddns.net\/pachuca\/index.php\/wp-json\/wp\/v2\/types\/product"}],"replies":[{"embeddable":true,"href":"https:\/\/soydeaqui.ddns.net\/pachuca\/index.php\/wp-json\/wp\/v2\/comments?post=17938"}],"wp:featuredmedia":[{"embeddable":true,"href":"https:\/\/soydeaqui.ddns.net\/pachuca\/index.php\/wp-json\/wp\/v2\/media\/17937"}],"wp:attachment":[{"href":"https:\/\/soydeaqui.ddns.net\/pachuca\/index.php\/wp-json\/wp\/v2\/media?parent=17938"}],"wp:term":[{"taxonomy":"product_brand","embeddable":true,"href":"https:\/\/soydeaqui.ddns.net\/pachuca\/index.php\/wp-json\/wp\/v2\/product_brand?post=17938"},{"taxonomy":"product_cat","embeddable":true,"href":"https:\/\/soydeaqui.ddns.net\/pachuca\/index.php\/wp-json\/wp\/v2\/product_cat?post=17938"},{"taxonomy":"product_tag","embeddable":true,"href":"https:\/\/soydeaqui.ddns.net\/pachuca\/index.php\/wp-json\/wp\/v2\/product_tag?post=17938"}],"curies":[{"name":"wp","href":"https:\/\/api.w.org\/{rel}","templated":true}]}}