{"id":17852,"date":"2026-03-18T09:33:35","date_gmt":"2026-03-18T09:33:35","guid":{"rendered":"https:\/\/soydeaqui.ddns.net\/pachuca\/index.php\/producto\/herramienta-para-comprobacin-de-lneas-telefnicas-ts30-con-pinzas-de-pasador-de-perforacin\/"},"modified":"2026-03-18T09:33:36","modified_gmt":"2026-03-18T09:33:36","slug":"herramienta-para-comprobacin-de-lneas-telefnicas-ts30-con-pinzas-de-pasador-de-perforacin","status":"publish","type":"product","link":"https:\/\/soydeaqui.ddns.net\/pachuca\/index.php\/producto\/herramienta-para-comprobacin-de-lneas-telefnicas-ts30-con-pinzas-de-pasador-de-perforacin\/","title":{"rendered":"Herramienta Para Comprobaci?n de L?neas Telef?nicas TS30, con Pinzas de Pasador de Perforaci?n"},"content":{"rendered":"<div style='width: 100%; max-width: 1200px; margin: 0 auto; font-family: sans-serif; line-height: 1.6; color: inherit; background-color: transparent;'>\n<div style='display: flex; flex-wrap: wrap; gap: 30px; margin-bottom: 30px;'>\n<div style='flex: 1 1 300px; min-width: 280px;'>\n<h3 style='font-size: 22px; border-bottom: 2px solid currentColor; padding-bottom: 5px; margin-top: 0; color: inherit; opacity: 0.8;'>Descripci\u00f3n<\/h3>\n<p style='font-size: 15px; color: inherit;'>TS30 incorpora las \u00faltimas novedades en dise\u00f1o de equipos de comprobaci\u00f3n de tel\u00e9fonos a un precio econ\u00f3mico.<\/p>\n<h3 style='font-size: 22px; border-bottom: 2px solid currentColor; padding-bottom: 5px; margin-top: 30px; color: inherit; opacity: 0.8;'>Caracter\u00edsticas principales<\/h3>\n<ul style='padding-left: 20px; font-size: 15px; color: inherit;'>\n<li style='margin-bottom: 5px;'>Con\u00e9ctate a l\u00edneas activas sin miedo a tumbar la red<\/li>\n<li style='margin-bottom: 5px;'>Pinzas especiales con dientes angulados para contacto con el cable sin desforrarlo<\/li>\n<li style='margin-bottom: 5px;'>Indestructible bajo la Lluvia y Golpes<\/li>\n<li style='margin-bottom: 5px;'>Manos Libres y Tono Integrado<\/li>\n<li style='margin-bottom: 5px;'>Incluye un generador de tonos anal\u00f3gico<\/li>\n<\/ul>\n<\/div>\n<div style='flex: 1 1 300px; min-width: 280px;'>\n<h3 style='font-size: 22px; border-bottom: 2px solid currentColor; padding-bottom: 5px; margin-top: 0; color: inherit; opacity: 0.8;'>Caracter\u00edsticas t\u00e9cnicas<\/h3>\n<ul style='padding-left: 20px; font-size: 15px; color: inherit;'>\n<li style='margin-bottom: 5px;'>Funci\u00f3n DataSafe\u2122 de alta impedancia en modo de monitorizaci\u00f3n<\/li>\n<li style='margin-bottom: 5px;'>La fiabilidad de DropSafe\u2122 pasa la comprobaci\u00f3n de ca\u00edda desde 20 pies<\/li>\n<li style='margin-bottom: 5px;'>Protecci\u00f3n de RainSafe\u2122 en condiciones clim\u00e1ticas severas<\/li>\n<li style='margin-bottom: 5px;'>Switch de silencio<\/li>\n<li style='margin-bottom: 5px;'>Rellamada del \u00faltimo n\u00famero<\/li>\n<li style='margin-bottom: 5px;'>Se\u00f1al sonora para incidencias<\/li>\n<\/ul>\n<\/div>\n<\/div>\n<hr style='border: 0; border-top: 1px solid rgba(150&comma; 150&comma; 150&comma; 0.3); margin: 30px 0;'><\/div>\n","protected":false},"excerpt":{"rendered":"<p>Herramienta Para Comprobaci?n de L?neas Telef?nicas TS30, con Pinzas de Pasador de Perforaci?n<\/p>\n","protected":false},"featured_media":17851,"comment_status":"open","ping_status":"closed","template":"","meta":[],"product_brand":[],"product_cat":[608],"product_tag":[586,730,25],"class_list":{"0":"post-17852","1":"product","2":"type-product","3":"status-publish","4":"has-post-thumbnail","6":"product_cat-herramientas-cableado-de-cobre","7":"product_tag-cableado-de-cobre","8":"product_tag-fluke-networks","9":"product_tag-herramientas","11":"first","12":"outofstock","13":"sale","14":"shipping-taxable","15":"purchasable","16":"product-type-simple"},"_links":{"self":[{"href":"https:\/\/soydeaqui.ddns.net\/pachuca\/index.php\/wp-json\/wp\/v2\/product\/17852","targetHints":{"allow":["GET"]}}],"collection":[{"href":"https:\/\/soydeaqui.ddns.net\/pachuca\/index.php\/wp-json\/wp\/v2\/product"}],"about":[{"href":"https:\/\/soydeaqui.ddns.net\/pachuca\/index.php\/wp-json\/wp\/v2\/types\/product"}],"replies":[{"embeddable":true,"href":"https:\/\/soydeaqui.ddns.net\/pachuca\/index.php\/wp-json\/wp\/v2\/comments?post=17852"}],"wp:featuredmedia":[{"embeddable":true,"href":"https:\/\/soydeaqui.ddns.net\/pachuca\/index.php\/wp-json\/wp\/v2\/media\/17851"}],"wp:attachment":[{"href":"https:\/\/soydeaqui.ddns.net\/pachuca\/index.php\/wp-json\/wp\/v2\/media?parent=17852"}],"wp:term":[{"taxonomy":"product_brand","embeddable":true,"href":"https:\/\/soydeaqui.ddns.net\/pachuca\/index.php\/wp-json\/wp\/v2\/product_brand?post=17852"},{"taxonomy":"product_cat","embeddable":true,"href":"https:\/\/soydeaqui.ddns.net\/pachuca\/index.php\/wp-json\/wp\/v2\/product_cat?post=17852"},{"taxonomy":"product_tag","embeddable":true,"href":"https:\/\/soydeaqui.ddns.net\/pachuca\/index.php\/wp-json\/wp\/v2\/product_tag?post=17852"}],"curies":[{"name":"wp","href":"https:\/\/api.w.org\/{rel}","templated":true}]}}