{"id":17803,"date":"2026-03-18T09:32:43","date_gmt":"2026-03-18T09:32:43","guid":{"rendered":"https:\/\/soydeaqui.ddns.net\/pachuca\/index.php\/producto\/cable-de-conexion-industrialnet-cat5e-de-m12-d-code-macho-recto-a-m12-d-code-macho-angulado-blindado-s-ftp-forro-tpo-color-azul-cerceta-1-metro\/"},"modified":"2026-03-18T09:32:45","modified_gmt":"2026-03-18T09:32:45","slug":"cable-de-conexion-industrialnet-cat5e-de-m12-d-code-macho-recto-a-m12-d-code-macho-angulado-blindado-s-ftp-forro-tpo-color-azul-cerceta-1-metro","status":"publish","type":"product","link":"https:\/\/soydeaqui.ddns.net\/pachuca\/index.php\/producto\/cable-de-conexion-industrialnet-cat5e-de-m12-d-code-macho-recto-a-m12-d-code-macho-angulado-blindado-s-ftp-forro-tpo-color-azul-cerceta-1-metro\/","title":{"rendered":"Cable de Conexi\u00f3n IndustrialNet Cat5e, de M12 D-Code Macho Recto a M12 D-Code Macho Angulado, Blindado S\/FTP, Forro TPO, Color Azul Cerceta, 1 Metro"},"content":{"rendered":"<div style='width: 100%; max-width: 1200px; margin: 0 auto; font-family: sans-serif; line-height: 1.6; color: inherit; background-color: transparent;'>\n<div style='display: flex; flex-wrap: wrap; gap: 30px; margin-bottom: 30px;'>\n<div style='flex: 1 1 300px; min-width: 280px;'>\n<h3 style='font-size: 22px; border-bottom: 2px solid currentColor; padding-bottom: 5px; margin-top: 0; color: inherit; opacity: 0.8;'>Descripci\u00f3n General<\/h3>\n<p style='font-size: 15px; color: inherit; margin-top: 10px; margin-bottom: 15px;'>Los cables de Ethernet industrial se fabrican con cable de par trenzado trenzado de categor\u00eda 5e&comma; grado industrial&comma; para instalaciones blindadas STP. Cada cable tiene una clasificaci\u00f3n de 600 V AWM para uso en gabinetes de control UL508A y en maquinaria. El forro cuenta con retardo a la flama (CMX\/CM) para aplicaciones Ethernet industriales. Cada cable esta dise\u00f1ado para incluir plugs industriales de Categor\u00eda 5e&comma; M12 o RJ45 en cada extremo de acuerdo con las normas T568B e IEC 60603-7-41.<\/p>\n<\/p><\/div>\n<\/p><\/div>\n<div style='display: flex; flex-wrap: wrap; gap: 20px; margin-bottom: 30px;'>\n<div style='flex: 1 1 250px; border: 1px solid rgba(150&comma; 150&comma; 150&comma; 0.4); border-radius: 8px; overflow: hidden; display: flex; flex-direction: column;'>\n<div style='padding: 15px; border-bottom: 1px solid rgba(150&comma; 150&comma; 150&comma; 0.2); font-weight: bold; font-size: 18px; color: inherit;'>Especificaciones T\u00e9cnicas<\/div>\n<div style='padding: 15px; color: inherit;'>\n<ul style='padding-left: 20px; margin: 0; font-size: 14px; list-style-type: disc;'>\n<li style='margin-bottom: 5px;'>Rendimiento: supera los requisitos canal y componentes de las normas ANSI\/ TIA-568.2-D Categor\u00eda 5e e ISO11801 Clase D en frecuencias de barrido de 1 a 100 MHz<\/li>\n<li style='margin-bottom: 5px;'>Cumplimiento ANSI y FCC: cumple con ANSI\/TIA-1096-A; contactos chapados con 30 micropulgadas de oro para un rendimiento superior<\/li>\n<li style='margin-bottom: 5px;'>Cumplimiento IP: Clasificaci\u00f3n IP67 para protecci\u00f3n contra el polvo e inmersi\u00f3n temporal en l\u00edquido. 35 millones m\u00e1s ciclos flexibles.<\/li>\n<li style='margin-bottom: 5px;'>Rango de temperatura: -40 a 75\u00baC<\/li>\n<\/ul><\/div>\n<\/p><\/div>\n<\/p><\/div>\n<hr style='border: 0; border-top: 1px solid rgba(150&comma; 150&comma; 150&comma; 0.3); margin: 30px 0;'> <\/div>\n","protected":false},"excerpt":{"rendered":"<p>Cable de Conexi\u00f3n IndustrialNet Cat5e, de M12 D-Code Macho Recto a M12 D-Code Macho Angulado, Blindado S\/FTP, Forro TPO, Color Azul Cerceta, 1 Metro<\/p>\n","protected":false},"featured_media":17802,"comment_status":"open","ping_status":"closed","template":"","meta":[],"product_brand":[],"product_cat":[598],"product_tag":[586,445,599],"class_list":{"0":"post-17803","1":"product","2":"type-product","3":"status-publish","4":"has-post-thumbnail","6":"product_cat-patch-cords","7":"product_tag-cableado-de-cobre","8":"product_tag-panduit","9":"product_tag-patch-cords","11":"first","12":"outofstock","13":"sale","14":"shipping-taxable","15":"purchasable","16":"product-type-simple"},"_links":{"self":[{"href":"https:\/\/soydeaqui.ddns.net\/pachuca\/index.php\/wp-json\/wp\/v2\/product\/17803","targetHints":{"allow":["GET"]}}],"collection":[{"href":"https:\/\/soydeaqui.ddns.net\/pachuca\/index.php\/wp-json\/wp\/v2\/product"}],"about":[{"href":"https:\/\/soydeaqui.ddns.net\/pachuca\/index.php\/wp-json\/wp\/v2\/types\/product"}],"replies":[{"embeddable":true,"href":"https:\/\/soydeaqui.ddns.net\/pachuca\/index.php\/wp-json\/wp\/v2\/comments?post=17803"}],"wp:featuredmedia":[{"embeddable":true,"href":"https:\/\/soydeaqui.ddns.net\/pachuca\/index.php\/wp-json\/wp\/v2\/media\/17802"}],"wp:attachment":[{"href":"https:\/\/soydeaqui.ddns.net\/pachuca\/index.php\/wp-json\/wp\/v2\/media?parent=17803"}],"wp:term":[{"taxonomy":"product_brand","embeddable":true,"href":"https:\/\/soydeaqui.ddns.net\/pachuca\/index.php\/wp-json\/wp\/v2\/product_brand?post=17803"},{"taxonomy":"product_cat","embeddable":true,"href":"https:\/\/soydeaqui.ddns.net\/pachuca\/index.php\/wp-json\/wp\/v2\/product_cat?post=17803"},{"taxonomy":"product_tag","embeddable":true,"href":"https:\/\/soydeaqui.ddns.net\/pachuca\/index.php\/wp-json\/wp\/v2\/product_tag?post=17803"}],"curies":[{"name":"wp","href":"https:\/\/api.w.org\/{rel}","templated":true}]}}