{"id":17583,"date":"2026-03-18T09:28:30","date_gmt":"2026-03-18T09:28:30","guid":{"rendered":"https:\/\/soydeaqui.ddns.net\/pachuca\/index.php\/producto\/cassette-hd-flex-con-6-puertos-lc-duplex-12-fibras-para-fibra-monomodo-os2-color-azul\/"},"modified":"2026-03-18T09:28:33","modified_gmt":"2026-03-18T09:28:33","slug":"cassette-hd-flex-con-6-puertos-lc-duplex-12-fibras-para-fibra-monomodo-os2-color-azul","status":"publish","type":"product","link":"https:\/\/soydeaqui.ddns.net\/pachuca\/index.php\/producto\/cassette-hd-flex-con-6-puertos-lc-duplex-12-fibras-para-fibra-monomodo-os2-color-azul\/","title":{"rendered":"Cassette HD Flex? Con 6 Puertos LC Duplex (12 Fibras), Para Fibra Monomodo OS2, Color Azul"},"content":{"rendered":"<div style='width: 100%; max-width: 1200px; margin: 0 auto; font-family: sans-serif; line-height: 1.6; color: inherit; background-color: transparent;'>\n<div style='display: flex; flex-wrap: wrap; gap: 30px; margin-bottom: 30px;'>\n<div style='flex: 1 1 300px; min-width: 280px;'>\n<h3 style='font-size: 22px; border-bottom: 2px solid currentColor; padding-bottom: 5px; margin-top: 0; color: inherit; opacity: 0.8;'>Descripci\u00f3n<\/h3>\n<p style='font-size: 15px; color: inherit;'>Los casetes de fibra \u00f3ptica HD Flex\u2122 ofrecen una amplia gama de opciones de implementaci\u00f3n para admitir redes Ethernet y Fibre Channel. Los casetes est\u00e1n disponibles en configuraciones de 4&comma; 6 y 12 puertos con varias opciones de conector en la parte delantera y trasera de los casetes. Tambi\u00e9n hay disponibles casetes de empalme y m\u00f3dulos adaptadores\/acopladores.<\/p>\n<p style='font-size: 15px; color: inherit;'><strong>Aplicaci\u00f3n:<\/strong> Permite a los dise\u00f1adores de sistemas personalizar la configuraci\u00f3n&comma; alcance y construcci\u00f3n de desglose seg\u00fan los requisitos de la aplicaci\u00f3n; minimizar el desperdicio&comma; optimizar la gesti\u00f3n de cables&comma; agilizar la implementaci\u00f3n y mejorar la flexibilidad y la gesti\u00f3n para reducir los costos de instalaci\u00f3n.<\/p>\n<\/p><\/div>\n<div style='flex: 1 1 300px; min-width: 280px;'>\n<h3 style='font-size: 22px; border-bottom: 2px solid currentColor; padding-bottom: 5px; margin-top: 0; color: inherit; opacity: 0.8;'>Caracter\u00edsticas Principales<\/h3>\n<ul style='padding-left: 20px; font-size: 15px; color: inherit;'>\n<li style='margin-bottom: 5px;'>Tipo de fibra: Monomodo OS2<\/li>\n<li style='margin-bottom: 5px;'>N\u00famero de fibras: 12<\/li>\n<li style='margin-bottom: 5px;'>Conector frontal: LC D\u00faplex<\/li>\n<li style='margin-bottom: 5px;'>Color del adaptador: Azul<\/li>\n<li style='margin-bottom: 5px;'>P\u00e9rdida m\u00e1xima de inserci\u00f3n del conector: 0.35 dB<\/li>\n<li style='margin-bottom: 5px;'>P\u00e9rdida m\u00ednima de retorno del conector: 55 dB<\/li>\n<\/ul><\/div>\n<\/p><\/div>\n<div style='display: flex; flex-wrap: wrap; gap: 20px; margin-bottom: 30px;'>\n<div style='flex: 1 1 250px; border: 1px solid rgba(150&comma; 150&comma; 150&comma; 0.4); border-radius: 8px; overflow: hidden; display: flex; flex-direction: column;'>\n<div style='padding: 15px; border-bottom: 1px solid rgba(150&comma; 150&comma; 150&comma; 0.2); font-weight: bold; font-size: 18px; color: inherit;'>Propiedades de Construcci\u00f3n<\/div>\n<div style='padding: 15px; color: inherit;'>\n<ul style='padding-left: 20px; margin: 0; font-size: 14px; list-style-type: disc;'>\n<li style='margin-bottom: 5px;'>Material de la funda dividida: Cer\u00e1mica de zirconio<\/li>\n<li style='margin-bottom: 5px;'>Temperatura de operaci\u00f3n: 0\u00b0C a +70\u00b0C<\/li>\n<li style='margin-bottom: 5px;'>Temperatura de almacenamiento y transporte: -40\u00b0C a +70\u00b0C<\/li>\n<li style='margin-bottom: 5px;'>Durabilidad: 500 ciclos de conexi\u00f3n<\/li>\n<li style='margin-bottom: 5px;'>Conteo de fibras: 8&comma; 12 y 24<\/li>\n<\/ul><\/div>\n<\/p><\/div>\n<div style='flex: 1 1 250px; border: 1px solid rgba(150&comma; 150&comma; 150&comma; 0.4); border-radius: 8px; overflow: hidden; display: flex; flex-direction: column;'>\n<div style='padding: 15px; border-bottom: 1px solid rgba(150&comma; 150&comma; 150&comma; 0.2); font-weight: bold; font-size: 18px; color: inherit;'>Conectores<\/div>\n<div style='padding: 15px; color: inherit;'>\n<ul style='padding-left: 20px; margin: 0; font-size: 14px; list-style-type: disc;'>\n<li style='margin-bottom: 5px;'>Conectores delanteros: LC D\u00faplex (Obturadores)<\/li>\n<li style='margin-bottom: 5px;'>Conectores traseros: Adaptador MPO<\/li>\n<li style='margin-bottom: 5px;'>Cumplen con: TIA\/EIA-568C.3 A.4.9<\/li>\n<\/ul><\/div>\n<\/p><\/div>\n<div style='flex: 1 1 250px; border: 1px solid rgba(150&comma; 150&comma; 150&comma; 0.4); border-radius: 8px; overflow: hidden; display: flex; flex-direction: column;'>\n<div style='padding: 15px; border-bottom: 1px solid rgba(150&comma; 150&comma; 150&comma; 0.2); font-weight: bold; font-size: 18px; color: inherit;'>Est\u00e1ndares<\/div>\n<div style='padding: 15px; color: inherit;'>\n<ul style='padding-left: 20px; margin: 0; font-size: 14px; list-style-type: disc;'>\n<li style='margin-bottom: 5px;'>ISO\/IEC 11801<\/li>\n<li style='margin-bottom: 5px;'>ANSI\/TIA-568-C.3<\/li>\n<li style='margin-bottom: 5px;'>TIA-604-5 (FOCIS-5)<\/li>\n<li style='margin-bottom: 5px;'>TIA-604-10 (FOCIS-10)<\/li>\n<li style='margin-bottom: 5px;'>Cumple con RoHS<\/li>\n<\/ul><\/div>\n<\/p><\/div>\n<\/p><\/div>\n<div style='display: flex; flex-wrap: wrap; gap: 20px; margin-bottom: 30px;'>\n<div style='flex: 1 1 250px; border: 1px solid rgba(150&comma; 150&comma; 150&comma; 0.4); border-radius: 8px; overflow: hidden; display: flex; flex-direction: column;'>\n<div style='padding: 15px; border-bottom: 1px solid rgba(150&comma; 150&comma; 150&comma; 0.2); font-weight: bold; font-size: 18px; color: inherit;'>P\u00e9rdidas de Inserci\u00f3n<\/div>\n<div style='padding: 15px; color: inherit;'>\n<ul style='padding-left: 20px; margin: 0; font-size: 14px; list-style-type: disc;'>\n<li style='margin-bottom: 5px;'>Cassette est\u00e1ndar: 0.35 dB<\/li>\n<li style='margin-bottom: 5px;'>Cassette de empalme con p\u00e9rdida est\u00e1ndar: 0.15 dB<\/li>\n<li style='margin-bottom: 5px;'>Cassette de empalme con ultra baja p\u00e9rdida: 0.10 dB<\/li>\n<\/ul><\/div>\n<\/p><\/div>\n<div style='flex: 1 1 250px; border: 1px solid rgba(150&comma; 150&comma; 150&comma; 0.4); border-radius: 8px; overflow: hidden; display: flex; flex-direction: column;'>\n<div style='padding: 15px; border-bottom: 1px solid rgba(150&comma; 150&comma; 150&comma; 0.2); font-weight: bold; font-size: 18px; color: inherit;'>P\u00e9rdidas de Retorno<\/div>\n<div style='padding: 15px; color: inherit;'>\n<ul style='padding-left: 20px; margin: 0; font-size: 14px; list-style-type: disc;'>\n<li style='margin-bottom: 5px;'>>26dB (OM3\/OM4) \u2013 LC&comma; SC<\/li>\n<li style='margin-bottom: 5px;'>>55dB (OS1\/OS2) \u2013 LC&comma; SC<\/li>\n<li style='margin-bottom: 5px;'>>65dB (OS1\/OS2) \u2013 LC\/APC&comma; SC\/APC<\/li>\n<\/ul><\/div>\n<\/p><\/div>\n<div style='flex: 1 1 250px; border: 1px solid rgba(150&comma; 150&comma; 150&comma; 0.4); border-radius: 8px; overflow: hidden; display: flex; flex-direction: column;'>\n<div style='padding: 15px; border-bottom: 1px solid rgba(150&comma; 150&comma; 150&comma; 0.2); font-weight: bold; font-size: 18px; color: inherit;'>Modelos Relacionados<\/div>\n<div style='padding: 15px; color: inherit;'>\n<ul style='padding-left: 20px; margin: 0; font-size: 14px; list-style-type: disc;'>\n<li style='margin-bottom: 5px;'>FHC9N-12-10AS (Polaridad A&comma; M\u00e9todo A)<\/li>\n<li style='margin-bottom: 5px;'>FHC9N-12-10AF (Polaridad A modificada&comma; par invertido)<\/li>\n<li style='margin-bottom: 5px;'>FHC9N-12-10U (Polaridad B)<\/li>\n<\/ul><\/div>\n<\/p><\/div>\n<\/p><\/div>\n<hr style='border: 0; border-top: 1px solid rgba(150&comma; 150&comma; 150&comma; 0.3); margin: 30px 0;'> <\/div>\n","protected":false},"excerpt":{"rendered":"<p>Cassette HD Flex? Con 6 Puertos LC Duplex (12 Fibras), Para Fibra Monomodo OS2, Color Azul<\/p>\n","protected":false},"featured_media":17582,"comment_status":"open","ping_status":"closed","template":"","meta":[],"product_brand":[],"product_cat":[621],"product_tag":[622,611,445],"class_list":{"0":"post-17583","1":"product","2":"type-product","3":"status-publish","4":"has-post-thumbnail","6":"product_cat-distribuidores-de-fibra-optica","7":"product_tag-distribuidores-de-fibra-optica","8":"product_tag-fibra-optica","9":"product_tag-panduit","11":"first","12":"outofstock","13":"sale","14":"shipping-taxable","15":"purchasable","16":"product-type-simple"},"_links":{"self":[{"href":"https:\/\/soydeaqui.ddns.net\/pachuca\/index.php\/wp-json\/wp\/v2\/product\/17583","targetHints":{"allow":["GET"]}}],"collection":[{"href":"https:\/\/soydeaqui.ddns.net\/pachuca\/index.php\/wp-json\/wp\/v2\/product"}],"about":[{"href":"https:\/\/soydeaqui.ddns.net\/pachuca\/index.php\/wp-json\/wp\/v2\/types\/product"}],"replies":[{"embeddable":true,"href":"https:\/\/soydeaqui.ddns.net\/pachuca\/index.php\/wp-json\/wp\/v2\/comments?post=17583"}],"wp:featuredmedia":[{"embeddable":true,"href":"https:\/\/soydeaqui.ddns.net\/pachuca\/index.php\/wp-json\/wp\/v2\/media\/17582"}],"wp:attachment":[{"href":"https:\/\/soydeaqui.ddns.net\/pachuca\/index.php\/wp-json\/wp\/v2\/media?parent=17583"}],"wp:term":[{"taxonomy":"product_brand","embeddable":true,"href":"https:\/\/soydeaqui.ddns.net\/pachuca\/index.php\/wp-json\/wp\/v2\/product_brand?post=17583"},{"taxonomy":"product_cat","embeddable":true,"href":"https:\/\/soydeaqui.ddns.net\/pachuca\/index.php\/wp-json\/wp\/v2\/product_cat?post=17583"},{"taxonomy":"product_tag","embeddable":true,"href":"https:\/\/soydeaqui.ddns.net\/pachuca\/index.php\/wp-json\/wp\/v2\/product_tag?post=17583"}],"curies":[{"name":"wp","href":"https:\/\/api.w.org\/{rel}","templated":true}]}}