{"id":1744,"date":"2026-03-18T05:49:26","date_gmt":"2026-03-18T05:49:26","guid":{"rendered":"https:\/\/soydeaqui.ddns.net\/pachuca\/index.php\/producto\/kit-de-10-comunicadores-de-alarma-mini012g-con-antena-2g-incluyen-1-ano-de-cobertura-aplicacion-gratuita-cero-configuracion-compatible-honeywell-dsc-crow-pima\/"},"modified":"2026-03-18T05:49:26","modified_gmt":"2026-03-18T05:49:26","slug":"kit-de-10-comunicadores-de-alarma-mini012g-con-antena-2g-incluyen-1-ano-de-cobertura-aplicacion-gratuita-cero-configuracion-compatible-honeywell-dsc-crow-pima","status":"publish","type":"product","link":"https:\/\/soydeaqui.ddns.net\/pachuca\/index.php\/producto\/kit-de-10-comunicadores-de-alarma-mini012g-con-antena-2g-incluyen-1-ano-de-cobertura-aplicacion-gratuita-cero-configuracion-compatible-honeywell-dsc-crow-pima\/","title":{"rendered":"KIt de 10 Comunicadores de Alarma MINI012G con Antena 2G \/ Incluyen 1 A\u00f1o de Cobertura \/ Aplicaci\u00f3n Gratuita \/ Cero Configuraci\u00f3n \/ Compatible Honeywell\/DSC\/CROW\/PIMA"},"content":{"rendered":"<div style='width: 100%; max-width: 1200px; margin: 0 auto; font-family: sans-serif; line-height: 1.6; color: inherit; background-color: transparent;'>\n<div style='display: flex; flex-direction: column; align-items: center; text-align: center; margin-bottom: 30px;'> <img style='width: 100%; height: auto; border: 1px solid rgba(150&comma;150&comma;150&comma;0.3); border-radius: 8px; max-width: 800px;' src='https:\/\/ftp3.syscom.mx\/usuarios\/vvega\/M2M\/mini012g\/MINI012G - Banner.jpg' alt=''> <img style='width: 100%; height: auto; border: 1px solid rgba(150&comma;150&comma;150&comma;0.3); border-radius: 8px; max-width: 300px; margin-top: 15px;' src='https:\/\/ftp3.syscom.mx\/usuarios\/vvega\/M2M\/mini012g\/MINI012G Nombre.png' alt=''> <\/div>\n<div style='display: flex; flex-direction: column; align-items: center; margin-bottom: 40px;'>\n<h3 style='font-size: 24px; border-bottom: 2px solid currentColor; padding-bottom: 5px; margin-top: 0; color: inherit; opacity: 0.8; max-width: 800px; width: 100%;'>Comunicador de Alarma UNIVERSAL 2G<\/h3>\n<p style='font-size: 16px; max-width: 800px; width: 100%; margin: 20px auto 30px; color: inherit;'> Comunicador Multimarca \u00fanico en el mercado extremadamente peque\u00f1o compatible con el 99% de paneles de alarma para el env\u00edo de eventos y poder armar y desarmar&comma; todo desde una sola aplicaci\u00f3n (RCONTROL)&comma; ideal para convertir tu panel de alarma en un equipo inteligente! <\/p>\n<p style='font-size: 16px; max-width: 800px; width: 100%; margin: 0 auto; color: inherit;'> <strong style='font-size: 18px;'>ESTE KIT INCLUYE 10 COMUNICADORES MODELO MINI012G<\/strong> <\/p>\n<\/p><\/div>\n<div style='display: flex; flex-wrap: wrap; gap: 30px; margin-bottom: 40px;'>\n<div style='flex: 1 1 300px; min-width: 280px;'>\n<div style='border: 1px solid rgba(150&comma;150&comma;150&comma;0.3); border-radius: 8px; overflow: hidden; display: flex; flex-direction: column; height: 100%;'>\n<div style='background-color: rgba(150&comma;150&comma;150&comma;0.1); padding: 15px; border-bottom: 1px solid rgba(150&comma;150&comma;150&comma;0.2);'> <img style='width: 100%; height: auto; border: none; border-radius: 0;' src='https:\/\/ftp3.syscom.mx\/usuarios\/vvega\/M2M\/mini012g\/mini012g.png' alt=''> <\/div>\n<div style='padding: 15px; flex-grow: 1; display: flex; flex-direction: column;'>\n<h3 style='font-size: 20px; margin-top: 0; color: inherit; border-bottom: 2px solid #1449b8; padding-bottom: 8px;'>Comunicador LITE 2G<\/h3>\n<h4 style='color: inherit; opacity: 0.7; font-weight: normal; margin-top: 10px; margin-bottom: 15px;'>Principales<\/h4>\n<ul style='padding-left: 20px; font-size: 14px; color: inherit; flex-grow: 1;'>\n<li style='margin-bottom: 8px;'>Extremo Alta Seguridad.<\/li>\n<li style='margin-bottom: 8px;'>SIM Incluido (opera con TELCEL).<\/li>\n<li style='margin-bottom: 8px;'>Incluye 1 A\u00d1O servicio 2G sin Costo.<\/li>\n<li style='margin-bottom: 8px;'>A\u00f1o adicional agregando <a href='https:\/\/www.syscom.mx\/principal\/searchcont?route=VOUCHER1Y-M2M-SERVICES-93423&#038;autodetect=voucher1y' target='_blank' rel='noopener' style='color: #1449b8; text-decoration: none;'>VOUCHER1Y<\/a><\/li>\n<li style='margin-bottom: 8px;'><strong style='color: inherit;'>NOTA:<\/strong> <em style='color: inherit;'>Si el voucher no es renovado dentro del mes correspondiente&comma; el equipo pasara a suspendido y se tendra que adquirir un REACTIVAM2M + VOUCHER1Y<\/em><\/li>\n<\/ul><\/div>\n<\/p><\/div>\n<\/p><\/div>\n<div style='flex: 1 1 300px; min-width: 280px;'>\n<div style='border: 1px solid rgba(150&comma;150&comma;150&comma;0.3); border-radius: 8px; overflow: hidden; display: flex; flex-direction: column; height: 100%;'>\n<div style='background-color: rgba(150&comma;150&comma;150&comma;0.1); padding: 15px; border-bottom: 1px solid rgba(150&comma;150&comma;150&comma;0.2);'> <img style='width: 100%; height: auto; border: none; border-radius: 0;' src='https:\/\/ftp3.syscom.mx\/usuarios\/vvega\/M2M\/mini012g\/Mini012g - RControl.png' alt=''> <\/div>\n<div style='padding: 15px; flex-grow: 1; display: flex; flex-direction: column;'>\n<h3 style='font-size: 20px; margin-top: 0; color: inherit; border-bottom: 2px solid #1449b8; padding-bottom: 8px;'>1 A\u00f1o de Servicio GRATIS<\/h3>\n<h4 style='color: inherit; opacity: 0.7; font-weight: normal; margin-top: 10px; margin-bottom: 15px;'>Aplicacion y Plataforma<\/h4>\n<ul style='padding-left: 20px; font-size: 14px; color: inherit; flex-grow: 1;'>\n<li style='margin-bottom: 8px;'><strong style='color: inherit;'>LOGO<\/strong> Directo en la aplicacion GRATIS!<\/li>\n<li style='margin-bottom: 8px;'><strong style='color: inherit;'>Armado Total y Desarmado<\/strong> desde la APP.<\/li>\n<li style='margin-bottom: 8px;'><strong style='color: inherit;'>Notificaciones PUSH<\/strong> y por correo electronico.<\/li>\n<li style='margin-bottom: 8px;'>Identificacion de usuarios y posibilidad de etiquetado de zonas.<\/li>\n<li style='margin-bottom: 8px;'>Soporta hasta 100 usuarios en la APP con identificacion (quien armo \/desarmo)<\/li>\n<li style='margin-bottom: 8px;'>1 a\u00f1o de Historial de Eventos.<\/li>\n<\/ul><\/div>\n<\/p><\/div>\n<\/p><\/div>\n<div style='flex: 1 1 300px; min-width: 280px;'>\n<div style='border: 1px solid rgba(150&comma;150&comma;150&comma;0.3); border-radius: 8px; overflow: hidden; display: flex; flex-direction: column; height: 100%;'>\n<div style='background-color: rgba(150&comma;150&comma;150&comma;0.1); padding: 15px; border-bottom: 1px solid rgba(150&comma;150&comma;150&comma;0.2);'> <img style='width: 100%; height: auto; border: none; border-radius: 0;' src='https:\/\/ftp3.syscom.mx\/usuarios\/vvega\/M2M\/mini012g\/mini012g.png' alt=''> <\/div>\n<div style='padding: 15px; flex-grow: 1; display: flex; flex-direction: column;'>\n<h3 style='font-size: 20px; margin-top: 0; color: inherit; border-bottom: 2px solid #1449b8; padding-bottom: 8px;'>Peque\u00f1o y Ligero<\/h3>\n<h4 style='color: inherit; opacity: 0.7; font-weight: normal; margin-top: 10px; margin-bottom: 15px;'>Especificaciones Tecnicas<\/h4>\n<ul style='padding-left: 20px; font-size: 14px; color: inherit; flex-grow: 1;'>\n<li style='margin-bottom: 8px;'>GSM\/GPRS Quaq-band<\/li>\n<li style='margin-bottom: 8px;'>Fuente Principal de 7 a 18 Vcc<\/li>\n<li style='margin-bottom: 8px;'>Consumo: 15 mA en espera&comma; pico 200 mA<\/li>\n<li style='margin-bottom: 8px;'>Soporta ContactID \/ SIA<\/li>\n<li style='margin-bottom: 8px;'>Antena: SMA&comma; 50 ohms<\/li>\n<li style='margin-bottom: 8px;'>Dimensiones: 3 x 4.5 x 1.5 cms<\/li>\n<li style='margin-bottom: 8px;'>Peso sin Antena: 25 gr<\/li>\n<\/ul><\/div>\n<\/p><\/div>\n<\/p><\/div>\n<\/p><\/div>\n<div style='display: flex; flex-direction: column; align-items: center; text-align: center; margin: 40px 0;'> <img style='width: 100%; height: auto; border: 1px solid rgba(150&comma;150&comma;150&comma;0.3); border-radius: 8px; max-width: 900px;' src='https:\/\/ftp3.syscom.mx\/usuarios\/vvega\/M2M\/mini012g\/CMS.jpg' alt=''> <\/div>\n<div style='display: flex; flex-direction: column; align-items: center; margin-bottom: 40px;'>\n<h2 style='font-size: 22px; color: #c0392b; margin-top: 0; margin-bottom: 15px; background-color: #ffffff; padding: 10px; border-radius: 5px; text-align: center; display: inline-block;'> Evite traslados Innecesarios con Programaci\u00f3n Remota <\/h2>\n<p style='font-size: 16px; max-width: 800px; width: 100%; margin: 0 auto 15px; color: inherit; text-align: center;'> <strong>Programaci\u00f3n Remota (Compatible con Honeywell<sup>\u00ae<\/sup> y DSC)<\/strong> <\/p>\n<p style='font-size: 16px; max-width: 800px; width: 100%; margin: 0 auto 25px; color: inherit; text-align: center;'> Realizar configuraciones en el panel sin tener que ir al lugar donde est\u00e1 instalado. <\/p>\n<div style='max-width: 800px; width: 100%;'>\n<p style='font-size: 15px; margin-bottom: 15px; color: inherit; text-align: center;'> El t\u00e9cnico \u00fanicamente reemplaza o instala equipos pero la configuraci\u00f3n se realiza remotamente desde la Central (mayor seguridad). <\/p>\n<p style='font-size: 15px; margin-bottom: 15px; color: inherit; text-align: center;'> <strong>Para la programacion remota se requiere:<\/strong> <\/p>\n<p style='font-size: 15px; margin-bottom: 8px; color: inherit; text-align: center;'> <a href='https:\/\/www.syscom.mx\/producto\/UDLSERVICEM2M-M2M-SERVICES-143760.html' target='_blank' rel='noopener' style='color: #1449b8; text-decoration: none;'>UDLSERVICEM2M<\/a>: Anualidad para conexiones ilimitadas a paneles de alarma. <\/p>\n<p style='font-size: 15px; margin-bottom: 8px; color: inherit; text-align: center;'> <a href='https:\/\/www.syscom.mx\/producto\/MN-01RNGR-M2M-SERVICES-143761.html' target='_blank' rel='noopener' style='color: #1449b8; text-decoration: none;'>MN01RNGR<\/a>: Se requiere uno por panel de alarma&comma; es un accesorio del MN02LTEM. <\/p>\n<p style='font-size: 15px; margin-bottom: 15px; color: inherit; text-align: center;'> <a href='https:\/\/www.syscom.mx\/producto\/MODEMVISTA-M2M-SERVICES-143755.html' target='_blank' rel='noopener' style='color: #1449b8; text-decoration: none;'>MODEMVISTA<\/a> o <a href='https:\/\/www.syscom.mx\/producto\/MODEMDSC-M2M-SERVICES-143754.html' target='_blank' rel='noopener' style='color: #1449b8; text-decoration: none;'>MODEMDSC<\/a>: Se requiere uno en la Central en la PC donde realizaremos la configuraci\u00f3n remota. <\/p>\n<\/p><\/div>\n<\/p><\/div>\n<div style='display: flex; flex-direction: column; align-items: center; text-align: center; margin: 40px 0;'> <img style='width: 100%; height: auto; border: 1px solid rgba(150&comma;150&comma;150&comma;0.3); border-radius: 8px; max-width: 900px;' src='https:\/\/ftp3.syscom.mx\/usuarios\/vvega\/M2M\/mini012g\/UDL.jpg' alt=''> <\/div>\n<div style='display: flex; flex-direction: column; align-items: center; text-align: center; margin-top: 30px;'>\n<p style='font-size: 15px; color: inherit; max-width: 800px; width: 100%; margin: 0 auto;'> <strong>NOTA:<\/strong> Estos dispositivos trabajan sobre redes celulares por lo que su operatividad depende de la estabilidad de estos servicios. <\/p>\n<\/p><\/div>\n<\/p><\/div>\n","protected":false},"excerpt":{"rendered":"<p>KIt de 10 Comunicadores de Alarma MINI012G con Antena 2G \/ Incluyen 1 A\u00f1o de Cobertura \/ Aplicaci\u00f3n Gratuita \/ Cero Configuraci\u00f3n \/ Compatible Honeywell\/DSC\/CROW\/PIMA<\/p>\n","protected":false},"featured_media":1743,"comment_status":"open","ping_status":"closed","template":"","meta":[],"product_brand":[],"product_cat":[386],"product_tag":[40,207,188],"class_list":{"0":"post-1744","1":"product","2":"type-product","3":"status-publish","4":"has-post-thumbnail","6":"product_cat-comunicadores-centrales-de-monitoreo","7":"product_tag-centrales-de-monitoreo","8":"product_tag-comunicadores","9":"product_tag-m2m-services","11":"first","12":"instock","13":"sale","14":"shipping-taxable","15":"purchasable","16":"product-type-simple"},"_links":{"self":[{"href":"https:\/\/soydeaqui.ddns.net\/pachuca\/index.php\/wp-json\/wp\/v2\/product\/1744","targetHints":{"allow":["GET"]}}],"collection":[{"href":"https:\/\/soydeaqui.ddns.net\/pachuca\/index.php\/wp-json\/wp\/v2\/product"}],"about":[{"href":"https:\/\/soydeaqui.ddns.net\/pachuca\/index.php\/wp-json\/wp\/v2\/types\/product"}],"replies":[{"embeddable":true,"href":"https:\/\/soydeaqui.ddns.net\/pachuca\/index.php\/wp-json\/wp\/v2\/comments?post=1744"}],"wp:featuredmedia":[{"embeddable":true,"href":"https:\/\/soydeaqui.ddns.net\/pachuca\/index.php\/wp-json\/wp\/v2\/media\/1743"}],"wp:attachment":[{"href":"https:\/\/soydeaqui.ddns.net\/pachuca\/index.php\/wp-json\/wp\/v2\/media?parent=1744"}],"wp:term":[{"taxonomy":"product_brand","embeddable":true,"href":"https:\/\/soydeaqui.ddns.net\/pachuca\/index.php\/wp-json\/wp\/v2\/product_brand?post=1744"},{"taxonomy":"product_cat","embeddable":true,"href":"https:\/\/soydeaqui.ddns.net\/pachuca\/index.php\/wp-json\/wp\/v2\/product_cat?post=1744"},{"taxonomy":"product_tag","embeddable":true,"href":"https:\/\/soydeaqui.ddns.net\/pachuca\/index.php\/wp-json\/wp\/v2\/product_tag?post=1744"}],"curies":[{"name":"wp","href":"https:\/\/api.w.org\/{rel}","templated":true}]}}